-- Table structure for table `bravo_seo`
--

CREATE TABLE `bravo_seo` (
  `id` bigint(20) UNSIGNED NOT NULL,
  `object_id` int(11) DEFAULT NULL,
  `object_model` varchar(255) DEFAULT NULL,
  `seo_index` tinyint(4) DEFAULT NULL,
  `seo_title` varchar(255) DEFAULT NULL,
  `seo_desc` text DEFAULT NULL,
  `seo_image` int(11) DEFAULT NULL,
  `seo_share` text DEFAULT NULL,
  `create_user` bigint(20) DEFAULT NULL,
  `update_user` bigint(20) DEFAULT NULL,
  `origin_id` bigint(20) DEFAULT NULL,
  `lang` varchar(10) DEFAULT NULL,
  `created_at` timestamp NULL DEFAULT NULL,
  `updated_at` timestamp NULL DEFAULT NULL
) ENGINE=InnoDB DEFAULT CHARSET=utf8mb4 COLLATE=utf8mb4_unicode_ci;

-- --------------------------------------------------------

--
-- Table structure for table `bravo_spaces`
--

CREATE TABLE `bravo_spaces` (
  `id` bigint(20) UNSIGNED NOT NULL,
  `title` varchar(255) DEFAULT NULL,
  `slug` varchar(255) CHARACTER SET utf8 COLLATE utf8_general_ci NOT NULL,
  `content` text DEFAULT NULL,
  `image_id` int(11) DEFAULT NULL,
  `banner_image_id` int(11) DEFAULT NULL,
  `location_id` int(11) DEFAULT NULL,
  `address` varchar(255) DEFAULT NULL,
  `map_lat` varchar(20) DEFAULT NULL,
  `map_lng` varchar(20) DEFAULT NULL,
  `map_zoom` int(11) DEFAULT NULL,
  `is_featured` tinyint(4) DEFAULT NULL,
  `gallery` varchar(255) DEFAULT NULL,
  `video` varchar(255) DEFAULT NULL,
  `faqs` text DEFAULT NULL,
  `price` decimal(12,2) DEFAULT NULL,
  `sale_price` decimal(12,2) DEFAULT NULL,
  `is_instant` tinyint(4) DEFAULT 0,
  `allow_children` tinyint(4) DEFAULT 0,
  `allow_infant` tinyint(4) DEFAULT 0,
  `max_guests` tinyint(4) DEFAULT 0,
  `bed` int(11) DEFAULT NULL,
  `bathroom` int(11) DEFAULT NULL,
  `square` int(11) DEFAULT NULL,
  `enable_extra_price` tinyint(4) DEFAULT NULL,
  `extra_price` text DEFAULT NULL,
  `discount_by_days` text DEFAULT NULL,
  `status` varchar(50) DEFAULT NULL,
  `default_state` tinyint(4) DEFAULT 1,
  `create_user` bigint(20) DEFAULT NULL,
  `update_user` bigint(20) DEFAULT NULL,
  `deleted_at` timestamp NULL DEFAULT NULL,
  `created_at` timestamp NULL DEFAULT NULL,
  `updated_at` timestamp NULL DEFAULT NULL,
  `review_score` decimal(2,1) DEFAULT NULL,
  `ical_import_url` varchar(191) DEFAULT NULL
) ENGINE=InnoDB DEFAULT CHARSET=utf8mb4 COLLATE=utf8mb4_unicode_ci;

--
-- Dumping data for table `bravo_spaces`
--

INSERT INTO `bravo_spaces` (`id`, `title`, `slug`, `content`, `image_id`, `banner_image_id`, `location_id`, `address`, `map_lat`, `map_lng`, `map_zoom`, `is_featured`, `gallery`, `video`, `faqs`, `price`, `sale_price`, `is_instant`, `allow_children`, `allow_infant`, `max_guests`, `bed`, `bathroom`, `square`, `enable_extra_price`, `extra_price`, `discount_by_days`, `status`, `default_state`, `create_user`, `update_user`, `deleted_at`, `created_at`, `updated_at`, `review_score`, `ical_import_url`) VALUES
(1, 'LUXURY STUDIO', 'luxury-studio', '<p>Libero sem vitae sed donec conubia integer nisi integer rhoncus imperdiet orci odio libero est integer a integer tincidunt sollicitudin blandit fusce nibh leo vulputate lobortis egestas dapibus faucibus metus conubia maecenas cras potenti cum hac arcu rhoncus nullam eros dictum torquent integer cursus bibendum sem sociis molestie tellus purus</p><p>Quam fusce convallis ipsum malesuada amet velit aliquam urna nullam vehicula fermentum id morbi dis magnis porta sagittis euismod etiam</p><h4>HIGHLIGHTS</h4><ul><li>Visit the Museum of Modern Art in Manhattan</li><li>See amazing works of contemporary art, including Vincent van Gogh\'s The Starry Night</li><li>Check out Campbell\'s Soup Cans by Warhol and The Dance (I) by Matisse</li><li>Behold masterpieces by Gauguin, Dali, Picasso, and Pollock</li><li>Enjoy free audio guides available in English, French, German, Italian, Spanish, Portuguese</li></ul>', 63, 83, 2, 'Arrondissement de Paris', '51.528564', '-0.203010', 12, 1, '76,77,78,79,80,81,82', 'https://www.youtube.com/watch?v=UfEiKK-iX70', '[{\"title\":\"Check-in time?\",\"content\":\"As a rough guide, the check-in time is after 12 a.m. Let us know your arrival time in case you schedule and early check in we\\u2018ll do our best to have your room available.\"},{\"title\":\"Check-out time?\",\"content\":\"As a rough guide, the check-out time is before 12pm. If you plan a late check out kindly let us know your departure time, we\\u2019ll our best to satisfy your needs.\"},{\"title\":\"Is Reception open 24 hours?\",\"content\":\"Yes, Reception service is available 24 hours.\"},{\"title\":\"Which languages are spoken at Reception?\",\"content\":\"Italian, English, French, German and Spanish.\"},{\"title\":\"Can I leave my luggage?\",\"content\":\"Yes, we can look after your luggage. If at check in your room is not ready yet or in case of early check out after .We will store your luggage free of charge on your check-in and check-out days.\"},{\"title\":\"Internet connection?\",\"content\":\"A wireless internet connection is available throughout the hotel.\\r\\n\\r\\nThe guest rooms feature hi-speed web connectivity (both wireless and cabled).\"}]', '300.00', '771.00', 1, 0, 0, 8, 5, 10, 175, NULL, NULL, NULL, 'publish', 1, 1, NULL, NULL, '2024-01-27 03:40:34', '2024-01-27 03:40:35', '4.4', NULL),
(2, 'LUXURY APARTMENT', 'luxury-apartment', '<p>Libero sem vitae sed donec conubia integer nisi integer rhoncus imperdiet orci odio libero est integer a integer tincidunt sollicitudin blandit fusce nibh leo vulputate lobortis egestas dapibus faucibus metus conubia maecenas cras potenti cum hac arcu rhoncus nullam eros dictum torquent integer cursus bibendum sem sociis molestie tellus purus</p><p>Quam fusce convallis ipsum malesuada amet velit aliquam urna nullam vehicula fermentum id morbi dis magnis porta sagittis euismod etiam</p><h4>HIGHLIGHTS</h4><ul><li>Visit the Museum of Modern Art in Manhattan</li><li>See amazing works of contemporary art, including Vincent van Gogh\'s The Starry Night</li><li>Check out Campbell\'s Soup Cans by Warhol and The Dance (I) by Matisse</li><li>Behold masterpieces by Gauguin, Dali, Picasso, and Pollock</li><li>Enjoy free audio guides available in English, French, German, Italian, Spanish, Portuguese</li></ul>', 64, 84, 3, 'Porte de Vanves', '51.519592', '-0.226346', 12, 0, '76,77,78,79,80,81,82', 'https://www.youtube.com/watch?v=UfEiKK-iX70', '[{\"title\":\"Check-in time?\",\"content\":\"As a rough guide, the check-in time is after 12 a.m. Let us know your arrival time in case you schedule and early check in we\\u2018ll do our best to have your room available.\"},{\"title\":\"Check-out time?\",\"content\":\"As a rough guide, the check-out time is before 12pm. If you plan a late check out kindly let us know your departure time, we\\u2019ll our best to satisfy your needs.\"},{\"title\":\"Is Reception open 24 hours?\",\"content\":\"Yes, Reception service is available 24 hours.\"},{\"title\":\"Which languages are spoken at Reception?\",\"content\":\"Italian, English, French, German and Spanish.\"},{\"title\":\"Can I leave my luggage?\",\"content\":\"Yes, we can look after your luggage. If at check in your room is not ready yet or in case of early check out after .We will store your luggage free of charge on your check-in and check-out days.\"},{\"title\":\"Internet connection?\",\"content\":\"A wireless internet connection is available throughout the hotel.\\r\\n\\r\\nThe guest rooms feature hi-speed web connectivity (both wireless and cabled).\"}]', '900.00', '0.00', 0, 0, 0, 8, 3, 1, 158, NULL, NULL, NULL, 'publish', 1, 1, NULL, NULL, '2024-01-27 03:40:34', '2024-01-27 03:40:35', '4.0', NULL),
(3, 'BEAUTIFUL LOFT', 'beautiful-loft', '<p>Libero sem vitae sed donec conubia integer nisi integer rhoncus imperdiet orci odio libero est integer a integer tincidunt sollicitudin blandit fusce nibh leo vulputate lobortis egestas dapibus faucibus metus conubia maecenas cras potenti cum hac arcu rhoncus nullam eros dictum torquent integer cursus bibendum sem sociis molestie tellus purus</p><p>Quam fusce convallis ipsum malesuada amet velit aliquam urna nullam vehicula fermentum id morbi dis magnis porta sagittis euismod etiam</p><h4>HIGHLIGHTS</h4><ul><li>Visit the Museum of Modern Art in Manhattan</li><li>See amazing works of contemporary art, including Vincent van Gogh\'s The Starry Night</li><li>Check out Campbell\'s Soup Cans by Warhol and The Dance (I) by Matisse</li><li>Behold masterpieces by Gauguin, Dali, Picasso, and Pollock</li><li>Enjoy free audio guides available in English, French, German, Italian, Spanish, Portuguese</li></ul>', 65, 83, 3, 'Porte de Vanves', '51.461875', '-0.211246', 12, 0, '76,77,78,79,80,81,82', 'https://www.youtube.com/watch?v=UfEiKK-iX70', '[{\"title\":\"Check-in time?\",\"content\":\"As a rough guide, the check-in time is after 12 a.m. Let us know your arrival time in case you schedule and early check in we\\u2018ll do our best to have your room available.\"},{\"title\":\"Check-out time?\",\"content\":\"As a rough guide, the check-out time is before 12pm. If you plan a late check out kindly let us know your departure time, we\\u2019ll our best to satisfy your needs.\"},{\"title\":\"Is Reception open 24 hours?\",\"content\":\"Yes, Reception service is available 24 hours.\"},{\"title\":\"Which languages are spoken at Reception?\",\"content\":\"Italian, English, French, German and Spanish.\"},{\"title\":\"Can I leave my luggage?\",\"content\":\"Yes, we can look after your luggage. If at check in your room is not ready yet or in case of early check out after .We will store your luggage free of charge on your check-in and check-out days.\"},{\"title\":\"Internet connection?\",\"content\":\"A wireless internet connection is available throughout the hotel.\\r\\n\\r\\nThe guest rooms feature hi-speed web connectivity (both wireless and cabled).\"}]', '650.00', '0.00', 0, 0, 0, 7, 3, 7, 162, NULL, NULL, NULL, 'publish', 1, 5, NULL, NULL, '2024-01-27 03:40:34', '2024-01-27 03:40:35', '4.7', NULL),
(4, 'BEST OF WEST VILLAGE', 'best-of-west-village', '<p>Libero sem vitae sed donec conubia integer nisi integer rhoncus imperdiet orci odio libero est integer a integer tincidunt sollicitudin blandit fusce nibh leo vulputate lobortis egestas dapibus faucibus metus conubia maecenas cras potenti cum hac arcu rhoncus nullam eros dictum torquent integer cursus bibendum sem sociis molestie tellus purus</p><p>Quam fusce convallis ipsum malesuada amet velit aliquam urna nullam vehicula fermentum id morbi dis magnis porta sagittis euismod etiam</p><h4>HIGHLIGHTS</h4><ul><li>Visit the Museum of Modern Art in Manhattan</li><li>See amazing works of contemporary art, including Vincent van Gogh\'s The Starry Night</li><li>Check out Campbell\'s Soup Cans by Warhol and The Dance (I) by Matisse</li><li>Behold masterpieces by Gauguin, Dali, Picasso, and Pollock</li><li>Enjoy free audio guides available in English, French, German, Italian, Spanish, Portuguese</li></ul>', 66, 83, 4, 'Porte de Vanves', '51.427638', '-0.170752', 12, 1, '76,77,78,79,80,81,82', 'https://www.youtube.com/watch?v=UfEiKK-iX70', '[{\"title\":\"Check-in time?\",\"content\":\"As a rough guide, the check-in time is after 12 a.m. Let us know your arrival time in case you schedule and early check in we\\u2018ll do our best to have your room available.\"},{\"title\":\"Check-out time?\",\"content\":\"As a rough guide, the check-out time is before 12pm. If you plan a late check out kindly let us know your departure time, we\\u2019ll our best to satisfy your needs.\"},{\"title\":\"Is Reception open 24 hours?\",\"content\":\"Yes, Reception service is available 24 hours.\"},{\"title\":\"Which languages are spoken at Reception?\",\"content\":\"Italian, English, French, German and Spanish.\"},{\"title\":\"Can I leave my luggage?\",\"content\":\"Yes, we can look after your luggage. If at check in your room is not ready yet or in case of early check out after .We will store your luggage free of charge on your check-in and check-out days.\"},{\"title\":\"Internet connection?\",\"content\":\"A wireless internet connection is available throughout the hotel.\\r\\n\\r\\nThe guest rooms feature hi-speed web connectivity (both wireless and cabled).\"}]', '800.00', '0.00', 1, 0, 0, 7, 6, 10, 149, NULL, NULL, NULL, 'publish', 1, 5, NULL, NULL, '2024-01-27 03:40:34', '2024-01-27 03:40:35', '5.0', NULL),
(5, 'DUPLEX GREENWICH', 'duplex-greenwich', '<p>Libero sem vitae sed donec conubia integer nisi integer rhoncus imperdiet orci odio libero est integer a integer tincidunt sollicitudin blandit fusce nibh leo vulputate lobortis egestas dapibus faucibus metus conubia maecenas cras potenti cum hac arcu rhoncus nullam eros dictum torquent integer cursus bibendum sem sociis molestie tellus purus</p><p>Quam fusce convallis ipsum malesuada amet velit aliquam urna nullam vehicula fermentum id morbi dis magnis porta sagittis euismod etiam</p><h4>HIGHLIGHTS</h4><ul><li>Visit the Museum of Modern Art in Manhattan</li><li>See amazing works of contemporary art, including Vincent van Gogh\'s The Starry Night</li><li>Check out Campbell\'s Soup Cans by Warhol and The Dance (I) by Matisse</li><li>Behold masterpieces by Gauguin, Dali, Picasso, and Pollock</li><li>Enjoy free audio guides available in English, French, German, Italian, Spanish, Portuguese</li></ul>', 67, 85, 1, 'Porte de Vanves', '51.442192', '-0.043778', 12, 1, '76,77,78,79,80,81,82', 'https://www.youtube.com/watch?v=UfEiKK-iX70', '[{\"title\":\"Check-in time?\",\"content\":\"As a rough guide, the check-in time is after 12 a.m. Let us know your arrival time in case you schedule and early check in we\\u2018ll do our best to have your room available.\"},{\"title\":\"Check-out time?\",\"content\":\"As a rough guide, the check-out time is before 12pm. If you plan a late check out kindly let us know your departure time, we\\u2019ll our best to satisfy your needs.\"},{\"title\":\"Is Reception open 24 hours?\",\"content\":\"Yes, Reception service is available 24 hours.\"},{\"title\":\"Which languages are spoken at Reception?\",\"content\":\"Italian, English, French, German and Spanish.\"},{\"title\":\"Can I leave my luggage?\",\"content\":\"Yes, we can look after your luggage. If at check in your room is not ready yet or in case of early check out after .We will store your luggage free of charge on your check-in and check-out days.\"},{\"title\":\"Internet connection?\",\"content\":\"A wireless internet connection is available throughout the hotel.\\r\\n\\r\\nThe guest rooms feature hi-speed web connectivity (both wireless and cabled).\"}]', '220.00', '0.00', 1, 0, 0, 9, 4, 1, 113, NULL, NULL, NULL, 'publish', 1, 4, NULL, NULL, '2024-01-27 03:40:34', '2024-01-27 03:40:35', '4.7', NULL),
(6, 'THE MEATPACKING SUITES', 'the-meatpacking-suites', '<p>Libero sem vitae sed donec conubia integer nisi integer rhoncus imperdiet orci odio libero est integer a integer tincidunt sollicitudin blandit fusce nibh leo vulputate lobortis egestas dapibus faucibus metus conubia maecenas cras potenti cum hac arcu rhoncus nullam eros dictum torquent integer cursus bibendum sem sociis molestie tellus purus</p><p>Quam fusce convallis ipsum malesuada amet velit aliquam urna nullam vehicula fermentum id morbi dis magnis porta sagittis euismod etiam</p><h4>HIGHLIGHTS</h4><ul><li>Visit the Museum of Modern Art in Manhattan</li><li>See amazing works of contemporary art, including Vincent van Gogh\'s The Starry Night</li><li>Check out Campbell\'s Soup Cans by Warhol and The Dance (I) by Matisse</li><li>Behold masterpieces by Gauguin, Dali, Picasso, and Pollock</li><li>Enjoy free audio guides available in English, French, German, Italian, Spanish, Portuguese</li></ul>', 68, 84, 1, 'Porte de Vanves', '51.475135', '0.003592', 12, 1, '76,77,78,79,80,81,82', 'https://www.youtube.com/watch?v=UfEiKK-iX70', '[{\"title\":\"Check-in time?\",\"content\":\"As a rough guide, the check-in time is after 12 a.m. Let us know your arrival time in case you schedule and early check in we\\u2018ll do our best to have your room available.\"},{\"title\":\"Check-out time?\",\"content\":\"As a rough guide, the check-out time is before 12pm. If you plan a late check out kindly let us know your departure time, we\\u2019ll our best to satisfy your needs.\"},{\"title\":\"Is Reception open 24 hours?\",\"content\":\"Yes, Reception service is available 24 hours.\"},{\"title\":\"Which languages are spoken at Reception?\",\"content\":\"Italian, English, French, German and Spanish.\"},{\"title\":\"Can I leave my luggage?\",\"content\":\"Yes, we can look after your luggage. If at check in your room is not ready yet or in case of early check out after .We will store your luggage free of charge on your check-in and check-out days.\"},{\"title\":\"Internet connection?\",\"content\":\"A wireless internet connection is available throughout the hotel.\\r\\n\\r\\nThe guest rooms feature hi-speed web connectivity (both wireless and cabled).\"}]', '320.00', '0.00', 1, 0, 0, 9, 8, 5, 115, NULL, NULL, NULL, 'publish', 1, 5, NULL, NULL, '2024-01-27 03:40:34', '2024-01-27 03:40:35', '4.5', NULL),
(7, 'EAST VILLAGE', 'east-village', '<p>Libero sem vitae sed donec conubia integer nisi integer rhoncus imperdiet orci odio libero est integer a integer tincidunt sollicitudin blandit fusce nibh leo vulputate lobortis egestas dapibus faucibus metus conubia maecenas cras potenti cum hac arcu rhoncus nullam eros dictum torquent integer cursus bibendum sem sociis molestie tellus purus</p><p>Quam fusce convallis ipsum malesuada amet velit aliquam urna nullam vehicula fermentum id morbi dis magnis porta sagittis euismod etiam</p><h4>HIGHLIGHTS</h4><ul><li>Visit the Museum of Modern Art in Manhattan</li><li>See amazing works of contemporary art, including Vincent van Gogh\'s The Starry Night</li><li>Check out Campbell\'s Soup Cans by Warhol and The Dance (I) by Matisse</li><li>Behold masterpieces by Gauguin, Dali, Picasso, and Pollock</li><li>Enjoy free audio guides available in English, French, German, Italian, Spanish, Portuguese</li></ul>', 69, 84, 1, 'Porte de Vanves', '51.524292', '-0.022489', 12, 1, '76,77,78,79,80,81,82', 'https://www.youtube.com/watch?v=UfEiKK-iX70', '[{\"title\":\"Check-in time?\",\"content\":\"As a rough guide, the check-in time is after 12 a.m. Let us know your arrival time in case you schedule and early check in we\\u2018ll do our best to have your room available.\"},{\"title\":\"Check-out time?\",\"content\":\"As a rough guide, the check-out time is before 12pm. If you plan a late check out kindly let us know your departure time, we\\u2019ll our best to satisfy your needs.\"},{\"title\":\"Is Reception open 24 hours?\",\"content\":\"Yes, Reception service is available 24 hours.\"},{\"title\":\"Which languages are spoken at Reception?\",\"content\":\"Italian, English, French, German and Spanish.\"},{\"title\":\"Can I leave my luggage?\",\"content\":\"Yes, we can look after your luggage. If at check in your room is not ready yet or in case of early check out after .We will store your luggage free of charge on your check-in and check-out days.\"},{\"title\":\"Internet connection?\",\"content\":\"A wireless internet connection is available throughout the hotel.\\r\\n\\r\\nThe guest rooms feature hi-speed web connectivity (both wireless and cabled).\"}]', '300.00', '260.00', 0, 0, 0, 10, 4, 2, 183, NULL, NULL, NULL, 'publish', 1, 4, NULL, NULL, '2024-01-27 03:40:34', '2024-01-27 03:40:35', '4.7', NULL),
(8, 'PARIS GREENWICH VILLA', 'paris-greenwich-villa', '<p>Libero sem vitae sed donec conubia integer nisi integer rhoncus imperdiet orci odio libero est integer a integer tincidunt sollicitudin blandit fusce nibh leo vulputate lobortis egestas dapibus faucibus metus conubia maecenas cras potenti cum hac arcu rhoncus nullam eros dictum torquent integer cursus bibendum sem sociis molestie tellus purus</p><p>Quam fusce convallis ipsum malesuada amet velit aliquam urna nullam vehicula fermentum id morbi dis magnis porta sagittis euismod etiam</p><h4>HIGHLIGHTS</h4><ul><li>Visit the Museum of Modern Art in Manhattan</li><li>See amazing works of contemporary art, including Vincent van Gogh\'s The Starry Night</li><li>Check out Campbell\'s Soup Cans by Warhol and The Dance (I) by Matisse</li><li>Behold masterpieces by Gauguin, Dali, Picasso, and Pollock</li><li>Enjoy free audio guides available in English, French, German, Italian, Spanish, Portuguese</li></ul>', 70, 85, 1, 'Porte de Vanves', '51.556749', '-0.091124', 12, 0, '76,77,78,79,80,81,82', 'https://www.youtube.com/watch?v=UfEiKK-iX70', '[{\"title\":\"Check-in time?\",\"content\":\"As a rough guide, the check-in time is after 12 a.m. Let us know your arrival time in case you schedule and early check in we\\u2018ll do our best to have your room available.\"},{\"title\":\"Check-out time?\",\"content\":\"As a rough guide, the check-out time is before 12pm. If you plan a late check out kindly let us know your departure time, we\\u2019ll our best to satisfy your needs.\"},{\"title\":\"Is Reception open 24 hours?\",\"content\":\"Yes, Reception service is available 24 hours.\"},{\"title\":\"Which languages are spoken at Reception?\",\"content\":\"Italian, English, French, German and Spanish.\"},{\"title\":\"Can I leave my luggage?\",\"content\":\"Yes, we can look after your luggage. If at check in your room is not ready yet or in case of early check out after .We will store your luggage free of charge on your check-in and check-out days.\"},{\"title\":\"Internet connection?\",\"content\":\"A wireless internet connection is available throughout the hotel.\\r\\n\\r\\nThe guest rooms feature hi-speed web connectivity (both wireless and cabled).\"}]', '500.00', '0.00', 1, 0, 0, 8, 4, 8, 103, NULL, NULL, NULL, 'publish', 1, 6, NULL, NULL, '2024-01-27 03:40:34', '2024-01-27 03:40:35', '4.7', NULL),
(9, 'LUXURY SINGLE', 'luxury-single', '<p>Libero sem vitae sed donec conubia integer nisi integer rhoncus imperdiet orci odio libero est integer a integer tincidunt sollicitudin blandit fusce nibh leo vulputate lobortis egestas dapibus faucibus metus conubia maecenas cras potenti cum hac arcu rhoncus nullam eros dictum torquent integer cursus bibendum sem sociis molestie tellus purus</p><p>Quam fusce convallis ipsum malesuada amet velit aliquam urna nullam vehicula fermentum id morbi dis magnis porta sagittis euismod etiam</p><h4>HIGHLIGHTS</h4><ul><li>Visit the Museum of Modern Art in Manhattan</li><li>See amazing works of contemporary art, including Vincent van Gogh\'s The Starry Night</li><li>Check out Campbell\'s Soup Cans by Warhol and The Dance (I) by Matisse</li><li>Behold masterpieces by Gauguin, Dali, Picasso, and Pollock</li><li>Enjoy free audio guides available in English, French, German, Italian, Spanish, Portuguese</li></ul>', 71, 85, 1, 'Porte de Vanves', '51.569555', '0.012563', 12, 0, '76,77,78,79,80,81,82', 'https://www.youtube.com/watch?v=UfEiKK-iX70', '[{\"title\":\"Check-in time?\",\"content\":\"As a rough guide, the check-in time is after 12 a.m. Let us know your arrival time in case you schedule and early check in we\\u2018ll do our best to have your room available.\"},{\"title\":\"Check-out time?\",\"content\":\"As a rough guide, the check-out time is before 12pm. If you plan a late check out kindly let us know your departure time, we\\u2019ll our best to satisfy your needs.\"},{\"title\":\"Is Reception open 24 hours?\",\"content\":\"Yes, Reception service is available 24 hours.\"},{\"title\":\"Which languages are spoken at Reception?\",\"content\":\"Italian, English, French, German and Spanish.\"},{\"title\":\"Can I leave my luggage?\",\"content\":\"Yes, we can look after your luggage. If at check in your room is not ready yet or in case of early check out after .We will store your luggage free of charge on your check-in and check-out days.\"},{\"title\":\"Internet connection?\",\"content\":\"A wireless internet connection is available throughout the hotel.\\r\\n\\r\\nThe guest rooms feature hi-speed web connectivity (both wireless and cabled).\"}]', '400.00', '350.00', 0, 0, 0, 8, 4, 2, 138, NULL, NULL, NULL, 'publish', 1, 4, NULL, NULL, '2024-01-27 03:40:34', '2024-01-27 03:40:35', '5.0', NULL),
(10, 'LILY DALE VILLAGE', 'lily-dale-village', '<p>Libero sem vitae sed donec conubia integer nisi integer rhoncus imperdiet orci odio libero est integer a integer tincidunt sollicitudin blandit fusce nibh leo vulputate lobortis egestas dapibus faucibus metus conubia maecenas cras potenti cum hac arcu rhoncus nullam eros dictum torquent integer cursus bibendum sem sociis molestie tellus purus</p><p>Quam fusce convallis ipsum malesuada amet velit aliquam urna nullam vehicula fermentum id morbi dis magnis porta sagittis euismod etiam</p><h4>HIGHLIGHTS</h4><ul><li>Visit the Museum of Modern Art in Manhattan</li><li>See amazing works of contemporary art, including Vincent van Gogh\'s The Starry Night</li><li>Check out Campbell\'s Soup Cans by Warhol and The Dance (I) by Matisse</li><li>Behold masterpieces by Gauguin, Dali, Picasso, and Pollock</li><li>Enjoy free audio guides available in English, French, German, Italian, Spanish, Portuguese</li></ul>', 72, 85, 1, 'Porte de Vanves', '51.517883', '-0.134314', 12, 1, '76,77,78,79,80,81,82', 'https://www.youtube.com/watch?v=UfEiKK-iX70', '[{\"title\":\"Check-in time?\",\"content\":\"As a rough guide, the check-in time is after 12 a.m. Let us know your arrival time in case you schedule and early check in we\\u2018ll do our best to have your room available.\"},{\"title\":\"Check-out time?\",\"content\":\"As a rough guide, the check-out time is before 12pm. If you plan a late check out kindly let us know your departure time, we\\u2019ll our best to satisfy your needs.\"},{\"title\":\"Is Reception open 24 hours?\",\"content\":\"Yes, Reception service is available 24 hours.\"},{\"title\":\"Which languages are spoken at Reception?\",\"content\":\"Italian, English, French, German and Spanish.\"},{\"title\":\"Can I leave my luggage?\",\"content\":\"Yes, we can look after your luggage. If at check in your room is not ready yet or in case of early check out after .We will store your luggage free of charge on your check-in and check-out days.\"},{\"title\":\"Internet connection?\",\"content\":\"A wireless internet connection is available throughout the hotel.\\r\\n\\r\\nThe guest rooms feature hi-speed web connectivity (both wireless and cabled).\"}]', '250.00', '0.00', 1, 0, 0, 8, 7, 2, 121, NULL, NULL, NULL, 'publish', 1, 1, NULL, NULL, '2024-01-27 03:40:34', '2024-01-27 03:40:35', '5.0', NULL),
(11, 'STAY GREENWICH VILLAGE', 'stay-greenwich-village', '<p>Libero sem vitae sed donec conubia integer nisi integer rhoncus imperdiet orci odio libero est integer a integer tincidunt sollicitudin blandit fusce nibh leo vulputate lobortis egestas dapibus faucibus metus conubia maecenas cras potenti cum hac arcu rhoncus nullam eros dictum torquent integer cursus bibendum sem sociis molestie tellus purus</p><p>Quam fusce convallis ipsum malesuada amet velit aliquam urna nullam vehicula fermentum id morbi dis magnis porta sagittis euismod etiam</p><h4>HIGHLIGHTS</h4><ul><li>Visit the Museum of Modern Art in Manhattan</li><li>See amazing works of contemporary art, including Vincent van Gogh\'s The Starry Night</li><li>Check out Campbell\'s Soup Cans by Warhol and The Dance (I) by Matisse</li><li>Behold masterpieces by Gauguin, Dali, Picasso, and Pollock</li><li>Enjoy free audio guides available in English, French, German, Italian, Spanish, Portuguese</li></ul>', 73, 84, 1, 'Porte de Vanves', '51.514892', '-0.176181', 12, 0, '76,77,78,79,80,81,82', 'https://www.youtube.com/watch?v=UfEiKK-iX70', '[{\"title\":\"Check-in time?\",\"content\":\"As a rough guide, the check-in time is after 12 a.m. Let us know your arrival time in case you schedule and early check in we\\u2018ll do our best to have your room available.\"},{\"title\":\"Check-out time?\",\"content\":\"As a rough guide, the check-out time is before 12pm. If you plan a late check out kindly let us know your departure time, we\\u2019ll our best to satisfy your needs.\"},{\"title\":\"Is Reception open 24 hours?\",\"content\":\"Yes, Reception service is available 24 hours.\"},{\"title\":\"Which languages are spoken at Reception?\",\"content\":\"Italian, English, French, German and Spanish.\"},{\"title\":\"Can I leave my luggage?\",\"content\":\"Yes, we can look after your luggage. If at check in your room is not ready yet or in case of early check out after .We will store your luggage free of charge on your check-in and check-out days.\"},{\"title\":\"Internet connection?\",\"content\":\"A wireless internet connection is available throughout the hotel.\\r\\n\\r\\nThe guest rooms feature hi-speed web connectivity (both wireless and cabled).\"}]', '300.00', '150.00', 1, 0, 0, 8, 9, 10, 133, NULL, NULL, NULL, 'publish', 1, 4, NULL, NULL, '2024-01-27 03:40:34', '2024-01-27 03:40:35', '4.7', NULL);

-- --------------------------------------------------------

--
-- Table structure for table `bravo_space_dates`
--

CREATE TABLE `bravo_space_dates` (
  `id` bigint(20) UNSIGNED NOT NULL,
  `target_id` bigint(20) DEFAULT NULL,
  `start_date` timestamp NULL DEFAULT NULL,
  `end_date` timestamp NULL DEFAULT NULL,
  `price` decimal(12,2) DEFAULT NULL,
  `max_guests` tinyint(4) DEFAULT NULL,
  `active` tinyint(4) DEFAULT 0,
  `note_to_customer` text DEFAULT NULL,
  `note_to_admin` text DEFAULT NULL,
  `is_instant` tinyint(4) DEFAULT 0,
  `create_user` bigint(20) DEFAULT NULL,
  `update_user` bigint(20) DEFAULT NULL,
  `created_at` timestamp NULL DEFAULT NULL,
  `updated_at` timestamp NULL DEFAULT NULL
) ENGINE=InnoDB DEFAULT CHARSET=utf8mb4 COLLATE=utf8mb4_unicode_ci;

-- --------------------------------------------------------

--
-- Table structure for table `bravo_space_term`
--

CREATE TABLE `bravo_space_term` (
  `id` bigint(20) UNSIGNED NOT NULL,
  `term_id` int(11) DEFAULT NULL,
  `target_id` int(11) DEFAULT NULL,
  `create_user` bigint(20) DEFAULT NULL,
  `update_user` bigint(20) DEFAULT NULL,
  `created_at` timestamp NULL DEFAULT NULL,
  `updated_at` timestamp NULL DEFAULT NULL
) ENGINE=InnoDB DEFAULT CHARSET=utf8mb4 COLLATE=utf8mb4_unicode_ci;

--
-- Dumping data for table `bravo_space_term`
--

INSERT INTO `bravo_space_term` (`id`, `term_id`, `target_id`, `create_user`, `update_user`, `created_at`, `updated_at`) VALUES
(1, 26, 1, NULL, NULL, '2024-01-27 03:40:34', '2024-01-27 03:40:34'),
(2, 28, 1, NULL, NULL, '2024-01-27 03:40:34', '2024-01-27 03:40:34'),
(3, 29, 1, NULL, NULL, '2024-01-27 03:40:34', '2024-01-27 03:40:34'),
(4, 30, 1, NULL, NULL, '2024-01-27 03:40:34', '2024-01-27 03:40:34'),
(5, 31, 1, NULL, NULL, '2024-01-27 03:40:34', '2024-01-27 03:40:34'),
(6, 26, 2, NULL, NULL, '2024-01-27 03:40:34', '2024-01-27 03:40:34'),
(7, 27, 2, NULL, NULL, '2024-01-27 03:40:34', '2024-01-27 03:40:34'),
(8, 28, 2, NULL, NULL, '2024-01-27 03:40:34', '2024-01-27 03:40:34'),
(9, 30, 2, NULL, NULL, '2024-01-27 03:40:34', '2024-01-27 03:40:34'),
(10, 26, 3, NULL, NULL, '2024-01-27 03:40:34', '2024-01-27 03:40:34'),
(11, 27, 3, NULL, NULL, '2024-01-27 03:40:34', '2024-01-27 03:40:34'),
(12, 28, 3, NULL, NULL, '2024-01-27 03:40:34', '2024-01-27 03:40:34'),
(13, 30, 3, NULL, NULL, '2024-01-27 03:40:34', '2024-01-27 03:40:34'),
(14, 31, 3, NULL, NULL, '2024-01-27 03:40:34', '2024-01-27 03:40:34'),
(15, 26, 4, NULL, NULL, '2024-01-27 03:40:34', '2024-01-27 03:40:34'),
(16, 27, 4, NULL, NULL, '2024-01-27 03:40:34', '2024-01-27 03:40:34'),
(17, 28, 4, NULL, NULL, '2024-01-27 03:40:34', '2024-01-27 03:40:34'),
(18, 29, 4, NULL, NULL, '2024-01-27 03:40:34', '2024-01-27 03:40:34'),
(19, 26, 5, NULL, NULL, '2024-01-27 03:40:34', '2024-01-27 03:40:34'),
(20, 27, 5, NULL, NULL, '2024-01-27 03:40:34', '2024-01-27 03:40:34'),
(21, 29, 5, NULL, NULL, '2024-01-27 03:40:34', '2024-01-27 03:40:34'),
(22, 30, 5, NULL, NULL, '2024-01-27 03:40:34', '2024-01-27 03:40:34'),
(23, 31, 5, NULL, NULL, '2024-01-27 03:40:34', '2024-01-27 03:40:34'),
(24, 26, 6, NULL, NULL, '2024-01-27 03:40:34', '2024-01-27 03:40:34'),
(25, 29, 6, NULL, NULL, '2024-01-27 03:40:34', '2024-01-27 03:40:34'),
(26, 26, 7, NULL, NULL, '2024-01-27 03:40:34', '2024-01-27 03:40:34'),
(27, 28, 7, NULL, NULL, '2024-01-27 03:40:34', '2024-01-27 03:40:34'),
(28, 29, 7, NULL, NULL, '2024-01-27 03:40:34', '2024-01-27 03:40:34'),
(29, 30, 7, NULL, NULL, '2024-01-27 03:40:34', '2024-01-27 03:40:34'),
(30, 26, 8, NULL, NULL, '2024-01-27 03:40:34', '2024-01-27 03:40:34'),
(31, 27, 8, NULL, NULL, '2024-01-27 03:40:34', '2024-01-27 03:40:34'),
(32, 28, 8, NULL, NULL, '2024-01-27 03:40:34', '2024-01-27 03:40:34'),
(33, 29, 8, NULL, NULL, '2024-01-27 03:40:34', '2024-01-27 03:40:34'),
(34, 31, 8, NULL, NULL, '2024-01-27 03:40:34', '2024-01-27 03:40:34'),
(35, 28, 9, NULL, NULL, '2024-01-27 03:40:34', '2024-01-27 03:40:34'),
(36, 31, 9, NULL, NULL, '2024-01-27 03:40:34', '2024-01-27 03:40:34'),
(37, 26, 10, NULL, NULL, '2024-01-27 03:40:34', '2024-01-27 03:40:34'),
(38, 30, 10, NULL, NULL, '2024-01-27 03:40:34', '2024-01-27 03:40:34'),
(39, 26, 11, NULL, NULL, '2024-01-27 03:40:34', '2024-01-27 03:40:34'),
(40, 27, 11, NULL, NULL, '2024-01-27 03:40:34', '2024-01-27 03:40:34'),
(41, 28, 11, NULL, NULL, '2024-01-27 03:40:34', '2024-01-27 03:40:34'),
(42, 29, 11, NULL, NULL, '2024-01-27 03:40:35', '2024-01-27 03:40:35'),
(43, 31, 11, NULL, NULL, '2024-01-27 03:40:35', '2024-01-27 03:40:35');

-- --------------------------------------------------------

--
-- Table structure for table `bravo_space_translations`
--

CREATE TABLE `bravo_space_translations` (
  `id` bigint(20) UNSIGNED NOT NULL,
  `origin_id` int(10) UNSIGNED NOT NULL,
  `locale` varchar(191) NOT NULL,
  `title` varchar(255) DEFAULT NULL,
  `content` text DEFAULT NULL,
  `faqs` text DEFAULT NULL,
  `address` varchar(255) DEFAULT NULL,
  `create_user` bigint(20) DEFAULT NULL,
  `update_user` bigint(20) DEFAULT NULL,
  `deleted_at` timestamp NULL DEFAULT NULL,
  `created_at` timestamp NULL DEFAULT NULL,
  `updated_at` timestamp NULL DEFAULT NULL,
  `extra_price` text DEFAULT NULL
) ENGINE=InnoDB DEFAULT CHARSET=utf8mb4 COLLATE=utf8mb4_unicode_ci;

-- --------------------------------------------------------

--
-- Table structure for table `bravo_terms`
--

CREATE TABLE `bravo_terms` (
  `id` bigint(20) UNSIGNED NOT NULL,
  `name` varchar(255) DEFAULT NULL,
  `content` text DEFAULT NULL,
  `attr_id` int(11) DEFAULT NULL,
  `slug` varchar(255) DEFAULT NULL,
  `create_user` bigint(20) DEFAULT NULL,
  `update_user` bigint(20) DEFAULT NULL,
  `origin_id` bigint(20) DEFAULT NULL,
  `lang` varchar(10) DEFAULT NULL,
  `created_at` timestamp NULL DEFAULT NULL,
  `updated_at` timestamp NULL DEFAULT NULL,
  `deleted_at` timestamp NULL DEFAULT NULL,
  `image_id` int(11) DEFAULT NULL,
  `icon` varchar(50) DEFAULT NULL
) ENGINE=InnoDB DEFAULT CHARSET=utf8mb4 COLLATE=utf8mb4_unicode_ci;

--
-- Dumping data for table `bravo_terms`
--

INSERT INTO `bravo_terms` (`id`, `name`, `content`, `attr_id`, `slug`, `create_user`, `update_user`, `origin_id`, `lang`, `created_at`, `updated_at`, `deleted_at`, `image_id`, `icon`) VALUES
(1, 'Cultural', NULL, 1, 'cultural', NULL, NULL, NULL, NULL, '2024-01-27 03:40:34', '2024-01-27 03:40:34', NULL, NULL, NULL),
(2, 'Nature & Adventure', NULL, 1, 'nature-adventure', NULL, NULL, NULL, NULL, '2024-01-27 03:40:34', '2024-01-27 03:40:34', NULL, NULL, NULL),
(3, 'Marine', NULL, 1, 'marine', NULL, NULL, NULL, NULL, '2024-01-27 03:40:34', '2024-01-27 03:40:34', NULL, NULL, NULL),
(4, 'Independent', NULL, 1, 'independent', NULL, NULL, NULL, NULL, '2024-01-27 03:40:34', '2024-01-27 03:40:34', NULL, NULL, NULL),
(5, 'Activities', NULL, 1, 'activities', NULL, NULL, NULL, NULL, '2024-01-27 03:40:34', '2024-01-27 03:40:34', NULL, NULL, NULL),
(6, 'Festival & Events', NULL, 1, 'festival-events', NULL, NULL, NULL, NULL, '2024-01-27 03:40:34', '2024-01-27 03:40:34', NULL, NULL, NULL),
(7, 'Special Interest', NULL, 1, 'special-interest', NULL, NULL, NULL, NULL, '2024-01-27 03:40:34', '2024-01-27 03:40:34', NULL, NULL, NULL),
(8, 'Wifi', NULL, 2, 'wifi', NULL, NULL, NULL, NULL, '2024-01-27 03:40:34', '2024-01-27 03:40:34', NULL, NULL, NULL),
(9, 'Gymnasium', NULL, 2, 'gymnasium', NULL, NULL, NULL, NULL, '2024-01-27 03:40:34', '2024-01-27 03:40:34', NULL, NULL, NULL),
(10, 'Mountain Bike', NULL, 2, 'mountain-bike', NULL, NULL, NULL, NULL, '2024-01-27 03:40:34', '2024-01-27 03:40:34', NULL, NULL, NULL),
(11, 'Satellite Office', NULL, 2, 'satellite-office', NULL, NULL, NULL, NULL, '2024-01-27 03:40:34', '2024-01-27 03:40:34', NULL, NULL, NULL),
(12, 'Staff Lounge', NULL, 2, 'staff-lounge', NULL, NULL, NULL, NULL, '2024-01-27 03:40:34', '2024-01-27 03:40:34', NULL, NULL, NULL),
(13, 'Golf Cages', NULL, 2, 'golf-cages', NULL, NULL, NULL, NULL, '2024-01-27 03:40:34', '2024-01-27 03:40:34', NULL, NULL, NULL),
(14, 'Aerobics Room', NULL, 2, 'aerobics-room', NULL, NULL, NULL, NULL, '2024-01-27 03:40:34', '2024-01-27 03:40:34', NULL, NULL, NULL),
(15, 'Auditorium', NULL, 3, 'auditorium', NULL, NULL, NULL, NULL, '2024-01-27 03:40:34', '2024-01-27 03:40:34', NULL, NULL, NULL),
(16, 'Bar', NULL, 3, 'bar', NULL, NULL, NULL, NULL, '2024-01-27 03:40:34', '2024-01-27 03:40:34', NULL, NULL, NULL),
(17, 'Cafe', NULL, 3, 'cafe', NULL, NULL, NULL, NULL, '2024-01-27 03:40:34', '2024-01-27 03:40:34', NULL, NULL, NULL),
(18, 'Ballroom', NULL, 3, 'ballroom', NULL, NULL, NULL, NULL, '2024-01-27 03:40:34', '2024-01-27 03:40:34', NULL, NULL, NULL),
(19, 'Dance Studio', NULL, 3, 'dance-studio', NULL, NULL, NULL, NULL, '2024-01-27 03:40:34', '2024-01-27 03:40:34', NULL, NULL, NULL),
(20, 'Office', NULL, 3, 'office', NULL, NULL, NULL, NULL, '2024-01-27 03:40:34', '2024-01-27 03:40:34', NULL, NULL, NULL),
(21, 'Party Hall', NULL, 3, 'party-hall', NULL, NULL, NULL, NULL, '2024-01-27 03:40:34', '2024-01-27 03:40:34', NULL, NULL, NULL),
(22, 'Recording Studio', NULL, 3, 'recording-studio', NULL, NULL, NULL, NULL, '2024-01-27 03:40:34', '2024-01-27 03:40:34', NULL, NULL, NULL),
(23, 'Yoga Studio', NULL, 3, 'yoga-studio', NULL, NULL, NULL, NULL, '2024-01-27 03:40:34', '2024-01-27 03:40:34', NULL, NULL, NULL),
(24, 'Villa', NULL, 3, 'villa', NULL, NULL, NULL, NULL, '2024-01-27 03:40:34', '2024-01-27 03:40:34', NULL, NULL, NULL),
(25, 'Warehouse', NULL, 3, 'warehouse', NULL, NULL, NULL, NULL, '2024-01-27 03:40:34', '2024-01-27 03:40:34', NULL, NULL, NULL),
(26, 'Air Conditioning', NULL, 4, 'air-conditioning', NULL, NULL, NULL, NULL, '2024-01-27 03:40:34', '2024-01-27 03:40:34', NULL, 86, NULL),
(27, 'Breakfast', NULL, 4, 'breakfast', NULL, NULL, NULL, NULL, '2024-01-27 03:40:34', '2024-01-27 03:40:34', NULL, 87, NULL),
(28, 'Kitchen', NULL, 4, 'kitchen', NULL, NULL, NULL, NULL, '2024-01-27 03:40:34', '2024-01-27 03:40:34', NULL, 88, NULL),
(29, 'Parking', NULL, 4, 'parking', NULL, NULL, NULL, NULL, '2024-01-27 03:40:34', '2024-01-27 03:40:34', NULL, 89, NULL),
(30, 'Pool', NULL, 4, 'pool', NULL, NULL, NULL, NULL, '2024-01-27 03:40:34', '2024-01-27 03:40:34', NULL, 90, NULL),
(31, 'Wi-Fi Internet', NULL, 4, 'wi-fi-internet', NULL, NULL, NULL, NULL, '2024-01-27 03:40:34', '2024-01-27 03:40:34', NULL, 91, NULL),
(32, 'Apartments', NULL, 5, 'apartments', NULL, NULL, NULL, NULL, '2024-01-27 03:40:35', '2024-01-27 03:40:35', NULL, NULL, NULL),
(33, 'Hotels', NULL, 5, 'hotels', NULL, NULL, NULL, NULL, '2024-01-27 03:40:35', '2024-01-27 03:40:35', NULL, NULL, NULL),
(34, 'Homestays', NULL, 5, 'homestays', NULL, NULL, NULL, NULL, '2024-01-27 03:40:35', '2024-01-27 03:40:35', NULL, NULL, NULL),
(35, 'Villas', NULL, 5, 'villas', NULL, NULL, NULL, NULL, '2024-01-27 03:40:35', '2024-01-27 03:40:35', NULL, NULL, NULL),
(36, 'Boats', NULL, 5, 'boats', NULL, NULL, NULL, NULL, '2024-01-27 03:40:35', '2024-01-27 03:40:35', NULL, NULL, NULL),
(37, 'Motels', NULL, 5, 'motels', NULL, NULL, NULL, NULL, '2024-01-27 03:40:35', '2024-01-27 03:40:35', NULL, NULL, NULL),
(38, 'Resorts', NULL, 5, 'resorts', NULL, NULL, NULL, NULL, '2024-01-27 03:40:35', '2024-01-27 03:40:35', NULL, NULL, NULL),
(39, 'Lodges', NULL, 5, 'lodges', NULL, NULL, NULL, NULL, '2024-01-27 03:40:35', '2024-01-27 03:40:35', NULL, NULL, NULL),
(40, 'Holiday homes', NULL, 5, 'holiday-homes', NULL, NULL, NULL, NULL, '2024-01-27 03:40:35', '2024-01-27 03:40:35', NULL, NULL, NULL),
(41, 'Cruises', NULL, 5, 'cruises', NULL, NULL, NULL, NULL, '2024-01-27 03:40:35', '2024-01-27 03:40:35', NULL, NULL, NULL),
(42, 'Wake-up call', NULL, 6, 'wake-up-call', NULL, NULL, NULL, NULL, '2024-01-27 03:40:35', '2024-01-27 03:40:35', NULL, NULL, 'icofont-wall-clock'),
(43, 'Car hire', NULL, 6, 'car-hire', NULL, NULL, NULL, NULL, '2024-01-27 03:40:35', '2024-01-27 03:40:35', NULL, NULL, 'icofont-car-alt-3'),
(44, 'Bicycle hire', NULL, 6, 'bicycle-hire', NULL, NULL, NULL, NULL, '2024-01-27 03:40:35', '2024-01-27 03:40:35', NULL, NULL, 'icofont-bicycle-alt-2'),
(45, 'Flat Tv', NULL, 6, 'flat-tv', NULL, NULL, NULL, NULL, '2024-01-27 03:40:35', '2024-01-27 03:40:35', NULL, NULL, 'icofont-imac'),
(46, 'Laundry and dry cleaning', NULL, 6, 'laundry-and-dry-cleaning', NULL, NULL, NULL, NULL, '2024-01-27 03:40:35', '2024-01-27 03:40:35', NULL, NULL, 'icofont-recycle-alt'),
(47, 'Internet – Wifi', NULL, 6, 'internet-wifi', NULL, NULL, NULL, NULL, '2024-01-27 03:40:35', '2024-01-27 03:40:35', NULL, NULL, 'icofont-wifi-alt'),
(48, 'Coffee and tea', NULL, 6, 'coffee-and-tea', NULL, NULL, NULL, NULL, '2024-01-27 03:40:35', '2024-01-27 03:40:35', NULL, NULL, 'icofont-tea'),
(49, 'Havana Lobby bar', NULL, 7, 'havana-lobby-bar', NULL, NULL, NULL, NULL, '2024-01-27 03:40:35', '2024-01-27 03:40:35', NULL, NULL, NULL),
(50, 'Fiesta Restaurant', NULL, 7, 'fiesta-restaurant', NULL, NULL, NULL, NULL, '2024-01-27 03:40:35', '2024-01-27 03:40:35', NULL, NULL, NULL),
(51, 'Hotel transport services', NULL, 7, 'hotel-transport-services', NULL, NULL, NULL, NULL, '2024-01-27 03:40:35', '2024-01-27 03:40:35', NULL, NULL, NULL),
(52, 'Free luggage deposit', NULL, 7, 'free-luggage-deposit', NULL, NULL, NULL, NULL, '2024-01-27 03:40:35', '2024-01-27 03:40:35', NULL, NULL, NULL),
(53, 'Laundry Services', NULL, 7, 'laundry-services', NULL, NULL, NULL, NULL, '2024-01-27 03:40:35', '2024-01-27 03:40:35', NULL, NULL, NULL),
(54, 'Pets welcome', NULL, 7, 'pets-welcome', NULL, NULL, NULL, NULL, '2024-01-27 03:40:35', '2024-01-27 03:40:35', NULL, NULL, NULL),
(55, 'Tickets', NULL, 7, 'tickets', NULL, NULL, NULL, NULL, '2024-01-27 03:40:35', '2024-01-27 03:40:35', NULL, NULL, NULL),
(56, 'Wake-up call', NULL, 8, 'wake-up-call-1', NULL, NULL, NULL, NULL, '2024-01-27 03:40:35', '2024-01-27 03:40:35', NULL, NULL, 'icofont-wall-clock'),
(57, 'Flat Tv', NULL, 8, 'flat-tv-1', NULL, NULL, NULL, NULL, '2024-01-27 03:40:35', '2024-01-27 03:40:35', NULL, NULL, 'icofont-imac'),
(58, 'Laundry and dry cleaning', NULL, 8, 'laundry-and-dry-cleaning-1', NULL, NULL, NULL, NULL, '2024-01-27 03:40:35', '2024-01-27 03:40:35', NULL, NULL, 'icofont-recycle-alt'),
(59, 'Internet – Wifi', NULL, 8, 'internet-wifi-1', NULL, NULL, NULL, NULL, '2024-01-27 03:40:35', '2024-01-27 03:40:35', NULL, NULL, 'icofont-wifi-alt'),
(60, 'Coffee and tea', NULL, 8, 'coffee-and-tea-1', NULL, NULL, NULL, NULL, '2024-01-27 03:40:35', '2024-01-27 03:40:35', NULL, NULL, 'icofont-tea'),
(61, 'Convertibles', NULL, 9, 'convertibles', NULL, NULL, NULL, NULL, '2024-01-27 03:40:36', '2024-01-27 03:40:36', NULL, 123, NULL),
(62, 'Coupes', NULL, 9, 'coupes', NULL, NULL, NULL, NULL, '2024-01-27 03:40:36', '2024-01-27 03:40:36', NULL, 124, NULL),
(63, 'Hatchbacks', NULL, 9, 'hatchbacks', NULL, NULL, NULL, NULL, '2024-01-27 03:40:36', '2024-01-27 03:40:36', NULL, 125, NULL),
(64, 'Minivans', NULL, 9, 'minivans', NULL, NULL, NULL, NULL, '2024-01-27 03:40:36', '2024-01-27 03:40:36', NULL, 126, NULL),
(65, 'Sedan', NULL, 9, 'sedan', NULL, NULL, NULL, NULL, '2024-01-27 03:40:36', '2024-01-27 03:40:36', NULL, 127, NULL),
(66, 'SUVs', NULL, 9, 'suvs', NULL, NULL, NULL, NULL, '2024-01-27 03:40:36', '2024-01-27 03:40:36', NULL, 128, NULL),
(67, 'Trucks', NULL, 9, 'trucks', NULL, NULL, NULL, NULL, '2024-01-27 03:40:36', '2024-01-27 03:40:36', NULL, 129, NULL),
(68, 'Wagons', NULL, 9, 'wagons', NULL, NULL, NULL, NULL, '2024-01-27 03:40:36', '2024-01-27 03:40:36', NULL, 130, NULL),
(69, 'Airbag', NULL, 10, 'airbag', NULL, NULL, NULL, NULL, '2024-01-27 03:40:36', '2024-01-27 03:40:36', NULL, 136, NULL),
(70, 'FM Radio', NULL, 10, 'fm-radio', NULL, NULL, NULL, NULL, '2024-01-27 03:40:36', '2024-01-27 03:40:36', NULL, 137, NULL),
(71, 'Power Windows', NULL, 10, 'power-windows', NULL, NULL, NULL, NULL, '2024-01-27 03:40:36', '2024-01-27 03:40:36', NULL, 141, NULL),
(72, 'Sensor', NULL, 10, 'sensor', NULL, NULL, NULL, NULL, '2024-01-27 03:40:36', '2024-01-27 03:40:36', NULL, 138, NULL),
(73, 'Speed Km', NULL, 10, 'speed-km', NULL, NULL, NULL, NULL, '2024-01-27 03:40:36', '2024-01-27 03:40:36', NULL, 139, NULL),
(74, 'Steering Wheel', NULL, 10, 'steering-wheel', NULL, NULL, NULL, NULL, '2024-01-27 03:40:36', '2024-01-27 03:40:36', NULL, 140, NULL);

-- --------------------------------------------------------

--
-- Table structure for table `bravo_terms_translations`
--

CREATE TABLE `bravo_terms_translations` (
  `id` bigint(20) UNSIGNED NOT NULL,
  `origin_id` bigint(20) DEFAULT NULL,
  `locale` varchar(10) DEFAULT NULL,
  `name` varchar(255) DEFAULT NULL,
  `content` text DEFAULT NULL,
  `create_user` bigint(20) DEFAULT NULL,
  `update_user` bigint(20) DEFAULT NULL,
  `created_at` timestamp NULL DEFAULT NULL,
  `updated_at` timestamp NULL DEFAULT NULL
) ENGINE=InnoDB DEFAULT CHARSET=utf8mb4 COLLATE=utf8mb4_unicode_ci;

-- --------------------------------------------------------

--
-- Table structure for table `bravo_tours`
--

CREATE TABLE `bravo_tours` (
  `id` bigint(20) UNSIGNED NOT NULL,
  `title` varchar(255) DEFAULT NULL,
  `slug` varchar(255) CHARACTER SET utf8 COLLATE utf8_general_ci NOT NULL,
  `content` text DEFAULT NULL,
  `image_id` int(11) DEFAULT NULL,
  `banner_image_id` int(11) DEFAULT NULL,
  `short_desc` text DEFAULT NULL,
  `category_id` int(11) DEFAULT NULL,
  `location_id` int(11) DEFAULT NULL,
  `address` varchar(255) DEFAULT NULL,
  `map_lat` varchar(20) DEFAULT NULL,
  `map_lng` varchar(20) DEFAULT NULL,
  `map_zoom` int(11) DEFAULT NULL,
  `is_featured` tinyint(4) DEFAULT NULL,
  `gallery` varchar(255) DEFAULT NULL,
  `video` varchar(255) DEFAULT NULL,
  `price` decimal(12,2) DEFAULT NULL,
  `sale_price` decimal(12,2) DEFAULT NULL,
  `duration` int(11) DEFAULT NULL,
  `min_people` int(11) DEFAULT NULL,
  `max_people` int(11) DEFAULT NULL,
  `faqs` text DEFAULT NULL,
  `status` varchar(50) DEFAULT NULL,
  `publish_date` datetime DEFAULT NULL,
  `create_user` bigint(20) DEFAULT NULL,
  `update_user` bigint(20) DEFAULT NULL,
  `deleted_at` timestamp NULL DEFAULT NULL,
  `origin_id` bigint(20) DEFAULT NULL,
  `lang` varchar(10) DEFAULT NULL,
  `created_at` timestamp NULL DEFAULT NULL,
  `updated_at` timestamp NULL DEFAULT NULL,
  `default_state` tinyint(4) DEFAULT 1,
  `include` text DEFAULT NULL,
  `exclude` text DEFAULT NULL,
  `itinerary` text DEFAULT NULL,
  `review_score` decimal(2,1) DEFAULT NULL,
  `ical_import_url` varchar(191) DEFAULT NULL
) ENGINE=InnoDB DEFAULT CHARSET=utf8mb4 COLLATE=utf8mb4_unicode_ci;

--
-- Dumping data for table `bravo_tours`
--

INSERT INTO `bravo_tours` (`id`, `title`, `slug`, `content`, `image_id`, `banner_image_id`, `short_desc`, `category_id`, `location_id`, `address`, `map_lat`, `map_lng`, `map_zoom`, `is_featured`, `gallery`, `video`, `price`, `sale_price`, `duration`, `min_people`, `max_people`, `faqs`, `status`, `publish_date`, `create_user`, `update_user`, `deleted_at`, `origin_id`, `lang`, `created_at`, `updated_at`, `default_state`, `include`, `exclude`, `itinerary`, `review_score`, `ical_import_url`) VALUES
(1, 'American Parks Trail end Rapid City', 'american-parks-trail', '<p>Start and end in San Francisco! With the in-depth cultural tour Northern California Summer 2019, you have a 8 day tour package taking you through San Francisco, USA and 9 other destinations in USA. Northern California Summer 2019 includes accommodation as well as an expert guide, meals, transport and more.</p><h4>HIGHLIGHTS</h4><ul><li>Visit the Museum of Modern Art in Manhattan</li><li>See amazing works of contemporary art, including Vincent van Gogh\'s The Starry Night</li><li>Check out Campbell\'s Soup Cans by Warhol and The Dance (I) by Matisse</li><li>Behold masterpieces by Gauguin, Dali, Picasso, and Pollock</li><li>Enjoy free audio guides available in English, French, German, Italian, Spanish, Portuguese</li></ul>', 21, 44, 'From the iconic to the unexpected, the city of San Francisco never ceases to surprise. Kick-start your effortlessly delivered Northern California holiday in the cosmopolitan hills of \'The City\'. Join your Travel Director and fellow travellers for a Welcome Reception at your hotel.Welcome Reception', 3, 1, 'Arrondissement de Paris', '48.852754', '2.339155', 12, 0, '37,38,39,40,41,42,43', 'https://www.youtube.com/watch?v=UfEiKK-iX70', '2000.00', '514.00', 9, 1, 14, '[{\"title\":\"When and where does the tour end?\",\"content\":\"Your tour will conclude in San Francisco on Day 8 of the trip. There are no activities planned for this day so you\'re free to depart at any time. We highly recommend booking post-accommodation to give yourself time to fully experience the wonders of this iconic city!\"},{\"title\":\"When and where does the tour start?\",\"content\":\"Day 1 of this tour is an arrivals day, which gives you a chance to settle into your hotel and explore Los Angeles. The only planned activity for this day is an evening welcome meeting at 7pm, where you can get to know your guides and fellow travellers. Please be aware that the meeting point is subject to change until your final documents are released.\"},{\"title\":\"Do you arrange airport transfers?\",\"content\":\"Airport transfers are not included in the price of this tour, however you can book for an arrival transfer in advance. In this case a tour operator representative will be at the airport to greet you. To arrange this please contact our customer service team once you have a confirmed booking.\"},{\"title\":\"What is the age range\",\"content\":\"This tour has an age range of 12-70 years old, this means children under the age of 12 will not be eligible to participate in this tour. However, if you are over 70 years please contact us as you may be eligible to join the tour if you fill out G Adventures self-assessment form.\"}]', 'publish', NULL, 1, NULL, NULL, NULL, NULL, '2024-01-27 03:40:33', '2024-01-27 03:40:34', 1, '[{\"title\":\"Specialized bilingual guide\"},{\"title\":\"Private Transport\"},{\"title\":\"Entrance fees (Cable and car and Moon Valley)\"},{\"title\":\"Box lunch water, banana apple and chocolate\"}]', '[{\"title\":\"Additional Services\"},{\"title\":\"Insurance\"},{\"title\":\"Drink\"},{\"title\":\"Tickets\"}]', '[{\"image_id\":\"110\",\"title\":\"Day 1\",\"desc\":\"Los Angeles\",\"content\":\"There are no activities planned until an evening welcome meeting. Additional Notes: We highly recommend booking pre-tour accommodation to fully experience this crazy city.\"},{\"image_id\":\"109\",\"title\":\"Day 2\",\"desc\":\"Lake Havasu City\",\"content\":\"Pack up the van in the morning and check out the stars on the most famous sidewalk in Hollywood on an orientation tour\"},{\"image_id\":\"108\",\"title\":\"Day 3\",\"desc\":\"Las Vegas\\/Bakersfield\",\"content\":\"Travel to one of the country\'s most rugged landscapes \\u2014 the legendary Death Valley, California. Soak in the dramatic landscape. In the afternoon, continue on to Bakersfield for the night.\"},{\"image_id\":\"107\",\"title\":\"Day 4\",\"desc\":\"San Francisco\",\"content\":\"We highly recommend booking post-accommodation to fully experience this famous city.\"}]', '4.0', NULL),
(2, 'New York: Museum of Modern Art', 'new-york-museum-of-modern-art', '<p>Start and end in San Francisco! With the in-depth cultural tour Northern California Summer 2019, you have a 8 day tour package taking you through San Francisco, USA and 9 other destinations in USA. Northern California Summer 2019 includes accommodation as well as an expert guide, meals, transport and more.</p><h4>HIGHLIGHTS</h4><ul><li>Visit the Museum of Modern Art in Manhattan</li><li>See amazing works of contemporary art, including Vincent van Gogh\'s The Starry Night</li><li>Check out Campbell\'s Soup Cans by Warhol and The Dance (I) by Matisse</li><li>Behold masterpieces by Gauguin, Dali, Picasso, and Pollock</li><li>Enjoy free audio guides available in English, French, German, Italian, Spanish, Portuguese</li></ul>', 22, 45, 'From the iconic to the unexpected, the city of San Francisco never ceases to surprise. Kick-start your effortlessly delivered Northern California holiday in the cosmopolitan hills of \'The City\'. Join your Travel Director and fellow travellers for a Welcome Reception at your hotel.Welcome Reception', 2, 1, 'Porte de Vanves', '48.853917', '2.307199', 12, 1, '37,38,39,40,41,42,43', 'https://www.youtube.com/watch?v=UfEiKK-iX70', '900.00', '653.00', 4, 1, 11, '[{\"title\":\"When and where does the tour end?\",\"content\":\"Your tour will conclude in San Francisco on Day 8 of the trip. There are no activities planned for this day so you\'re free to depart at any time. We highly recommend booking post-accommodation to give yourself time to fully experience the wonders of this iconic city!\"},{\"title\":\"When and where does the tour start?\",\"content\":\"Day 1 of this tour is an arrivals day, which gives you a chance to settle into your hotel and explore Los Angeles. The only planned activity for this day is an evening welcome meeting at 7pm, where you can get to know your guides and fellow travellers. Please be aware that the meeting point is subject to change until your final documents are released.\"},{\"title\":\"Do you arrange airport transfers?\",\"content\":\"Airport transfers are not included in the price of this tour, however you can book for an arrival transfer in advance. In this case a tour operator representative will be at the airport to greet you. To arrange this please contact our customer service team once you have a confirmed booking.\"},{\"title\":\"What is the age range\",\"content\":\"This tour has an age range of 12-70 years old, this means children under the age of 12 will not be eligible to participate in this tour. However, if you are over 70 years please contact us as you may be eligible to join the tour if you fill out G Adventures self-assessment form.\"}]', 'publish', NULL, 1, NULL, NULL, NULL, NULL, '2024-01-27 03:40:33', '2024-01-27 03:40:34', 1, '[{\"title\":\"Specialized bilingual guide\"},{\"title\":\"Private Transport\"},{\"title\":\"Entrance fees (Cable and car and Moon Valley)\"},{\"title\":\"Box lunch water, banana apple and chocolate\"}]', '[{\"title\":\"Additional Services\"},{\"title\":\"Insurance\"},{\"title\":\"Drink\"},{\"title\":\"Tickets\"}]', '[{\"image_id\":\"110\",\"title\":\"Day 1\",\"desc\":\"Los Angeles\",\"content\":\"There are no activities planned until an evening welcome meeting. Additional Notes: We highly recommend booking pre-tour accommodation to fully experience this crazy city.\"},{\"image_id\":\"109\",\"title\":\"Day 2\",\"desc\":\"Lake Havasu City\",\"content\":\"Pack up the van in the morning and check out the stars on the most famous sidewalk in Hollywood on an orientation tour\"},{\"image_id\":\"108\",\"title\":\"Day 3\",\"desc\":\"Las Vegas\\/Bakersfield\",\"content\":\"Travel to one of the country\'s most rugged landscapes \\u2014 the legendary Death Valley, California. Soak in the dramatic landscape. In the afternoon, continue on to Bakersfield for the night.\"},{\"image_id\":\"107\",\"title\":\"Day 4\",\"desc\":\"San Francisco\",\"content\":\"We highly recommend booking post-accommodation to fully experience this famous city.\"}]', '4.5', NULL),
(3, 'Los Angeles to San Francisco Express ', 'los-angeles-to-san-francisco-express', '<p>Start and end in San Francisco! With the in-depth cultural tour Northern California Summer 2019, you have a 8 day tour package taking you through San Francisco, USA and 9 other destinations in USA. Northern California Summer 2019 includes accommodation as well as an expert guide, meals, transport and more.</p><h4>HIGHLIGHTS</h4><ul><li>Visit the Museum of Modern Art in Manhattan</li><li>See amazing works of contemporary art, including Vincent van Gogh\'s The Starry Night</li><li>Check out Campbell\'s Soup Cans by Warhol and The Dance (I) by Matisse</li><li>Behold masterpieces by Gauguin, Dali, Picasso, and Pollock</li><li>Enjoy free audio guides available in English, French, German, Italian, Spanish, Portuguese</li></ul>', 23, 46, 'From the iconic to the unexpected, the city of San Francisco never ceases to surprise. Kick-start your effortlessly delivered Northern California holiday in the cosmopolitan hills of \'The City\'. Join your Travel Director and fellow travellers for a Welcome Reception at your hotel.Welcome Reception', 4, 1, 'Petit-Montrouge', '48.884900', '2.346377', 12, 1, '37,38,39,40,41,42,43', 'https://www.youtube.com/watch?v=UfEiKK-iX70', '1500.00', '395.00', 6, 1, 16, '[{\"title\":\"When and where does the tour end?\",\"content\":\"Your tour will conclude in San Francisco on Day 8 of the trip. There are no activities planned for this day so you\'re free to depart at any time. We highly recommend booking post-accommodation to give yourself time to fully experience the wonders of this iconic city!\"},{\"title\":\"When and where does the tour start?\",\"content\":\"Day 1 of this tour is an arrivals day, which gives you a chance to settle into your hotel and explore Los Angeles. The only planned activity for this day is an evening welcome meeting at 7pm, where you can get to know your guides and fellow travellers. Please be aware that the meeting point is subject to change until your final documents are released.\"},{\"title\":\"Do you arrange airport transfers?\",\"content\":\"Airport transfers are not included in the price of this tour, however you can book for an arrival transfer in advance. In this case a tour operator representative will be at the airport to greet you. To arrange this please contact our customer service team once you have a confirmed booking.\"},{\"title\":\"What is the age range\",\"content\":\"This tour has an age range of 12-70 years old, this means children under the age of 12 will not be eligible to participate in this tour. However, if you are over 70 years please contact us as you may be eligible to join the tour if you fill out G Adventures self-assessment form.\"}]', 'publish', NULL, 4, NULL, NULL, NULL, NULL, '2024-01-27 03:40:33', '2024-01-27 03:40:34', 1, '[{\"title\":\"Specialized bilingual guide\"},{\"title\":\"Private Transport\"},{\"title\":\"Entrance fees (Cable and car and Moon Valley)\"},{\"title\":\"Box lunch water, banana apple and chocolate\"}]', '[{\"title\":\"Additional Services\"},{\"title\":\"Insurance\"},{\"title\":\"Drink\"},{\"title\":\"Tickets\"}]', '[{\"image_id\":\"110\",\"title\":\"Day 1\",\"desc\":\"Los Angeles\",\"content\":\"There are no activities planned until an evening welcome meeting. Additional Notes: We highly recommend booking pre-tour accommodation to fully experience this crazy city.\"},{\"image_id\":\"109\",\"title\":\"Day 2\",\"desc\":\"Lake Havasu City\",\"content\":\"Pack up the van in the morning and check out the stars on the most famous sidewalk in Hollywood on an orientation tour\"},{\"image_id\":\"108\",\"title\":\"Day 3\",\"desc\":\"Las Vegas\\/Bakersfield\",\"content\":\"Travel to one of the country\'s most rugged landscapes \\u2014 the legendary Death Valley, California. Soak in the dramatic landscape. In the afternoon, continue on to Bakersfield for the night.\"},{\"image_id\":\"107\",\"title\":\"Day 4\",\"desc\":\"San Francisco\",\"content\":\"We highly recommend booking post-accommodation to fully experience this famous city.\"}]', '4.0', NULL),
(4, 'Paris Vacation Travel ', 'paris-vacation-travel', '<p>Start and end in San Francisco! With the in-depth cultural tour Northern California Summer 2019, you have a 8 day tour package taking you through San Francisco, USA and 9 other destinations in USA. Northern California Summer 2019 includes accommodation as well as an expert guide, meals, transport and more.</p><h4>HIGHLIGHTS</h4><ul><li>Visit the Museum of Modern Art in Manhattan</li><li>See amazing works of contemporary art, including Vincent van Gogh\'s The Starry Night</li><li>Check out Campbell\'s Soup Cans by Warhol and The Dance (I) by Matisse</li><li>Behold masterpieces by Gauguin, Dali, Picasso, and Pollock</li><li>Enjoy free audio guides available in English, French, German, Italian, Spanish, Portuguese</li></ul>', 24, 47, 'From the iconic to the unexpected, the city of San Francisco never ceases to surprise. Kick-start your effortlessly delivered Northern California holiday in the cosmopolitan hills of \'The City\'. Join your Travel Director and fellow travellers for a Welcome Reception at your hotel.Welcome Reception', 3, 2, 'New York', '40.707891', '-74.008825', 12, 1, '37,38,39,40,41,42,43', 'https://www.youtube.com/watch?v=UfEiKK-iX70', '850.00', '123.00', 2, 1, 13, '[{\"title\":\"When and where does the tour end?\",\"content\":\"Your tour will conclude in San Francisco on Day 8 of the trip. There are no activities planned for this day so you\'re free to depart at any time. We highly recommend booking post-accommodation to give yourself time to fully experience the wonders of this iconic city!\"},{\"title\":\"When and where does the tour start?\",\"content\":\"Day 1 of this tour is an arrivals day, which gives you a chance to settle into your hotel and explore Los Angeles. The only planned activity for this day is an evening welcome meeting at 7pm, where you can get to know your guides and fellow travellers. Please be aware that the meeting point is subject to change until your final documents are released.\"},{\"title\":\"Do you arrange airport transfers?\",\"content\":\"Airport transfers are not included in the price of this tour, however you can book for an arrival transfer in advance. In this case a tour operator representative will be at the airport to greet you. To arrange this please contact our customer service team once you have a confirmed booking.\"},{\"title\":\"What is the age range\",\"content\":\"This tour has an age range of 12-70 years old, this means children under the age of 12 will not be eligible to participate in this tour. However, if you are over 70 years please contact us as you may be eligible to join the tour if you fill out G Adventures self-assessment form.\"}]', 'publish', NULL, 1, NULL, NULL, NULL, NULL, '2024-01-27 03:40:33', '2024-01-27 03:40:34', 1, '[{\"title\":\"Specialized bilingual guide\"},{\"title\":\"Private Transport\"},{\"title\":\"Entrance fees (Cable and car and Moon Valley)\"},{\"title\":\"Box lunch water, banana apple and chocolate\"}]', '[{\"title\":\"Additional Services\"},{\"title\":\"Insurance\"},{\"title\":\"Drink\"},{\"title\":\"Tickets\"}]', '[{\"image_id\":\"110\",\"title\":\"Day 1\",\"desc\":\"Los Angeles\",\"content\":\"There are no activities planned until an evening welcome meeting. Additional Notes: We highly recommend booking pre-tour accommodation to fully experience this crazy city.\"},{\"image_id\":\"109\",\"title\":\"Day 2\",\"desc\":\"Lake Havasu City\",\"content\":\"Pack up the van in the morning and check out the stars on the most famous sidewalk in Hollywood on an orientation tour\"},{\"image_id\":\"108\",\"title\":\"Day 3\",\"desc\":\"Las Vegas\\/Bakersfield\",\"content\":\"Travel to one of the country\'s most rugged landscapes \\u2014 the legendary Death Valley, California. Soak in the dramatic landscape. In the afternoon, continue on to Bakersfield for the night.\"},{\"image_id\":\"107\",\"title\":\"Day 4\",\"desc\":\"San Francisco\",\"content\":\"We highly recommend booking post-accommodation to fully experience this famous city.\"}]', '4.5', NULL),
(5, 'Southwest States (Ex Los Angeles) ', 'southwest-states', '<p>Start and end in San Francisco! With the in-depth cultural tour Northern California Summer 2019, you have a 8 day tour package taking you through San Francisco, USA and 9 other destinations in USA. Northern California Summer 2019 includes accommodation as well as an expert guide, meals, transport and more.</p><h4>HIGHLIGHTS</h4><ul><li>Visit the Museum of Modern Art in Manhattan</li><li>See amazing works of contemporary art, including Vincent van Gogh\'s The Starry Night</li><li>Check out Campbell\'s Soup Cans by Warhol and The Dance (I) by Matisse</li><li>Behold masterpieces by Gauguin, Dali, Picasso, and Pollock</li><li>Enjoy free audio guides available in English, French, German, Italian, Spanish, Portuguese</li></ul>', 25, 48, 'From the iconic to the unexpected, the city of San Francisco never ceases to surprise. Kick-start your effortlessly delivered Northern California holiday in the cosmopolitan hills of \'The City\'. Join your Travel Director and fellow travellers for a Welcome Reception at your hotel.Welcome Reception', 3, 2, 'Regal Cinemas Battery Park 11', '40.714578', '-73.983888', 12, 0, '37,38,39,40,41,42,43', 'https://www.youtube.com/watch?v=UfEiKK-iX70', '1900.00', '851.00', 3, 1, 13, '[{\"title\":\"When and where does the tour end?\",\"content\":\"Your tour will conclude in San Francisco on Day 8 of the trip. There are no activities planned for this day so you\'re free to depart at any time. We highly recommend booking post-accommodation to give yourself time to fully experience the wonders of this iconic city!\"},{\"title\":\"When and where does the tour start?\",\"content\":\"Day 1 of this tour is an arrivals day, which gives you a chance to settle into your hotel and explore Los Angeles. The only planned activity for this day is an evening welcome meeting at 7pm, where you can get to know your guides and fellow travellers. Please be aware that the meeting point is subject to change until your final documents are released.\"},{\"title\":\"Do you arrange airport transfers?\",\"content\":\"Airport transfers are not included in the price of this tour, however you can book for an arrival transfer in advance. In this case a tour operator representative will be at the airport to greet you. To arrange this please contact our customer service team once you have a confirmed booking.\"},{\"title\":\"What is the age range\",\"content\":\"This tour has an age range of 12-70 years old, this means children under the age of 12 will not be eligible to participate in this tour. However, if you are over 70 years please contact us as you may be eligible to join the tour if you fill out G Adventures self-assessment form.\"}]', 'publish', NULL, 6, NULL, NULL, NULL, NULL, '2024-01-27 03:40:33', '2024-01-27 03:40:34', 1, '[{\"title\":\"Specialized bilingual guide\"},{\"title\":\"Private Transport\"},{\"title\":\"Entrance fees (Cable and car and Moon Valley)\"},{\"title\":\"Box lunch water, banana apple and chocolate\"}]', '[{\"title\":\"Additional Services\"},{\"title\":\"Insurance\"},{\"title\":\"Drink\"},{\"title\":\"Tickets\"}]', '[{\"image_id\":\"110\",\"title\":\"Day 1\",\"desc\":\"Los Angeles\",\"content\":\"There are no activities planned until an evening welcome meeting. Additional Notes: We highly recommend booking pre-tour accommodation to fully experience this crazy city.\"},{\"image_id\":\"109\",\"title\":\"Day 2\",\"desc\":\"Lake Havasu City\",\"content\":\"Pack up the van in the morning and check out the stars on the most famous sidewalk in Hollywood on an orientation tour\"},{\"image_id\":\"108\",\"title\":\"Day 3\",\"desc\":\"Las Vegas\\/Bakersfield\",\"content\":\"Travel to one of the country\'s most rugged landscapes \\u2014 the legendary Death Valley, California. Soak in the dramatic landscape. In the afternoon, continue on to Bakersfield for the night.\"},{\"image_id\":\"107\",\"title\":\"Day 4\",\"desc\":\"San Francisco\",\"content\":\"We highly recommend booking post-accommodation to fully experience this famous city.\"}]', '4.0', NULL),
(6, 'Eastern Discovery (Start New Orleans)', 'eastern-discovery-start-new-orleans', '<p>Start and end in San Francisco! With the in-depth cultural tour Northern California Summer 2019, you have a 8 day tour package taking you through San Francisco, USA and 9 other destinations in USA. Northern California Summer 2019 includes accommodation as well as an expert guide, meals, transport and more.</p><h4>HIGHLIGHTS</h4><ul><li>Visit the Museum of Modern Art in Manhattan</li><li>See amazing works of contemporary art, including Vincent van Gogh\'s The Starry Night</li><li>Check out Campbell\'s Soup Cans by Warhol and The Dance (I) by Matisse</li><li>Behold masterpieces by Gauguin, Dali, Picasso, and Pollock</li><li>Enjoy free audio guides available in English, French, German, Italian, Spanish, Portuguese</li></ul>', 26, 49, 'From the iconic to the unexpected, the city of San Francisco never ceases to surprise. Kick-start your effortlessly delivered Northern California holiday in the cosmopolitan hills of \'The City\'. Join your Travel Director and fellow travellers for a Welcome Reception at your hotel.Welcome Reception', 3, 2, 'Prince St Station', '40.720161', '-74.009628', 12, 1, '37,38,39,40,41,42,43', 'https://www.youtube.com/watch?v=UfEiKK-iX70', '2100.00', '1652.00', 3, 1, 19, '[{\"title\":\"When and where does the tour end?\",\"content\":\"Your tour will conclude in San Francisco on Day 8 of the trip. There are no activities planned for this day so you\'re free to depart at any time. We highly recommend booking post-accommodation to give yourself time to fully experience the wonders of this iconic city!\"},{\"title\":\"When and where does the tour start?\",\"content\":\"Day 1 of this tour is an arrivals day, which gives you a chance to settle into your hotel and explore Los Angeles. The only planned activity for this day is an evening welcome meeting at 7pm, where you can get to know your guides and fellow travellers. Please be aware that the meeting point is subject to change until your final documents are released.\"},{\"title\":\"Do you arrange airport transfers?\",\"content\":\"Airport transfers are not included in the price of this tour, however you can book for an arrival transfer in advance. In this case a tour operator representative will be at the airport to greet you. To arrange this please contact our customer service team once you have a confirmed booking.\"},{\"title\":\"What is the age range\",\"content\":\"This tour has an age range of 12-70 years old, this means children under the age of 12 will not be eligible to participate in this tour. However, if you are over 70 years please contact us as you may be eligible to join the tour if you fill out G Adventures self-assessment form.\"}]', 'publish', NULL, 5, NULL, NULL, NULL, NULL, '2024-01-27 03:40:33', '2024-01-27 03:40:34', 1, '[{\"title\":\"Specialized bilingual guide\"},{\"title\":\"Private Transport\"},{\"title\":\"Entrance fees (Cable and car and Moon Valley)\"},{\"title\":\"Box lunch water, banana apple and chocolate\"}]', '[{\"title\":\"Additional Services\"},{\"title\":\"Insurance\"},{\"title\":\"Drink\"},{\"title\":\"Tickets\"}]', '[{\"image_id\":\"110\",\"title\":\"Day 1\",\"desc\":\"Los Angeles\",\"content\":\"There are no activities planned until an evening welcome meeting. Additional Notes: We highly recommend booking pre-tour accommodation to fully experience this crazy city.\"},{\"image_id\":\"109\",\"title\":\"Day 2\",\"desc\":\"Lake Havasu City\",\"content\":\"Pack up the van in the morning and check out the stars on the most famous sidewalk in Hollywood on an orientation tour\"},{\"image_id\":\"108\",\"title\":\"Day 3\",\"desc\":\"Las Vegas\\/Bakersfield\",\"content\":\"Travel to one of the country\'s most rugged landscapes \\u2014 the legendary Death Valley, California. Soak in the dramatic landscape. In the afternoon, continue on to Bakersfield for the night.\"},{\"image_id\":\"107\",\"title\":\"Day 4\",\"desc\":\"San Francisco\",\"content\":\"We highly recommend booking post-accommodation to fully experience this famous city.\"}]', '4.3', NULL),
(7, 'Eastern Discovery', 'eastern-discovery', '<p>Start and end in San Francisco! With the in-depth cultural tour Northern California Summer 2019, you have a 8 day tour package taking you through San Francisco, USA and 9 other destinations in USA. Northern California Summer 2019 includes accommodation as well as an expert guide, meals, transport and more.</p><h4>HIGHLIGHTS</h4><ul><li>Visit the Museum of Modern Art in Manhattan</li><li>See amazing works of contemporary art, including Vincent van Gogh\'s The Starry Night</li><li>Check out Campbell\'s Soup Cans by Warhol and The Dance (I) by Matisse</li><li>Behold masterpieces by Gauguin, Dali, Picasso, and Pollock</li><li>Enjoy free audio guides available in English, French, German, Italian, Spanish, Portuguese</li></ul>', 27, 50, 'From the iconic to the unexpected, the city of San Francisco never ceases to surprise. Kick-start your effortlessly delivered Northern California holiday in the cosmopolitan hills of \'The City\'. Join your Travel Director and fellow travellers for a Welcome Reception at your hotel.Welcome Reception', 1, 2, 'Pier 36 New York', '40.708581', '-73.998817', 12, 0, '37,38,39,40,41,42,43', 'https://www.youtube.com/watch?v=UfEiKK-iX70', '2100.00', '664.00', 7, 1, 14, '[{\"title\":\"When and where does the tour end?\",\"content\":\"Your tour will conclude in San Francisco on Day 8 of the trip. There are no activities planned for this day so you\'re free to depart at any time. We highly recommend booking post-accommodation to give yourself time to fully experience the wonders of this iconic city!\"},{\"title\":\"When and where does the tour start?\",\"content\":\"Day 1 of this tour is an arrivals day, which gives you a chance to settle into your hotel and explore Los Angeles. The only planned activity for this day is an evening welcome meeting at 7pm, where you can get to know your guides and fellow travellers. Please be aware that the meeting point is subject to change until your final documents are released.\"},{\"title\":\"Do you arrange airport transfers?\",\"content\":\"Airport transfers are not included in the price of this tour, however you can book for an arrival transfer in advance. In this case a tour operator representative will be at the airport to greet you. To arrange this please contact our customer service team once you have a confirmed booking.\"},{\"title\":\"What is the age range\",\"content\":\"This tour has an age range of 12-70 years old, this means children under the age of 12 will not be eligible to participate in this tour. However, if you are over 70 years please contact us as you may be eligible to join the tour if you fill out G Adventures self-assessment form.\"}]', 'publish', NULL, 6, NULL, NULL, NULL, NULL, '2024-01-27 03:40:33', '2024-01-27 03:40:34', 1, '[{\"title\":\"Specialized bilingual guide\"},{\"title\":\"Private Transport\"},{\"title\":\"Entrance fees (Cable and car and Moon Valley)\"},{\"title\":\"Box lunch water, banana apple and chocolate\"}]', '[{\"title\":\"Additional Services\"},{\"title\":\"Insurance\"},{\"title\":\"Drink\"},{\"title\":\"Tickets\"}]', '[{\"image_id\":\"110\",\"title\":\"Day 1\",\"desc\":\"Los Angeles\",\"content\":\"There are no activities planned until an evening welcome meeting. Additional Notes: We highly recommend booking pre-tour accommodation to fully experience this crazy city.\"},{\"image_id\":\"109\",\"title\":\"Day 2\",\"desc\":\"Lake Havasu City\",\"content\":\"Pack up the van in the morning and check out the stars on the most famous sidewalk in Hollywood on an orientation tour\"},{\"image_id\":\"108\",\"title\":\"Day 3\",\"desc\":\"Las Vegas\\/Bakersfield\",\"content\":\"Travel to one of the country\'s most rugged landscapes \\u2014 the legendary Death Valley, California. Soak in the dramatic landscape. In the afternoon, continue on to Bakersfield for the night.\"},{\"image_id\":\"107\",\"title\":\"Day 4\",\"desc\":\"San Francisco\",\"content\":\"We highly recommend booking post-accommodation to fully experience this famous city.\"}]', '4.5', NULL),
(8, 'Pure Luxe in Punta Mita', 'pure-luxe-in-punta-mita', '<p>Start and end in San Francisco! With the in-depth cultural tour Northern California Summer 2019, you have a 8 day tour package taking you through San Francisco, USA and 9 other destinations in USA. Northern California Summer 2019 includes accommodation as well as an expert guide, meals, transport and more.</p><h4>HIGHLIGHTS</h4><ul><li>Visit the Museum of Modern Art in Manhattan</li><li>See amazing works of contemporary art, including Vincent van Gogh\'s The Starry Night</li><li>Check out Campbell\'s Soup Cans by Warhol and The Dance (I) by Matisse</li><li>Behold masterpieces by Gauguin, Dali, Picasso, and Pollock</li><li>Enjoy free audio guides available in English, French, German, Italian, Spanish, Portuguese</li></ul>', 28, 51, 'From the iconic to the unexpected, the city of San Francisco never ceases to surprise. Kick-start your effortlessly delivered Northern California holiday in the cosmopolitan hills of \'The City\'. Join your Travel Director and fellow travellers for a Welcome Reception at your hotel.Welcome Reception', 1, 3, 'Trimmer Springs Rd, Sanger', '36.822484', '-119.365266', 12, 0, '37,38,39,40,41,42,43', 'https://www.youtube.com/watch?v=UfEiKK-iX70', '2100.00', '456.00', 7, 1, 13, '[{\"title\":\"When and where does the tour end?\",\"content\":\"Your tour will conclude in San Francisco on Day 8 of the trip. There are no activities planned for this day so you\'re free to depart at any time. We highly recommend booking post-accommodation to give yourself time to fully experience the wonders of this iconic city!\"},{\"title\":\"When and where does the tour start?\",\"content\":\"Day 1 of this tour is an arrivals day, which gives you a chance to settle into your hotel and explore Los Angeles. The only planned activity for this day is an evening welcome meeting at 7pm, where you can get to know your guides and fellow travellers. Please be aware that the meeting point is subject to change until your final documents are released.\"},{\"title\":\"Do you arrange airport transfers?\",\"content\":\"Airport transfers are not included in the price of this tour, however you can book for an arrival transfer in advance. In this case a tour operator representative will be at the airport to greet you. To arrange this please contact our customer service team once you have a confirmed booking.\"},{\"title\":\"What is the age range\",\"content\":\"This tour has an age range of 12-70 years old, this means children under the age of 12 will not be eligible to participate in this tour. However, if you are over 70 years please contact us as you may be eligible to join the tour if you fill out G Adventures self-assessment form.\"}]', 'publish', NULL, 4, NULL, NULL, NULL, NULL, '2024-01-27 03:40:33', '2024-01-27 03:40:34', 1, '[{\"title\":\"Specialized bilingual guide\"},{\"title\":\"Private Transport\"},{\"title\":\"Entrance fees (Cable and car and Moon Valley)\"},{\"title\":\"Box lunch water, banana apple and chocolate\"}]', '[{\"title\":\"Additional Services\"},{\"title\":\"Insurance\"},{\"title\":\"Drink\"},{\"title\":\"Tickets\"}]', '[{\"image_id\":\"110\",\"title\":\"Day 1\",\"desc\":\"Los Angeles\",\"content\":\"There are no activities planned until an evening welcome meeting. Additional Notes: We highly recommend booking pre-tour accommodation to fully experience this crazy city.\"},{\"image_id\":\"109\",\"title\":\"Day 2\",\"desc\":\"Lake Havasu City\",\"content\":\"Pack up the van in the morning and check out the stars on the most famous sidewalk in Hollywood on an orientation tour\"},{\"image_id\":\"108\",\"title\":\"Day 3\",\"desc\":\"Las Vegas\\/Bakersfield\",\"content\":\"Travel to one of the country\'s most rugged landscapes \\u2014 the legendary Death Valley, California. Soak in the dramatic landscape. In the afternoon, continue on to Bakersfield for the night.\"},{\"image_id\":\"107\",\"title\":\"Day 4\",\"desc\":\"San Francisco\",\"content\":\"We highly recommend booking post-accommodation to fully experience this famous city.\"}]', '4.8', NULL),
(9, 'Tastes and Sounds of the South 2019', 'tastes-and-sounds-of-the-south-2019', '<p>Start and end in San Francisco! With the in-depth cultural tour Northern California Summer 2019, you have a 8 day tour package taking you through San Francisco, USA and 9 other destinations in USA. Northern California Summer 2019 includes accommodation as well as an expert guide, meals, transport and more.</p><h4>HIGHLIGHTS</h4><ul><li>Visit the Museum of Modern Art in Manhattan</li><li>See amazing works of contemporary art, including Vincent van Gogh\'s The Starry Night</li><li>Check out Campbell\'s Soup Cans by Warhol and The Dance (I) by Matisse</li><li>Behold masterpieces by Gauguin, Dali, Picasso, and Pollock</li><li>Enjoy free audio guides available in English, French, German, Italian, Spanish, Portuguese</li></ul>', 29, 52, 'From the iconic to the unexpected, the city of San Francisco never ceases to surprise. Kick-start your effortlessly delivered Northern California holiday in the cosmopolitan hills of \'The City\'. Join your Travel Director and fellow travellers for a Welcome Reception at your hotel.Welcome Reception', 4, 4, 'United States', '37.040023', '-95.643144', 12, 0, '37,38,39,40,41,42,43', 'https://www.youtube.com/watch?v=UfEiKK-iX70', '2100.00', '1224.00', 2, 1, 17, '[{\"title\":\"When and where does the tour end?\",\"content\":\"Your tour will conclude in San Francisco on Day 8 of the trip. There are no activities planned for this day so you\'re free to depart at any time. We highly recommend booking post-accommodation to give yourself time to fully experience the wonders of this iconic city!\"},{\"title\":\"When and where does the tour start?\",\"content\":\"Day 1 of this tour is an arrivals day, which gives you a chance to settle into your hotel and explore Los Angeles. The only planned activity for this day is an evening welcome meeting at 7pm, where you can get to know your guides and fellow travellers. Please be aware that the meeting point is subject to change until your final documents are released.\"},{\"title\":\"Do you arrange airport transfers?\",\"content\":\"Airport transfers are not included in the price of this tour, however you can book for an arrival transfer in advance. In this case a tour operator representative will be at the airport to greet you. To arrange this please contact our customer service team once you have a confirmed booking.\"},{\"title\":\"What is the age range\",\"content\":\"This tour has an age range of 12-70 years old, this means children under the age of 12 will not be eligible to participate in this tour. However, if you are over 70 years please contact us as you may be eligible to join the tour if you fill out G Adventures self-assessment form.\"}]', 'publish', NULL, 6, NULL, NULL, NULL, NULL, '2024-01-27 03:40:33', '2024-01-27 03:40:34', 1, '[{\"title\":\"Specialized bilingual guide\"},{\"title\":\"Private Transport\"},{\"title\":\"Entrance fees (Cable and car and Moon Valley)\"},{\"title\":\"Box lunch water, banana apple and chocolate\"}]', '[{\"title\":\"Additional Services\"},{\"title\":\"Insurance\"},{\"title\":\"Drink\"},{\"title\":\"Tickets\"}]', '[{\"image_id\":\"110\",\"title\":\"Day 1\",\"desc\":\"Los Angeles\",\"content\":\"There are no activities planned until an evening welcome meeting. Additional Notes: We highly recommend booking pre-tour accommodation to fully experience this crazy city.\"},{\"image_id\":\"109\",\"title\":\"Day 2\",\"desc\":\"Lake Havasu City\",\"content\":\"Pack up the van in the morning and check out the stars on the most famous sidewalk in Hollywood on an orientation tour\"},{\"image_id\":\"108\",\"title\":\"Day 3\",\"desc\":\"Las Vegas\\/Bakersfield\",\"content\":\"Travel to one of the country\'s most rugged landscapes \\u2014 the legendary Death Valley, California. Soak in the dramatic landscape. In the afternoon, continue on to Bakersfield for the night.\"},{\"image_id\":\"107\",\"title\":\"Day 4\",\"desc\":\"San Francisco\",\"content\":\"We highly recommend booking post-accommodation to fully experience this famous city.\"}]', '4.5', NULL),
(10, 'Giverny and Versailles Small Group Day Trip', 'giverny-and-versailles-small-group-day-trip', '<p>Start and end in San Francisco! With the in-depth cultural tour Northern California Summer 2019, you have a 8 day tour package taking you through San Francisco, USA and 9 other destinations in USA. Northern California Summer 2019 includes accommodation as well as an expert guide, meals, transport and more.</p><h4>HIGHLIGHTS</h4><ul><li>Visit the Museum of Modern Art in Manhattan</li><li>See amazing works of contemporary art, including Vincent van Gogh\'s The Starry Night</li><li>Check out Campbell\'s Soup Cans by Warhol and The Dance (I) by Matisse</li><li>Behold masterpieces by Gauguin, Dali, Picasso, and Pollock</li><li>Enjoy free audio guides available in English, French, German, Italian, Spanish, Portuguese</li></ul>', 30, 53, 'From the iconic to the unexpected, the city of San Francisco never ceases to surprise. Kick-start your effortlessly delivered Northern California holiday in the cosmopolitan hills of \'The City\'. Join your Travel Director and fellow travellers for a Welcome Reception at your hotel.Welcome Reception', 1, 5, 'Washington, DC, USA', '34.049345', '-118.248479', 12, 0, '37,38,39,40,41,42,43', 'https://www.youtube.com/watch?v=UfEiKK-iX70', '2100.00', '1240.00', 6, 1, 20, '[{\"title\":\"When and where does the tour end?\",\"content\":\"Your tour will conclude in San Francisco on Day 8 of the trip. There are no activities planned for this day so you\'re free to depart at any time. We highly recommend booking post-accommodation to give yourself time to fully experience the wonders of this iconic city!\"},{\"title\":\"When and where does the tour start?\",\"content\":\"Day 1 of this tour is an arrivals day, which gives you a chance to settle into your hotel and explore Los Angeles. The only planned activity for this day is an evening welcome meeting at 7pm, where you can get to know your guides and fellow travellers. Please be aware that the meeting point is subject to change until your final documents are released.\"},{\"title\":\"Do you arrange airport transfers?\",\"content\":\"Airport transfers are not included in the price of this tour, however you can book for an arrival transfer in advance. In this case a tour operator representative will be at the airport to greet you. To arrange this please contact our customer service team once you have a confirmed booking.\"},{\"title\":\"What is the age range\",\"content\":\"This tour has an age range of 12-70 years old, this means children under the age of 12 will not be eligible to participate in this tour. However, if you are over 70 years please contact us as you may be eligible to join the tour if you fill out G Adventures self-assessment form.\"}]', 'publish', NULL, 5, NULL, NULL, NULL, NULL, '2024-01-27 03:40:33', '2024-01-27 03:40:34', 1, '[{\"title\":\"Specialized bilingual guide\"},{\"title\":\"Private Transport\"},{\"title\":\"Entrance fees (Cable and car and Moon Valley)\"},{\"title\":\"Box lunch water, banana apple and chocolate\"}]', '[{\"title\":\"Additional Services\"},{\"title\":\"Insurance\"},{\"title\":\"Drink\"},{\"title\":\"Tickets\"}]', '[{\"image_id\":\"110\",\"title\":\"Day 1\",\"desc\":\"Los Angeles\",\"content\":\"There are no activities planned until an evening welcome meeting. Additional Notes: We highly recommend booking pre-tour accommodation to fully experience this crazy city.\"},{\"image_id\":\"109\",\"title\":\"Day 2\",\"desc\":\"Lake Havasu City\",\"content\":\"Pack up the van in the morning and check out the stars on the most famous sidewalk in Hollywood on an orientation tour\"},{\"image_id\":\"108\",\"title\":\"Day 3\",\"desc\":\"Las Vegas\\/Bakersfield\",\"content\":\"Travel to one of the country\'s most rugged landscapes \\u2014 the legendary Death Valley, California. Soak in the dramatic landscape. In the afternoon, continue on to Bakersfield for the night.\"},{\"image_id\":\"107\",\"title\":\"Day 4\",\"desc\":\"San Francisco\",\"content\":\"We highly recommend booking post-accommodation to fully experience this famous city.\"}]', '4.3', NULL),
(11, 'Trip of New York – Discover America', 'trip-of-new-york-discover-america', '<p>Start and end in San Francisco! With the in-depth cultural tour Northern California Summer 2019, you have a 8 day tour package taking you through San Francisco, USA and 9 other destinations in USA. Northern California Summer 2019 includes accommodation as well as an expert guide, meals, transport and more.</p><h4>HIGHLIGHTS</h4><ul><li>Visit the Museum of Modern Art in Manhattan</li><li>See amazing works of contemporary art, including Vincent van Gogh\'s The Starry Night</li><li>Check out Campbell\'s Soup Cans by Warhol and The Dance (I) by Matisse</li><li>Behold masterpieces by Gauguin, Dali, Picasso, and Pollock</li><li>Enjoy free audio guides available in English, French, German, Italian, Spanish, Portuguese</li></ul>', 31, 54, 'From the iconic to the unexpected, the city of San Francisco never ceases to surprise. Kick-start your effortlessly delivered Northern California holiday in the cosmopolitan hills of \'The City\'. Join your Travel Director and fellow travellers for a Welcome Reception at your hotel.Welcome Reception', 4, 6, 'New Jersey', '40.035329', '-74.417227', 12, 0, '37,38,39,40,41,42,43', 'https://www.youtube.com/watch?v=UfEiKK-iX70', '2100.00', '1750.00', 2, 1, 19, '[{\"title\":\"When and where does the tour end?\",\"content\":\"Your tour will conclude in San Francisco on Day 8 of the trip. There are no activities planned for this day so you\'re free to depart at any time. We highly recommend booking post-accommodation to give yourself time to fully experience the wonders of this iconic city!\"},{\"title\":\"When and where does the tour start?\",\"content\":\"Day 1 of this tour is an arrivals day, which gives you a chance to settle into your hotel and explore Los Angeles. The only planned activity for this day is an evening welcome meeting at 7pm, where you can get to know your guides and fellow travellers. Please be aware that the meeting point is subject to change until your final documents are released.\"},{\"title\":\"Do you arrange airport transfers?\",\"content\":\"Airport transfers are not included in the price of this tour, however you can book for an arrival transfer in advance. In this case a tour operator representative will be at the airport to greet you. To arrange this please contact our customer service team once you have a confirmed booking.\"},{\"title\":\"What is the age range\",\"content\":\"This tour has an age range of 12-70 years old, this means children under the age of 12 will not be eligible to participate in this tour. However, if you are over 70 years please contact us as you may be eligible to join the tour if you fill out G Adventures self-assessment form.\"}]', 'publish', NULL, 6, NULL, NULL, NULL, NULL, '2024-01-27 03:40:33', '2024-01-27 03:40:34', 1, '[{\"title\":\"Specialized bilingual guide\"},{\"title\":\"Private Transport\"},{\"title\":\"Entrance fees (Cable and car and Moon Valley)\"},{\"title\":\"Box lunch water, banana apple and chocolate\"}]', '[{\"title\":\"Additional Services\"},{\"title\":\"Insurance\"},{\"title\":\"Drink\"},{\"title\":\"Tickets\"}]', '[{\"image_id\":\"110\",\"title\":\"Day 1\",\"desc\":\"Los Angeles\",\"content\":\"There are no activities planned until an evening welcome meeting. Additional Notes: We highly recommend booking pre-tour accommodation to fully experience this crazy city.\"},{\"image_id\":\"109\",\"title\":\"Day 2\",\"desc\":\"Lake Havasu City\",\"content\":\"Pack up the van in the morning and check out the stars on the most famous sidewalk in Hollywood on an orientation tour\"},{\"image_id\":\"108\",\"title\":\"Day 3\",\"desc\":\"Las Vegas\\/Bakersfield\",\"content\":\"Travel to one of the country\'s most rugged landscapes \\u2014 the legendary Death Valley, California. Soak in the dramatic landscape. In the afternoon, continue on to Bakersfield for the night.\"},{\"image_id\":\"107\",\"title\":\"Day 4\",\"desc\":\"San Francisco\",\"content\":\"We highly recommend booking post-accommodation to fully experience this famous city.\"}]', '4.0', NULL),
(12, 'Segway Tour of Washington, D.C. Highlights', 'segway-tour-of-washington-dc-highlights', '<p>Start and end in San Francisco! With the in-depth cultural tour Northern California Summer 2019, you have a 8 day tour package taking you through San Francisco, USA and 9 other destinations in USA. Northern California Summer 2019 includes accommodation as well as an expert guide, meals, transport and more.</p><h4>HIGHLIGHTS</h4><ul><li>Visit the Museum of Modern Art in Manhattan</li><li>See amazing works of contemporary art, including Vincent van Gogh\'s The Starry Night</li><li>Check out Campbell\'s Soup Cans by Warhol and The Dance (I) by Matisse</li><li>Behold masterpieces by Gauguin, Dali, Picasso, and Pollock</li><li>Enjoy free audio guides available in English, French, German, Italian, Spanish, Portuguese</li></ul>', 32, 55, 'From the iconic to the unexpected, the city of San Francisco never ceases to surprise. Kick-start your effortlessly delivered Northern California holiday in the cosmopolitan hills of \'The City\'. Join your Travel Director and fellow travellers for a Welcome Reception at your hotel.Welcome Reception', 2, 7, 'Francisco Parnassus Campus', '37.782668', '-122.425058', 12, 0, '37,38,39,40,41,42,43', 'https://www.youtube.com/watch?v=UfEiKK-iX70', '2100.00', '846.00', 8, 1, 17, '[{\"title\":\"When and where does the tour end?\",\"content\":\"Your tour will conclude in San Francisco on Day 8 of the trip. There are no activities planned for this day so you\'re free to depart at any time. We highly recommend booking post-accommodation to give yourself time to fully experience the wonders of this iconic city!\"},{\"title\":\"When and where does the tour start?\",\"content\":\"Day 1 of this tour is an arrivals day, which gives you a chance to settle into your hotel and explore Los Angeles. The only planned activity for this day is an evening welcome meeting at 7pm, where you can get to know your guides and fellow travellers. Please be aware that the meeting point is subject to change until your final documents are released.\"},{\"title\":\"Do you arrange airport transfers?\",\"content\":\"Airport transfers are not included in the price of this tour, however you can book for an arrival transfer in advance. In this case a tour operator representative will be at the airport to greet you. To arrange this please contact our customer service team once you have a confirmed booking.\"},{\"title\":\"What is the age range\",\"content\":\"This tour has an age range of 12-70 years old, this means children under the age of 12 will not be eligible to participate in this tour. However, if you are over 70 years please contact us as you may be eligible to join the tour if you fill out G Adventures self-assessment form.\"}]', 'publish', NULL, 1, NULL, NULL, NULL, NULL, '2024-01-27 03:40:33', '2024-01-27 03:40:34', 1, '[{\"title\":\"Specialized bilingual guide\"},{\"title\":\"Private Transport\"},{\"title\":\"Entrance fees (Cable and car and Moon Valley)\"},{\"title\":\"Box lunch water, banana apple and chocolate\"}]', '[{\"title\":\"Additional Services\"},{\"title\":\"Insurance\"},{\"title\":\"Drink\"},{\"title\":\"Tickets\"}]', '[{\"image_id\":\"110\",\"title\":\"Day 1\",\"desc\":\"Los Angeles\",\"content\":\"There are no activities planned until an evening welcome meeting. Additional Notes: We highly recommend booking pre-tour accommodation to fully experience this crazy city.\"},{\"image_id\":\"109\",\"title\":\"Day 2\",\"desc\":\"Lake Havasu City\",\"content\":\"Pack up the van in the morning and check out the stars on the most famous sidewalk in Hollywood on an orientation tour\"},{\"image_id\":\"108\",\"title\":\"Day 3\",\"desc\":\"Las Vegas\\/Bakersfield\",\"content\":\"Travel to one of the country\'s most rugged landscapes \\u2014 the legendary Death Valley, California. Soak in the dramatic landscape. In the afternoon, continue on to Bakersfield for the night.\"},{\"image_id\":\"107\",\"title\":\"Day 4\",\"desc\":\"San Francisco\",\"content\":\"We highly recommend booking post-accommodation to fully experience this famous city.\"}]', '4.3', NULL);
INSERT INTO `bravo_tours` (`id`, `title`, `slug`, `content`, `image_id`, `banner_image_id`, `short_desc`, `category_id`, `location_id`, `address`, `map_lat`, `map_lng`, `map_zoom`, `is_featured`, `gallery`, `video`, `price`, `sale_price`, `duration`, `min_people`, `max_people`, `faqs`, `status`, `publish_date`, `create_user`, `update_user`, `deleted_at`, `origin_id`, `lang`, `created_at`, `updated_at`, `default_state`, `include`, `exclude`, `itinerary`, `review_score`, `ical_import_url`) VALUES
(13, 'Hollywood Sign Small Group Tour in Luxury Van', 'hollywood-sign-small-group-tour-in-luxury-van', '<p>Start and end in San Francisco! With the in-depth cultural tour Northern California Summer 2019, you have a 8 day tour package taking you through San Francisco, USA and 9 other destinations in USA. Northern California Summer 2019 includes accommodation as well as an expert guide, meals, transport and more.</p><h4>HIGHLIGHTS</h4><ul><li>Visit the Museum of Modern Art in Manhattan</li><li>See amazing works of contemporary art, including Vincent van Gogh\'s The Starry Night</li><li>Check out Campbell\'s Soup Cans by Warhol and The Dance (I) by Matisse</li><li>Behold masterpieces by Gauguin, Dali, Picasso, and Pollock</li><li>Enjoy free audio guides available in English, French, German, Italian, Spanish, Portuguese</li></ul>', 33, 56, 'From the iconic to the unexpected, the city of San Francisco never ceases to surprise. Kick-start your effortlessly delivered Northern California holiday in the cosmopolitan hills of \'The City\'. Join your Travel Director and fellow travellers for a Welcome Reception at your hotel.Welcome Reception', 2, 8, 'Virginia', '37.445688', '-78.673668', 12, 0, '37,38,39,40,41,42,43', 'https://www.youtube.com/watch?v=UfEiKK-iX70', '2100.00', '1752.00', 1, 1, 13, '[{\"title\":\"When and where does the tour end?\",\"content\":\"Your tour will conclude in San Francisco on Day 8 of the trip. There are no activities planned for this day so you\'re free to depart at any time. We highly recommend booking post-accommodation to give yourself time to fully experience the wonders of this iconic city!\"},{\"title\":\"When and where does the tour start?\",\"content\":\"Day 1 of this tour is an arrivals day, which gives you a chance to settle into your hotel and explore Los Angeles. The only planned activity for this day is an evening welcome meeting at 7pm, where you can get to know your guides and fellow travellers. Please be aware that the meeting point is subject to change until your final documents are released.\"},{\"title\":\"Do you arrange airport transfers?\",\"content\":\"Airport transfers are not included in the price of this tour, however you can book for an arrival transfer in advance. In this case a tour operator representative will be at the airport to greet you. To arrange this please contact our customer service team once you have a confirmed booking.\"},{\"title\":\"What is the age range\",\"content\":\"This tour has an age range of 12-70 years old, this means children under the age of 12 will not be eligible to participate in this tour. However, if you are over 70 years please contact us as you may be eligible to join the tour if you fill out G Adventures self-assessment form.\"}]', 'publish', NULL, 5, NULL, NULL, NULL, NULL, '2024-01-27 03:40:33', '2024-01-27 03:40:34', 1, '[{\"title\":\"Specialized bilingual guide\"},{\"title\":\"Private Transport\"},{\"title\":\"Entrance fees (Cable and car and Moon Valley)\"},{\"title\":\"Box lunch water, banana apple and chocolate\"}]', '[{\"title\":\"Additional Services\"},{\"title\":\"Insurance\"},{\"title\":\"Drink\"},{\"title\":\"Tickets\"}]', '[{\"image_id\":\"110\",\"title\":\"Day 1\",\"desc\":\"Los Angeles\",\"content\":\"There are no activities planned until an evening welcome meeting. Additional Notes: We highly recommend booking pre-tour accommodation to fully experience this crazy city.\"},{\"image_id\":\"109\",\"title\":\"Day 2\",\"desc\":\"Lake Havasu City\",\"content\":\"Pack up the van in the morning and check out the stars on the most famous sidewalk in Hollywood on an orientation tour\"},{\"image_id\":\"108\",\"title\":\"Day 3\",\"desc\":\"Las Vegas\\/Bakersfield\",\"content\":\"Travel to one of the country\'s most rugged landscapes \\u2014 the legendary Death Valley, California. Soak in the dramatic landscape. In the afternoon, continue on to Bakersfield for the night.\"},{\"image_id\":\"107\",\"title\":\"Day 4\",\"desc\":\"San Francisco\",\"content\":\"We highly recommend booking post-accommodation to fully experience this famous city.\"}]', '4.3', NULL),
(14, 'San Francisco Express Never Ceases', 'san-francisco-express', '<p>Start and end in San Francisco! With the in-depth cultural tour Northern California Summer 2019, you have a 8 day tour package taking you through San Francisco, USA and 9 other destinations in USA. Northern California Summer 2019 includes accommodation as well as an expert guide, meals, transport and more.</p><h4>HIGHLIGHTS</h4><ul><li>Visit the Museum of Modern Art in Manhattan</li><li>See amazing works of contemporary art, including Vincent van Gogh\'s The Starry Night</li><li>Check out Campbell\'s Soup Cans by Warhol and The Dance (I) by Matisse</li><li>Behold masterpieces by Gauguin, Dali, Picasso, and Pollock</li><li>Enjoy free audio guides available in English, French, German, Italian, Spanish, Portuguese</li></ul>', 34, 57, 'From the iconic to the unexpected, the city of San Francisco never ceases to surprise. Kick-start your effortlessly delivered Northern California holiday in the cosmopolitan hills of \'The City\'. Join your Travel Director and fellow travellers for a Welcome Reception at your hotel.Welcome Reception', 4, 7, 'Comprehensive Cancer Center', '37.757522', '-122.447984', 12, 0, '37,38,39,40,41,42,43', 'https://www.youtube.com/watch?v=UfEiKK-iX70', '2100.00', '124.00', 3, 1, 12, '[{\"title\":\"When and where does the tour end?\",\"content\":\"Your tour will conclude in San Francisco on Day 8 of the trip. There are no activities planned for this day so you\'re free to depart at any time. We highly recommend booking post-accommodation to give yourself time to fully experience the wonders of this iconic city!\"},{\"title\":\"When and where does the tour start?\",\"content\":\"Day 1 of this tour is an arrivals day, which gives you a chance to settle into your hotel and explore Los Angeles. The only planned activity for this day is an evening welcome meeting at 7pm, where you can get to know your guides and fellow travellers. Please be aware that the meeting point is subject to change until your final documents are released.\"},{\"title\":\"Do you arrange airport transfers?\",\"content\":\"Airport transfers are not included in the price of this tour, however you can book for an arrival transfer in advance. In this case a tour operator representative will be at the airport to greet you. To arrange this please contact our customer service team once you have a confirmed booking.\"},{\"title\":\"What is the age range\",\"content\":\"This tour has an age range of 12-70 years old, this means children under the age of 12 will not be eligible to participate in this tour. However, if you are over 70 years please contact us as you may be eligible to join the tour if you fill out G Adventures self-assessment form.\"}]', 'publish', NULL, 1, NULL, NULL, NULL, NULL, '2024-01-27 03:40:33', '2024-01-27 03:40:34', 1, '[{\"title\":\"Specialized bilingual guide\"},{\"title\":\"Private Transport\"},{\"title\":\"Entrance fees (Cable and car and Moon Valley)\"},{\"title\":\"Box lunch water, banana apple and chocolate\"}]', '[{\"title\":\"Additional Services\"},{\"title\":\"Insurance\"},{\"title\":\"Drink\"},{\"title\":\"Tickets\"}]', '[{\"image_id\":\"110\",\"title\":\"Day 1\",\"desc\":\"Los Angeles\",\"content\":\"There are no activities planned until an evening welcome meeting. Additional Notes: We highly recommend booking pre-tour accommodation to fully experience this crazy city.\"},{\"image_id\":\"109\",\"title\":\"Day 2\",\"desc\":\"Lake Havasu City\",\"content\":\"Pack up the van in the morning and check out the stars on the most famous sidewalk in Hollywood on an orientation tour\"},{\"image_id\":\"108\",\"title\":\"Day 3\",\"desc\":\"Las Vegas\\/Bakersfield\",\"content\":\"Travel to one of the country\'s most rugged landscapes \\u2014 the legendary Death Valley, California. Soak in the dramatic landscape. In the afternoon, continue on to Bakersfield for the night.\"},{\"image_id\":\"107\",\"title\":\"Day 4\",\"desc\":\"San Francisco\",\"content\":\"We highly recommend booking post-accommodation to fully experience this famous city.\"}]', '4.5', NULL),
(15, 'Cannes and Antibes Night Tour', 'cannes-and-antibes-night-tour', '<p>Start and end in San Francisco! With the in-depth cultural tour Northern California Summer 2019, you have a 8 day tour package taking you through San Francisco, USA and 9 other destinations in USA. Northern California Summer 2019 includes accommodation as well as an expert guide, meals, transport and more.</p><h4>HIGHLIGHTS</h4><ul><li>Visit the Museum of Modern Art in Manhattan</li><li>See amazing works of contemporary art, including Vincent van Gogh\'s The Starry Night</li><li>Check out Campbell\'s Soup Cans by Warhol and The Dance (I) by Matisse</li><li>Behold masterpieces by Gauguin, Dali, Picasso, and Pollock</li><li>Enjoy free audio guides available in English, French, German, Italian, Spanish, Portuguese</li></ul>', 35, 58, 'From the iconic to the unexpected, the city of San Francisco never ceases to surprise. Kick-start your effortlessly delivered Northern California holiday in the cosmopolitan hills of \'The City\'. Join your Travel Director and fellow travellers for a Welcome Reception at your hotel.Welcome Reception', 2, 1, 'UCSF Helen Diller Family', '36.201066', '-88.112292', 12, 0, '37,38,39,40,41,42,43', 'https://www.youtube.com/watch?v=UfEiKK-iX70', '2100.00', '279.00', 9, 1, 10, '[{\"title\":\"When and where does the tour end?\",\"content\":\"Your tour will conclude in San Francisco on Day 8 of the trip. There are no activities planned for this day so you\'re free to depart at any time. We highly recommend booking post-accommodation to give yourself time to fully experience the wonders of this iconic city!\"},{\"title\":\"When and where does the tour start?\",\"content\":\"Day 1 of this tour is an arrivals day, which gives you a chance to settle into your hotel and explore Los Angeles. The only planned activity for this day is an evening welcome meeting at 7pm, where you can get to know your guides and fellow travellers. Please be aware that the meeting point is subject to change until your final documents are released.\"},{\"title\":\"Do you arrange airport transfers?\",\"content\":\"Airport transfers are not included in the price of this tour, however you can book for an arrival transfer in advance. In this case a tour operator representative will be at the airport to greet you. To arrange this please contact our customer service team once you have a confirmed booking.\"},{\"title\":\"What is the age range\",\"content\":\"This tour has an age range of 12-70 years old, this means children under the age of 12 will not be eligible to participate in this tour. However, if you are over 70 years please contact us as you may be eligible to join the tour if you fill out G Adventures self-assessment form.\"}]', 'publish', NULL, 6, NULL, NULL, NULL, NULL, '2024-01-27 03:40:33', '2024-01-27 03:40:34', 1, '[{\"title\":\"Specialized bilingual guide\"},{\"title\":\"Private Transport\"},{\"title\":\"Entrance fees (Cable and car and Moon Valley)\"},{\"title\":\"Box lunch water, banana apple and chocolate\"}]', '[{\"title\":\"Additional Services\"},{\"title\":\"Insurance\"},{\"title\":\"Drink\"},{\"title\":\"Tickets\"}]', '[{\"image_id\":\"110\",\"title\":\"Day 1\",\"desc\":\"Los Angeles\",\"content\":\"There are no activities planned until an evening welcome meeting. Additional Notes: We highly recommend booking pre-tour accommodation to fully experience this crazy city.\"},{\"image_id\":\"109\",\"title\":\"Day 2\",\"desc\":\"Lake Havasu City\",\"content\":\"Pack up the van in the morning and check out the stars on the most famous sidewalk in Hollywood on an orientation tour\"},{\"image_id\":\"108\",\"title\":\"Day 3\",\"desc\":\"Las Vegas\\/Bakersfield\",\"content\":\"Travel to one of the country\'s most rugged landscapes \\u2014 the legendary Death Valley, California. Soak in the dramatic landscape. In the afternoon, continue on to Bakersfield for the night.\"},{\"image_id\":\"107\",\"title\":\"Day 4\",\"desc\":\"San Francisco\",\"content\":\"We highly recommend booking post-accommodation to fully experience this famous city.\"}]', '4.3', NULL),
(16, 'River Cruise Tour on the Seine', 'river-cruise-tour-on-the-seine', '<p>Start and end in San Francisco! With the in-depth cultural tour Northern California Summer 2019, you have a 8 day tour package taking you through San Francisco, USA and 9 other destinations in USA. Northern California Summer 2019 includes accommodation as well as an expert guide, meals, transport and more.</p><h4>HIGHLIGHTS</h4><ul><li>Visit the Museum of Modern Art in Manhattan</li><li>See amazing works of contemporary art, including Vincent van Gogh\'s The Starry Night</li><li>Check out Campbell\'s Soup Cans by Warhol and The Dance (I) by Matisse</li><li>Behold masterpieces by Gauguin, Dali, Picasso, and Pollock</li><li>Enjoy free audio guides available in English, French, German, Italian, Spanish, Portuguese</li></ul>', 36, 59, 'From the iconic to the unexpected, the city of San Francisco never ceases to surprise. Kick-start your effortlessly delivered Northern California holiday in the cosmopolitan hills of \'The City\'. Join your Travel Director and fellow travellers for a Welcome Reception at your hotel.Welcome Reception', 3, 1, 'Nevada, US', '36.401066', '-88.312292', 12, 0, '37,38,39,40,41,42,43', 'https://www.youtube.com/watch?v=UfEiKK-iX70', '2100.00', '1181.00', 9, 1, 17, '[{\"title\":\"When and where does the tour end?\",\"content\":\"Your tour will conclude in San Francisco on Day 8 of the trip. There are no activities planned for this day so you\'re free to depart at any time. We highly recommend booking post-accommodation to give yourself time to fully experience the wonders of this iconic city!\"},{\"title\":\"When and where does the tour start?\",\"content\":\"Day 1 of this tour is an arrivals day, which gives you a chance to settle into your hotel and explore Los Angeles. The only planned activity for this day is an evening welcome meeting at 7pm, where you can get to know your guides and fellow travellers. Please be aware that the meeting point is subject to change until your final documents are released.\"},{\"title\":\"Do you arrange airport transfers?\",\"content\":\"Airport transfers are not included in the price of this tour, however you can book for an arrival transfer in advance. In this case a tour operator representative will be at the airport to greet you. To arrange this please contact our customer service team once you have a confirmed booking.\"},{\"title\":\"What is the age range\",\"content\":\"This tour has an age range of 12-70 years old, this means children under the age of 12 will not be eligible to participate in this tour. However, if you are over 70 years please contact us as you may be eligible to join the tour if you fill out G Adventures self-assessment form.\"}]', 'publish', NULL, 1, NULL, NULL, NULL, NULL, '2024-01-27 03:40:33', '2024-01-27 03:40:34', 1, '[{\"title\":\"Specialized bilingual guide\"},{\"title\":\"Private Transport\"},{\"title\":\"Entrance fees (Cable and car and Moon Valley)\"},{\"title\":\"Box lunch water, banana apple and chocolate\"}]', '[{\"title\":\"Additional Services\"},{\"title\":\"Insurance\"},{\"title\":\"Drink\"},{\"title\":\"Tickets\"}]', '[{\"image_id\":\"110\",\"title\":\"Day 1\",\"desc\":\"Los Angeles\",\"content\":\"There are no activities planned until an evening welcome meeting. Additional Notes: We highly recommend booking pre-tour accommodation to fully experience this crazy city.\"},{\"image_id\":\"109\",\"title\":\"Day 2\",\"desc\":\"Lake Havasu City\",\"content\":\"Pack up the van in the morning and check out the stars on the most famous sidewalk in Hollywood on an orientation tour\"},{\"image_id\":\"108\",\"title\":\"Day 3\",\"desc\":\"Las Vegas\\/Bakersfield\",\"content\":\"Travel to one of the country\'s most rugged landscapes \\u2014 the legendary Death Valley, California. Soak in the dramatic landscape. In the afternoon, continue on to Bakersfield for the night.\"},{\"image_id\":\"107\",\"title\":\"Day 4\",\"desc\":\"San Francisco\",\"content\":\"We highly recommend booking post-accommodation to fully experience this famous city.\"}]', '4.3', NULL);

-- --------------------------------------------------------

--
-- Table structure for table `bravo_tour_category`
--

CREATE TABLE `bravo_tour_category` (
  `id` bigint(20) UNSIGNED NOT NULL,
  `name` varchar(255) DEFAULT NULL,
  `content` text DEFAULT NULL,
  `slug` varchar(255) DEFAULT NULL,
  `status` varchar(50) DEFAULT NULL,
  `_lft` int(10) UNSIGNED NOT NULL DEFAULT 0,
  `_rgt` int(10) UNSIGNED NOT NULL DEFAULT 0,
  `parent_id` int(10) UNSIGNED DEFAULT NULL,
  `create_user` int(11) DEFAULT NULL,
  `update_user` int(11) DEFAULT NULL,
  `deleted_at` timestamp NULL DEFAULT NULL,
  `origin_id` bigint(20) DEFAULT NULL,
  `lang` varchar(10) DEFAULT NULL,
  `created_at` timestamp NULL DEFAULT NULL,
  `updated_at` timestamp NULL DEFAULT NULL
) ENGINE=InnoDB DEFAULT CHARSET=utf8mb4 COLLATE=utf8mb4_unicode_ci;

--
-- Dumping data for table `bravo_tour_category`
--

INSERT INTO `bravo_tour_category` (`id`, `name`, `content`, `slug`, `status`, `_lft`, `_rgt`, `parent_id`, `create_user`, `update_user`, `deleted_at`, `origin_id`, `lang`, `created_at`, `updated_at`) VALUES
(1, 'City trips', '', 'city-trips', 'publish', 1, 2, NULL, NULL, NULL, NULL, NULL, NULL, '2024-01-27 03:40:33', '2024-01-27 03:40:33'),
(2, 'Ecotourism', '', 'ecotourism', 'publish', 3, 4, NULL, NULL, NULL, NULL, NULL, NULL, '2024-01-27 03:40:33', '2024-01-27 03:40:33'),
(3, 'Escorted tour', '', 'escorted-tour', 'publish', 5, 6, NULL, NULL, NULL, NULL, NULL, NULL, '2024-01-27 03:40:33', '2024-01-27 03:40:33'),
(4, 'Ligula', '', 'ligula', 'publish', 7, 8, NULL, NULL, NULL, NULL, NULL, NULL, '2024-01-27 03:40:33', '2024-01-27 03:40:33');

-- --------------------------------------------------------

--
-- Table structure for table `bravo_tour_category_translations`
--

CREATE TABLE `bravo_tour_category_translations` (
  `id` bigint(20) UNSIGNED NOT NULL,
  `origin_id` bigint(20) DEFAULT NULL,
  `locale` varchar(10) DEFAULT NULL,
  `name` varchar(255) DEFAULT NULL,
  `content` text DEFAULT NULL,
  `create_user` int(11) DEFAULT NULL,
  `update_user` int(11) DEFAULT NULL,
  `created_at` timestamp NULL DEFAULT NULL,
  `updated_at` timestamp NULL DEFAULT NULL
) ENGINE=InnoDB DEFAULT CHARSET=utf8mb4 COLLATE=utf8mb4_unicode_ci;

-- --------------------------------------------------------

--
-- Table structure for table `bravo_tour_dates`
--

CREATE TABLE `bravo_tour_dates` (
  `id` bigint(20) UNSIGNED NOT NULL,
  `target_id` bigint(20) DEFAULT NULL,
  `start_date` timestamp NULL DEFAULT NULL,
  `end_date` timestamp NULL DEFAULT NULL,
  `price` decimal(12,2) DEFAULT NULL,
  `person_types` text DEFAULT NULL,
  `max_guests` tinyint(4) DEFAULT NULL,
  `active` tinyint(4) DEFAULT 0,
  `note_to_customer` text DEFAULT NULL,
  `note_to_admin` text DEFAULT NULL,
  `is_instant` tinyint(4) DEFAULT 0,
  `create_user` bigint(20) DEFAULT NULL,
  `update_user` bigint(20) DEFAULT NULL,
  `created_at` timestamp NULL DEFAULT NULL,
  `updated_at` timestamp NULL DEFAULT NULL
) ENGINE=InnoDB DEFAULT CHARSET=utf8mb4 COLLATE=utf8mb4_unicode_ci;

-- --------------------------------------------------------

--
-- Table structure for table `bravo_tour_meta`
--

CREATE TABLE `bravo_tour_meta` (
  `id` bigint(20) UNSIGNED NOT NULL,
  `tour_id` int(11) DEFAULT NULL,
  `enable_person_types` tinyint(4) DEFAULT NULL,
  `person_types` text DEFAULT NULL,
  `enable_extra_price` tinyint(4) DEFAULT NULL,
  `extra_price` text DEFAULT NULL,
  `discount_by_people` text DEFAULT NULL,
  `enable_open_hours` tinyint(4) DEFAULT NULL,
  `open_hours` text DEFAULT NULL,
  `create_user` int(11) DEFAULT NULL,
  `update_user` int(11) DEFAULT NULL,
  `created_at` timestamp NULL DEFAULT NULL,
  `updated_at` timestamp NULL DEFAULT NULL
) ENGINE=InnoDB DEFAULT CHARSET=utf8mb4 COLLATE=utf8mb4_unicode_ci;

--
-- Dumping data for table `bravo_tour_meta`
--

INSERT INTO `bravo_tour_meta` (`id`, `tour_id`, `enable_person_types`, `person_types`, `enable_extra_price`, `extra_price`, `discount_by_people`, `enable_open_hours`, `open_hours`, `create_user`, `update_user`, `created_at`, `updated_at`) VALUES
(1, 1, 1, '[{\"name\":\"Adult\",\"desc\":\"Age 18+\",\"min\":\"1\",\"max\":\"10\",\"price\":\"1000\"},{\"name\":\"Child\",\"desc\":\"Age 6-17\",\"min\":\"0\",\"max\":\"10\",\"price\":\"300\"}]', 1, '[{\"name\":\"Clean\",\"price\":\"100\",\"type\":\"one_time\"}]', NULL, NULL, NULL, NULL, NULL, NULL, NULL),
(2, 2, 1, '[{\"name\":\"Adult\",\"desc\":\"Age 18+\",\"min\":\"1\",\"max\":\"10\",\"price\":\"1000\"},{\"name\":\"Child\",\"desc\":\"Age 6-17\",\"min\":\"0\",\"max\":\"10\",\"price\":\"300\"}]', 1, '[{\"name\":\"Clean\",\"price\":\"100\",\"type\":\"one_time\"}]', NULL, NULL, NULL, NULL, NULL, NULL, NULL),
(3, 3, 1, '[{\"name\":\"Adult\",\"desc\":\"Age 18+\",\"min\":\"1\",\"max\":\"10\",\"price\":\"1000\"},{\"name\":\"Child\",\"desc\":\"Age 6-17\",\"min\":\"0\",\"max\":\"10\",\"price\":\"300\"}]', 1, '[{\"name\":\"Clean\",\"price\":\"100\",\"type\":\"one_time\"}]', NULL, NULL, NULL, NULL, NULL, NULL, NULL),
(4, 4, 1, '[{\"name\":\"Adult\",\"desc\":\"Age 18+\",\"min\":\"1\",\"max\":\"10\",\"price\":\"1000\"},{\"name\":\"Child\",\"desc\":\"Age 6-17\",\"min\":\"0\",\"max\":\"10\",\"price\":\"300\"}]', 1, '[{\"name\":\"Clean\",\"price\":\"100\",\"type\":\"one_time\"}]', NULL, NULL, NULL, NULL, NULL, NULL, NULL),
(5, 5, 1, '[{\"name\":\"Adult\",\"desc\":\"Age 18+\",\"min\":\"1\",\"max\":\"10\",\"price\":\"1000\"},{\"name\":\"Child\",\"desc\":\"Age 6-17\",\"min\":\"0\",\"max\":\"10\",\"price\":\"300\"}]', 1, '[{\"name\":\"Clean\",\"price\":\"100\",\"type\":\"one_time\"}]', NULL, NULL, NULL, NULL, NULL, NULL, NULL),
(6, 6, 1, '[{\"name\":\"Adult\",\"desc\":\"Age 18+\",\"min\":\"1\",\"max\":\"10\",\"price\":\"1000\"},{\"name\":\"Child\",\"desc\":\"Age 6-17\",\"min\":\"0\",\"max\":\"10\",\"price\":\"300\"}]', 1, '[{\"name\":\"Clean\",\"price\":\"100\",\"type\":\"one_time\"}]', NULL, NULL, NULL, NULL, NULL, NULL, NULL),
(7, 7, 1, '[{\"name\":\"Adult\",\"desc\":\"Age 18+\",\"min\":\"1\",\"max\":\"10\",\"price\":\"1000\"},{\"name\":\"Child\",\"desc\":\"Age 6-17\",\"min\":\"0\",\"max\":\"10\",\"price\":\"300\"}]', 1, '[{\"name\":\"Clean\",\"price\":\"100\",\"type\":\"one_time\"}]', NULL, NULL, NULL, NULL, NULL, NULL, NULL),
(8, 8, 1, '[{\"name\":\"Adult\",\"desc\":\"Age 18+\",\"min\":\"1\",\"max\":\"10\",\"price\":\"1000\"},{\"name\":\"Child\",\"desc\":\"Age 6-17\",\"min\":\"0\",\"max\":\"10\",\"price\":\"300\"}]', 1, '[{\"name\":\"Clean\",\"price\":\"100\",\"type\":\"one_time\"}]', NULL, NULL, NULL, NULL, NULL, NULL, NULL),
(9, 9, 1, '[{\"name\":\"Adult\",\"desc\":\"Age 18+\",\"min\":\"1\",\"max\":\"10\",\"price\":\"1000\"},{\"name\":\"Child\",\"desc\":\"Age 6-17\",\"min\":\"0\",\"max\":\"10\",\"price\":\"300\"}]', 1, '[{\"name\":\"Clean\",\"price\":\"100\",\"type\":\"one_time\"}]', NULL, NULL, NULL, NULL, NULL, NULL, NULL),
(10, 10, 1, '[{\"name\":\"Adult\",\"desc\":\"Age 18+\",\"min\":\"1\",\"max\":\"10\",\"price\":\"1000\"},{\"name\":\"Child\",\"desc\":\"Age 6-17\",\"min\":\"0\",\"max\":\"10\",\"price\":\"300\"}]', 1, '[{\"name\":\"Clean\",\"price\":\"100\",\"type\":\"one_time\"}]', NULL, NULL, NULL, NULL, NULL, NULL, NULL),
(11, 11, 1, '[{\"name\":\"Adult\",\"desc\":\"Age 18+\",\"min\":\"1\",\"max\":\"10\",\"price\":\"1000\"},{\"name\":\"Child\",\"desc\":\"Age 6-17\",\"min\":\"0\",\"max\":\"10\",\"price\":\"300\"}]', 1, '[{\"name\":\"Clean\",\"price\":\"100\",\"type\":\"one_time\"}]', NULL, NULL, NULL, NULL, NULL, NULL, NULL),
(12, 12, 1, '[{\"name\":\"Adult\",\"desc\":\"Age 18+\",\"min\":\"1\",\"max\":\"10\",\"price\":\"1000\"},{\"name\":\"Child\",\"desc\":\"Age 6-17\",\"min\":\"0\",\"max\":\"10\",\"price\":\"300\"}]', 1, '[{\"name\":\"Clean\",\"price\":\"100\",\"type\":\"one_time\"}]', NULL, NULL, NULL, NULL, NULL, NULL, NULL),
(13, 13, 1, '[{\"name\":\"Adult\",\"desc\":\"Age 18+\",\"min\":\"1\",\"max\":\"10\",\"price\":\"1000\"},{\"name\":\"Child\",\"desc\":\"Age 6-17\",\"min\":\"0\",\"max\":\"10\",\"price\":\"300\"}]', 1, '[{\"name\":\"Clean\",\"price\":\"100\",\"type\":\"one_time\"}]', NULL, NULL, NULL, NULL, NULL, NULL, NULL),
(14, 14, 1, '[{\"name\":\"Adult\",\"desc\":\"Age 18+\",\"min\":\"1\",\"max\":\"10\",\"price\":\"1000\"},{\"name\":\"Child\",\"desc\":\"Age 6-17\",\"min\":\"0\",\"max\":\"10\",\"price\":\"300\"}]', 1, '[{\"name\":\"Clean\",\"price\":\"100\",\"type\":\"one_time\"}]', NULL, NULL, NULL, NULL, NULL, NULL, NULL),
(15, 15, 1, '[{\"name\":\"Adult\",\"desc\":\"Age 18+\",\"min\":\"1\",\"max\":\"10\",\"price\":\"1000\"},{\"name\":\"Child\",\"desc\":\"Age 6-17\",\"min\":\"0\",\"max\":\"10\",\"price\":\"300\"}]', 1, '[{\"name\":\"Clean\",\"price\":\"100\",\"type\":\"one_time\"}]', NULL, NULL, NULL, NULL, NULL, NULL, NULL),
(16, 16, 1, '[{\"name\":\"Adult\",\"desc\":\"Age 18+\",\"min\":\"1\",\"max\":\"10\",\"price\":\"1000\"},{\"name\":\"Child\",\"desc\":\"Age 6-17\",\"min\":\"0\",\"max\":\"10\",\"price\":\"300\"}]', 1, '[{\"name\":\"Clean\",\"price\":\"100\",\"type\":\"one_time\"}]', NULL, NULL, NULL, NULL, NULL, NULL, NULL);

-- --------------------------------------------------------

--
-- Table structure for table `bravo_tour_term`
--

CREATE TABLE `bravo_tour_term` (
  `id` bigint(20) UNSIGNED NOT NULL,
  `term_id` int(11) DEFAULT NULL,
  `tour_id` int(11) DEFAULT NULL,
  `create_user` bigint(20) DEFAULT NULL,
  `update_user` bigint(20) DEFAULT NULL,
  `created_at` timestamp NULL DEFAULT NULL,
  `updated_at` timestamp NULL DEFAULT NULL
) ENGINE=InnoDB DEFAULT CHARSET=utf8mb4 COLLATE=utf8mb4_unicode_ci;

--
-- Dumping data for table `bravo_tour_term`
--

INSERT INTO `bravo_tour_term` (`id`, `term_id`, `tour_id`, `create_user`, `update_user`, `created_at`, `updated_at`) VALUES
(1, 2, 1, NULL, NULL, '2024-01-27 03:40:34', '2024-01-27 03:40:34'),
(2, 3, 1, NULL, NULL, '2024-01-27 03:40:34', '2024-01-27 03:40:34'),
(3, 4, 1, NULL, NULL, '2024-01-27 03:40:34', '2024-01-27 03:40:34'),
(4, 5, 1, NULL, NULL, '2024-01-27 03:40:34', '2024-01-27 03:40:34'),
(5, 6, 1, NULL, NULL, '2024-01-27 03:40:34', '2024-01-27 03:40:34'),
(6, 7, 1, NULL, NULL, '2024-01-27 03:40:34', '2024-01-27 03:40:34'),
(7, 1, 2, NULL, NULL, '2024-01-27 03:40:34', '2024-01-27 03:40:34'),
(8, 3, 2, NULL, NULL, '2024-01-27 03:40:34', '2024-01-27 03:40:34'),
(9, 5, 2, NULL, NULL, '2024-01-27 03:40:34', '2024-01-27 03:40:34'),
(10, 6, 2, NULL, NULL, '2024-01-27 03:40:34', '2024-01-27 03:40:34'),
(11, 2, 3, NULL, NULL, '2024-01-27 03:40:34', '2024-01-27 03:40:34'),
(12, 4, 3, NULL, NULL, '2024-01-27 03:40:34', '2024-01-27 03:40:34'),
(13, 4, 4, NULL, NULL, '2024-01-27 03:40:34', '2024-01-27 03:40:34'),
(14, 5, 4, NULL, NULL, '2024-01-27 03:40:34', '2024-01-27 03:40:34'),
(15, 6, 4, NULL, NULL, '2024-01-27 03:40:34', '2024-01-27 03:40:34'),
(16, 7, 4, NULL, NULL, '2024-01-27 03:40:34', '2024-01-27 03:40:34'),
(17, 1, 5, NULL, NULL, '2024-01-27 03:40:34', '2024-01-27 03:40:34'),
(18, 2, 5, NULL, NULL, '2024-01-27 03:40:34', '2024-01-27 03:40:34'),
(19, 3, 5, NULL, NULL, '2024-01-27 03:40:34', '2024-01-27 03:40:34'),
(20, 4, 5, NULL, NULL, '2024-01-27 03:40:34', '2024-01-27 03:40:34'),
(21, 5, 5, NULL, NULL, '2024-01-27 03:40:34', '2024-01-27 03:40:34'),
(22, 6, 5, NULL, NULL, '2024-01-27 03:40:34', '2024-01-27 03:40:34'),
(23, 7, 5, NULL, NULL, '2024-01-27 03:40:34', '2024-01-27 03:40:34'),
(24, 3, 6, NULL, NULL, '2024-01-27 03:40:34', '2024-01-27 03:40:34'),
(25, 4, 6, NULL, NULL, '2024-01-27 03:40:34', '2024-01-27 03:40:34'),
(26, 6, 6, NULL, NULL, '2024-01-27 03:40:34', '2024-01-27 03:40:34'),
(27, 3, 7, NULL, NULL, '2024-01-27 03:40:34', '2024-01-27 03:40:34'),
(28, 4, 7, NULL, NULL, '2024-01-27 03:40:34', '2024-01-27 03:40:34'),
(29, 5, 7, NULL, NULL, '2024-01-27 03:40:34', '2024-01-27 03:40:34'),
(30, 6, 7, NULL, NULL, '2024-01-27 03:40:34', '2024-01-27 03:40:34'),
(31, 7, 7, NULL, NULL, '2024-01-27 03:40:34', '2024-01-27 03:40:34'),
(32, 1, 8, NULL, NULL, '2024-01-27 03:40:34', '2024-01-27 03:40:34'),
(33, 2, 8, NULL, NULL, '2024-01-27 03:40:34', '2024-01-27 03:40:34'),
(34, 3, 8, NULL, NULL, '2024-01-27 03:40:34', '2024-01-27 03:40:34'),
(35, 5, 8, NULL, NULL, '2024-01-27 03:40:34', '2024-01-27 03:40:34'),
(36, 6, 8, NULL, NULL, '2024-01-27 03:40:34', '2024-01-27 03:40:34'),
(37, 7, 8, NULL, NULL, '2024-01-27 03:40:34', '2024-01-27 03:40:34'),
(38, 1, 9, NULL, NULL, '2024-01-27 03:40:34', '2024-01-27 03:40:34'),
(39, 2, 9, NULL, NULL, '2024-01-27 03:40:34', '2024-01-27 03:40:34'),
(40, 3, 9, NULL, NULL, '2024-01-27 03:40:34', '2024-01-27 03:40:34'),
(41, 5, 9, NULL, NULL, '2024-01-27 03:40:34', '2024-01-27 03:40:34'),
(42, 6, 9, NULL, NULL, '2024-01-27 03:40:34', '2024-01-27 03:40:34'),
(43, 1, 10, NULL, NULL, '2024-01-27 03:40:34', '2024-01-27 03:40:34'),
(44, 2, 10, NULL, NULL, '2024-01-27 03:40:34', '2024-01-27 03:40:34'),
(45, 3, 10, NULL, NULL, '2024-01-27 03:40:34', '2024-01-27 03:40:34'),
(46, 6, 10, NULL, NULL, '2024-01-27 03:40:34', '2024-01-27 03:40:34'),
(47, 7, 10, NULL, NULL, '2024-01-27 03:40:34', '2024-01-27 03:40:34'),
(48, 1, 11, NULL, NULL, '2024-01-27 03:40:34', '2024-01-27 03:40:34'),
(49, 2, 11, NULL, NULL, '2024-01-27 03:40:34', '2024-01-27 03:40:34'),
(50, 3, 11, NULL, NULL, '2024-01-27 03:40:34', '2024-01-27 03:40:34'),
(51, 6, 11, NULL, NULL, '2024-01-27 03:40:34', '2024-01-27 03:40:34'),
(52, 7, 11, NULL, NULL, '2024-01-27 03:40:34', '2024-01-27 03:40:34'),
(53, 1, 12, NULL, NULL, '2024-01-27 03:40:34', '2024-01-27 03:40:34'),
(54, 2, 12, NULL, NULL, '2024-01-27 03:40:34', '2024-01-27 03:40:34'),
(55, 3, 12, NULL, NULL, '2024-01-27 03:40:34', '2024-01-27 03:40:34'),
(56, 6, 12, NULL, NULL, '2024-01-27 03:40:34', '2024-01-27 03:40:34'),
(57, 7, 12, NULL, NULL, '2024-01-27 03:40:34', '2024-01-27 03:40:34'),
(58, 1, 13, NULL, NULL, '2024-01-27 03:40:34', '2024-01-27 03:40:34'),
(59, 3, 13, NULL, NULL, '2024-01-27 03:40:34', '2024-01-27 03:40:34'),
(60, 4, 13, NULL, NULL, '2024-01-27 03:40:34', '2024-01-27 03:40:34'),
(61, 5, 13, NULL, NULL, '2024-01-27 03:40:34', '2024-01-27 03:40:34'),
(62, 6, 13, NULL, NULL, '2024-01-27 03:40:34', '2024-01-27 03:40:34'),
(63, 7, 13, NULL, NULL, '2024-01-27 03:40:34', '2024-01-27 03:40:34'),
(64, 1, 14, NULL, NULL, '2024-01-27 03:40:34', '2024-01-27 03:40:34'),
(65, 2, 14, NULL, NULL, '2024-01-27 03:40:34', '2024-01-27 03:40:34'),
(66, 3, 14, NULL, NULL, '2024-01-27 03:40:34', '2024-01-27 03:40:34'),
(67, 4, 14, NULL, NULL, '2024-01-27 03:40:34', '2024-01-27 03:40:34'),
(68, 5, 14, NULL, NULL, '2024-01-27 03:40:34', '2024-01-27 03:40:34'),
(69, 6, 14, NULL, NULL, '2024-01-27 03:40:34', '2024-01-27 03:40:34'),
(70, 7, 14, NULL, NULL, '2024-01-27 03:40:34', '2024-01-27 03:40:34'),
(71, 1, 15, NULL, NULL, '2024-01-27 03:40:34', '2024-01-27 03:40:34'),
(72, 3, 15, NULL, NULL, '2024-01-27 03:40:34', '2024-01-27 03:40:34'),
(73, 4, 15, NULL, NULL, '2024-01-27 03:40:34', '2024-01-27 03:40:34'),
(74, 5, 15, NULL, NULL, '2024-01-27 03:40:34', '2024-01-27 03:40:34'),
(75, 6, 15, NULL, NULL, '2024-01-27 03:40:34', '2024-01-27 03:40:34'),
(76, 1, 16, NULL, NULL, '2024-01-27 03:40:34', '2024-01-27 03:40:34'),
(77, 3, 16, NULL, NULL, '2024-01-27 03:40:34', '2024-01-27 03:40:34'),
(78, 5, 16, NULL, NULL, '2024-01-27 03:40:34', '2024-01-27 03:40:34'),
(79, 9, 1, NULL, NULL, '2024-01-27 03:40:34', '2024-01-27 03:40:34'),
(80, 10, 1, NULL, NULL, '2024-01-27 03:40:34', '2024-01-27 03:40:34'),
(81, 11, 1, NULL, NULL, '2024-01-27 03:40:34', '2024-01-27 03:40:34'),
(82, 12, 1, NULL, NULL, '2024-01-27 03:40:34', '2024-01-27 03:40:34'),
(83, 14, 1, NULL, NULL, '2024-01-27 03:40:34', '2024-01-27 03:40:34'),
(84, 8, 2, NULL, NULL, '2024-01-27 03:40:34', '2024-01-27 03:40:34'),
(85, 9, 2, NULL, NULL, '2024-01-27 03:40:34', '2024-01-27 03:40:34'),
(86, 10, 2, NULL, NULL, '2024-01-27 03:40:34', '2024-01-27 03:40:34'),
(87, 11, 2, NULL, NULL, '2024-01-27 03:40:34', '2024-01-27 03:40:34'),
(88, 13, 2, NULL, NULL, '2024-01-27 03:40:34', '2024-01-27 03:40:34'),
(89, 14, 2, NULL, NULL, '2024-01-27 03:40:34', '2024-01-27 03:40:34'),
(90, 10, 3, NULL, NULL, '2024-01-27 03:40:34', '2024-01-27 03:40:34'),
(91, 12, 3, NULL, NULL, '2024-01-27 03:40:34', '2024-01-27 03:40:34'),
(92, 14, 3, NULL, NULL, '2024-01-27 03:40:34', '2024-01-27 03:40:34'),
(93, 9, 4, NULL, NULL, '2024-01-27 03:40:34', '2024-01-27 03:40:34'),
(94, 10, 4, NULL, NULL, '2024-01-27 03:40:34', '2024-01-27 03:40:34'),
(95, 13, 4, NULL, NULL, '2024-01-27 03:40:34', '2024-01-27 03:40:34'),
(96, 14, 4, NULL, NULL, '2024-01-27 03:40:34', '2024-01-27 03:40:34'),
(97, 8, 5, NULL, NULL, '2024-01-27 03:40:34', '2024-01-27 03:40:34'),
(98, 12, 5, NULL, NULL, '2024-01-27 03:40:34', '2024-01-27 03:40:34'),
(99, 8, 6, NULL, NULL, '2024-01-27 03:40:34', '2024-01-27 03:40:34'),
(100, 9, 6, NULL, NULL, '2024-01-27 03:40:34', '2024-01-27 03:40:34'),
(101, 10, 6, NULL, NULL, '2024-01-27 03:40:34', '2024-01-27 03:40:34'),
(102, 11, 6, NULL, NULL, '2024-01-27 03:40:34', '2024-01-27 03:40:34'),
(103, 12, 6, NULL, NULL, '2024-01-27 03:40:34', '2024-01-27 03:40:34'),
(104, 13, 6, NULL, NULL, '2024-01-27 03:40:34', '2024-01-27 03:40:34'),
(105, 8, 7, NULL, NULL, '2024-01-27 03:40:34', '2024-01-27 03:40:34'),
(106, 10, 7, NULL, NULL, '2024-01-27 03:40:34', '2024-01-27 03:40:34'),
(107, 13, 7, NULL, NULL, '2024-01-27 03:40:34', '2024-01-27 03:40:34'),
(108, 14, 7, NULL, NULL, '2024-01-27 03:40:34', '2024-01-27 03:40:34'),
(109, 8, 8, NULL, NULL, '2024-01-27 03:40:34', '2024-01-27 03:40:34'),
(110, 12, 8, NULL, NULL, '2024-01-27 03:40:34', '2024-01-27 03:40:34'),
(111, 13, 8, NULL, NULL, '2024-01-27 03:40:34', '2024-01-27 03:40:34'),
(112, 9, 9, NULL, NULL, '2024-01-27 03:40:34', '2024-01-27 03:40:34'),
(113, 10, 9, NULL, NULL, '2024-01-27 03:40:34', '2024-01-27 03:40:34'),
(114, 13, 9, NULL, NULL, '2024-01-27 03:40:34', '2024-01-27 03:40:34'),
(115, 8, 10, NULL, NULL, '2024-01-27 03:40:34', '2024-01-27 03:40:34'),
(116, 11, 10, NULL, NULL, '2024-01-27 03:40:34', '2024-01-27 03:40:34'),
(117, 12, 10, NULL, NULL, '2024-01-27 03:40:34', '2024-01-27 03:40:34'),
(118, 13, 10, NULL, NULL, '2024-01-27 03:40:34', '2024-01-27 03:40:34'),
(119, 8, 11, NULL, NULL, '2024-01-27 03:40:34', '2024-01-27 03:40:34'),
(120, 9, 11, NULL, NULL, '2024-01-27 03:40:34', '2024-01-27 03:40:34'),
(121, 12, 11, NULL, NULL, '2024-01-27 03:40:34', '2024-01-27 03:40:34'),
(122, 13, 11, NULL, NULL, '2024-01-27 03:40:34', '2024-01-27 03:40:34'),
(123, 14, 11, NULL, NULL, '2024-01-27 03:40:34', '2024-01-27 03:40:34'),
(124, 10, 12, NULL, NULL, '2024-01-27 03:40:34', '2024-01-27 03:40:34'),
(125, 11, 12, NULL, NULL, '2024-01-27 03:40:34', '2024-01-27 03:40:34'),
(126, 12, 12, NULL, NULL, '2024-01-27 03:40:34', '2024-01-27 03:40:34'),
(127, 8, 13, NULL, NULL, '2024-01-27 03:40:34', '2024-01-27 03:40:34'),
(128, 9, 13, NULL, NULL, '2024-01-27 03:40:34', '2024-01-27 03:40:34'),
(129, 10, 13, NULL, NULL, '2024-01-27 03:40:34', '2024-01-27 03:40:34'),
(130, 11, 13, NULL, NULL, '2024-01-27 03:40:34', '2024-01-27 03:40:34'),
(131, 12, 13, NULL, NULL, '2024-01-27 03:40:34', '2024-01-27 03:40:34'),
(132, 13, 13, NULL, NULL, '2024-01-27 03:40:34', '2024-01-27 03:40:34'),
(133, 14, 13, NULL, NULL, '2024-01-27 03:40:34', '2024-01-27 03:40:34'),
(134, 9, 14, NULL, NULL, '2024-01-27 03:40:34', '2024-01-27 03:40:34'),
(135, 10, 14, NULL, NULL, '2024-01-27 03:40:34', '2024-01-27 03:40:34'),
(136, 11, 14, NULL, NULL, '2024-01-27 03:40:34', '2024-01-27 03:40:34'),
(137, 12, 14, NULL, NULL, '2024-01-27 03:40:34', '2024-01-27 03:40:34'),
(138, 13, 14, NULL, NULL, '2024-01-27 03:40:34', '2024-01-27 03:40:34'),
(139, 9, 15, NULL, NULL, '2024-01-27 03:40:34', '2024-01-27 03:40:34'),
(140, 11, 15, NULL, NULL, '2024-01-27 03:40:34', '2024-01-27 03:40:34'),
(141, 12, 15, NULL, NULL, '2024-01-27 03:40:34', '2024-01-27 03:40:34'),
(142, 13, 15, NULL, NULL, '2024-01-27 03:40:34', '2024-01-27 03:40:34'),
(143, 14, 15, NULL, NULL, '2024-01-27 03:40:34', '2024-01-27 03:40:34'),
(144, 8, 16, NULL, NULL, '2024-01-27 03:40:34', '2024-01-27 03:40:34'),
(145, 10, 16, NULL, NULL, '2024-01-27 03:40:34', '2024-01-27 03:40:34'),
(146, 11, 16, NULL, NULL, '2024-01-27 03:40:34', '2024-01-27 03:40:34'),
(147, 12, 16, NULL, NULL, '2024-01-27 03:40:34', '2024-01-27 03:40:34'),
(148, 13, 16, NULL, NULL, '2024-01-27 03:40:34', '2024-01-27 03:40:34');

-- --------------------------------------------------------

--
-- Table structure for table `bravo_tour_translations`
--

CREATE TABLE `bravo_tour_translations` (
  `id` bigint(20) UNSIGNED NOT NULL,
  `origin_id` bigint(20) DEFAULT NULL,
  `locale` varchar(10) DEFAULT NULL,
  `title` varchar(255) DEFAULT NULL,
  `slug` varchar(255) CHARACTER SET utf8 COLLATE utf8_general_ci NOT NULL,
  `content` text DEFAULT NULL,
  `short_desc` text DEFAULT NULL,
  `address` varchar(255) DEFAULT NULL,
  `faqs` text DEFAULT NULL,
  `create_user` int(11) DEFAULT NULL,
  `update_user` int(11) DEFAULT NULL,
  `created_at` timestamp NULL DEFAULT NULL,
  `updated_at` timestamp NULL DEFAULT NULL,
  `include` text DEFAULT NULL,
  `exclude` text DEFAULT NULL,
  `itinerary` text DEFAULT NULL
) ENGINE=InnoDB DEFAULT CHARSET=utf8mb4 COLLATE=utf8mb4_unicode_ci;

-- --------------------------------------------------------

--
-- Table structure for table `core_inbox`
--

CREATE TABLE `core_inbox` (
  `id` bigint(20) UNSIGNED NOT NULL,
  `from_user` bigint(20) DEFAULT NULL,
  `to_user` bigint(20) DEFAULT NULL,
  `object_id` bigint(20) DEFAULT NULL,
  `object_model` varchar(50) DEFAULT NULL,
  `type` tinyint(4) DEFAULT 0,
  `create_user` int(11) DEFAULT NULL,
  `update_user` int(11) DEFAULT NULL,
  `created_at` timestamp NULL DEFAULT NULL,
  `updated_at` timestamp NULL DEFAULT NULL
) ENGINE=InnoDB DEFAULT CHARSET=utf8mb4 COLLATE=utf8mb4_unicode_ci;

-- --------------------------------------------------------

--
-- Table structure for table `core_inbox_messages`
--

CREATE TABLE `core_inbox_messages` (
  `id` bigint(20) UNSIGNED NOT NULL,
  `inbox_id` bigint(20) DEFAULT NULL,
  `from_user` bigint(20) DEFAULT NULL,
  `to_user` bigint(20) DEFAULT NULL,
  `content` text DEFAULT NULL,
  `type` tinyint(4) DEFAULT 0,
  `is_read` tinyint(4) DEFAULT 0,
  `create_user` int(11) DEFAULT NULL,
  `update_user` int(11) DEFAULT NULL,
  `created_at` timestamp NULL DEFAULT NULL,
  `updated_at` timestamp NULL DEFAULT NULL
) ENGINE=InnoDB DEFAULT CHARSET=utf8mb4 COLLATE=utf8mb4_unicode_ci;

-- --------------------------------------------------------

--
-- Table structure for table `core_languages`
--

CREATE TABLE `core_languages` (
  `id` bigint(20) UNSIGNED NOT NULL,
  `locale` varchar(10) DEFAULT NULL,
  `name` varchar(255) DEFAULT NULL,
  `flag` varchar(255) DEFAULT NULL,
  `status` varchar(20) DEFAULT NULL,
  `create_user` int(11) DEFAULT NULL,
  `update_user` int(11) DEFAULT NULL,
  `last_build_at` timestamp NULL DEFAULT NULL,
  `deleted_at` timestamp NULL DEFAULT NULL,
  `created_at` timestamp NULL DEFAULT NULL,
  `updated_at` timestamp NULL DEFAULT NULL
) ENGINE=InnoDB DEFAULT CHARSET=utf8mb4 COLLATE=utf8mb4_unicode_ci;

--
-- Dumping data for table `core_languages`
--

INSERT INTO `core_languages` (`id`, `locale`, `name`, `flag`, `status`, `create_user`, `update_user`, `last_build_at`, `deleted_at`, `created_at`, `updated_at`) VALUES
(1, 'en', 'English', 'gb', 'publish', 1, NULL, NULL, NULL, '2024-01-27 03:40:32', '2024-01-27 03:40:32'),
(2, 'ja', 'Japanese', 'jp', 'publish', 1, NULL, NULL, NULL, '2024-01-27 03:40:32', '2024-01-27 03:40:32');

-- --------------------------------------------------------

--
-- Table structure for table `core_menus`
--

CREATE TABLE `core_menus` (
  `id` bigint(20) UNSIGNED NOT NULL,
  `name` varchar(255) DEFAULT NULL,
  `items` longtext DEFAULT NULL,
  `create_user` int(11) DEFAULT NULL,
  `update_user` int(11) DEFAULT NULL,
  `origin_id` bigint(20) DEFAULT NULL,
  `lang` varchar(10) DEFAULT NULL,
  `created_at` timestamp NULL DEFAULT NULL,
  `updated_at` timestamp NULL DEFAULT NULL
) ENGINE=InnoDB DEFAULT CHARSET=utf8mb4 COLLATE=utf8mb4_unicode_ci;

--
-- Dumping data for table `core_menus`
--

INSERT INTO `core_menus` (`id`, `name`, `items`, `create_user`, `update_user`, `origin_id`, `lang`, `created_at`, `updated_at`) VALUES
(1, 'Main Menu', '[{\"name\":\"Home\",\"url\":\"\\/\",\"item_model\":\"custom\",\"model_name\":\"Custom\",\"children\":[{\"name\":\"Home Page\",\"url\":\"\\/\",\"item_model\":\"custom\",\"children\":[]},{\"name\":\"Home Hotel\",\"url\":\"\\/page\\/hotel\",\"item_model\":\"custom\",\"children\":[]},{\"name\":\"Home Tour\",\"url\":\"\\/page\\/tour\",\"item_model\":\"custom\",\"children\":[]},{\"name\":\"Home Space\",\"url\":\"\\/page\\/space\",\"item_model\":\"custom\",\"children\":[]},{\"name\":\"Home Car\",\"url\":\"\\/page\\/car\",\"item_model\":\"custom\",\"children\":[]}]},{\"name\":\"Hotel\",\"url\":\"\\/hotel\",\"item_model\":\"custom\",\"model_name\":\"Custom\",\"children\":[{\"name\":\"Hotel List\",\"url\":\"\\/hotel\",\"item_model\":\"custom\",\"model_name\":\"Custom\",\"children\":[]},{\"name\":\"Hotel Map\",\"url\":\"\\/hotel?_layout=map\",\"item_model\":\"custom\",\"model_name\":\"Custom\",\"children\":[]},{\"name\":\"Hotel Detail\",\"url\":\"\\/hotel\\/parian-holiday-villas\",\"item_model\":\"custom\",\"model_name\":\"Custom\",\"children\":[]}]},{\"name\":\"Tours\",\"url\":\"\\/tour\",\"item_model\":\"custom\",\"model_name\":\"Custom\",\"children\":[{\"name\":\"Tour List\",\"url\":\"\\/tour\",\"item_model\":\"custom\",\"model_name\":\"Custom\",\"children\":[]},{\"name\":\"Tour Map\",\"url\":\"\\/tour?_layout=map\",\"item_model\":\"custom\",\"model_name\":\"Custom\",\"children\":[]},{\"name\":\"Tour Detail\",\"url\":\"\\/tour\\/paris-vacation-travel\",\"item_model\":\"custom\",\"model_name\":\"Custom\",\"children\":[]}]},{\"name\":\"Space\",\"url\":\"\\/space\",\"item_model\":\"custom\",\"model_name\":\"Custom\",\"children\":[{\"name\":\"Space List\",\"url\":\"\\/space\",\"item_model\":\"custom\",\"model_name\":\"Custom\",\"children\":[]},{\"name\":\"Space Map\",\"url\":\"\\/space?_layout=map\",\"item_model\":\"custom\",\"model_name\":\"Custom\",\"children\":[]},{\"name\":\"Space Detail\",\"url\":\"\\/space\\/stay-greenwich-village\",\"item_model\":\"custom\",\"model_name\":\"Custom\",\"children\":[]}]},{\"name\":\"Car\",\"url\":\"\\/car\",\"item_model\":\"custom\",\"model_name\":\"Custom\",\"children\":[{\"name\":\"Car List\",\"url\":\"\\/car\",\"item_model\":\"custom\",\"model_name\":\"Custom\",\"children\":[]},{\"name\":\"Car Map\",\"url\":\"\\/car?_layout=map\",\"item_model\":\"custom\",\"model_name\":\"Custom\",\"children\":[]},{\"name\":\"Car Detail\",\"url\":\"\\/car\\/vinfast-lux-a20-plus\",\"item_model\":\"custom\",\"model_name\":\"Custom\",\"children\":[]}]},{\"name\":\"Pages\",\"url\":\"#\",\"item_model\":\"custom\",\"model_name\":\"Custom\",\"children\":[{\"name\":\"News List\",\"url\":\"\\/news\",\"item_model\":\"custom\",\"model_name\":\"Custom\",\"children\":[]},{\"name\":\"News Detail\",\"url\":\"\\/news\\/morning-in-the-northern-sea\",\"item_model\":\"custom\",\"model_name\":\"Custom\",\"children\":[]},{\"name\":\"Location Detail\",\"url\":\"\\/location\\/paris\",\"item_model\":\"custom\",\"children\":[]},{\"name\":\"Become a vendor\",\"url\":\"\\/page\\/become-a-vendor\",\"item_model\":\"custom\",\"children\":[]}]},{\"name\":\"Contact\",\"url\":\"\\/contact\",\"item_model\":\"custom\",\"model_name\":\"Custom\",\"children\":[]}]', 1, NULL, NULL, NULL, '2024-01-27 03:40:33', NULL);

-- --------------------------------------------------------

--
-- Table structure for table `core_menu_translations`
--

CREATE TABLE `core_menu_translations` (
  `id` bigint(20) UNSIGNED NOT NULL,
  `origin_id` int(10) UNSIGNED NOT NULL,
  `locale` varchar(191) NOT NULL,
  `items` longtext DEFAULT NULL,
  `create_user` int(11) DEFAULT NULL,
  `update_user` int(11) DEFAULT NULL,
  `created_at` timestamp NULL DEFAULT NULL,
  `updated_at` timestamp NULL DEFAULT NULL
) ENGINE=InnoDB DEFAULT CHARSET=utf8mb4 COLLATE=utf8mb4_unicode_ci;

--
-- Dumping data for table `core_menu_translations`
--

INSERT INTO `core_menu_translations` (`id`, `origin_id`, `locale`, `items`, `create_user`, `update_user`, `created_at`, `updated_at`) VALUES
(1, 1, 'ja', '[{\"name\":\"\\u30db\\u30fc\\u30e0\",\"url\":\"\\/ja\",\"item_model\":\"custom\",\"model_name\":\"Custom\",\"children\":[{\"name\":\"\\u30db\\u30fc\\u30e0\\u30da\\u30fc\\u30b8\",\"url\":\"\\/ja\",\"item_model\":\"custom\",\"model_name\":\"Custom\",\"children\":[]},{\"name\":\"\\u30db\\u30fc\\u30e0\\u30db\\u30c6\\u30eb\",\"url\":\"\\/ja\\/page\\/hotel\",\"item_model\":\"custom\",\"children\":[]},{\"name\":\"\\u30db\\u30fc\\u30e0 \\u30c4\\u30a2\\u30fc\",\"url\":\"\\/ja\\/page\\/tour\",\"item_model\":\"custom\",\"model_name\":\"Custom\",\"children\":[]},{\"name\":\"\\u30db\\u30fc\\u30e0\\u30b9\\u30da\\u30fc\\u30b9\",\"url\":\"\\/ja\\/page\\/space\",\"item_model\":\"custom\",\"model_name\":\"Custom\",\"children\":[]}]},{\"name\":\"\\u30db\\u30c6\\u30eb\",\"url\":\"\\/ja\\/hotel\",\"item_model\":\"custom\",\"model_name\":\"Custom\",\"children\":[{\"name\":\"\\u30db\\u30c6\\u30eb\\u4e00\\u89a7\",\"url\":\"\\/ja\\/hotel\",\"item_model\":\"custom\",\"model_name\":\"Custom\",\"children\":[]},{\"name\":\"\\u30db\\u30c6\\u30eb\\u306e\\u8a73\\u7d30\",\"url\":\"\\/ja\\/hotel\\/parian-holiday-villas\",\"item_model\":\"custom\",\"model_name\":\"Custom\",\"children\":[]}]},{\"name\":\"\\u30c4\\u30a2\\u30fc\",\"url\":\"\\/ja\\/tour\",\"item_model\":\"custom\",\"model_name\":\"Custom\",\"children\":[{\"name\":\"\\u30c4\\u30a2\\u30fc\\u30ea\\u30b9\\u30c8\",\"url\":\"\\/ja\\/tour\",\"item_model\":\"custom\",\"model_name\":\"Custom\",\"children\":[]},{\"name\":\"\\u30c4\\u30a2\\u30fc\\u30de\\u30c3\\u30d7\",\"url\":\"\\/ja\\/tour?_layout=map\",\"item_model\":\"custom\",\"model_name\":\"Custom\",\"children\":[]},{\"name\":\"\\u30c4\\u30a2\\u30fc\\u8a73\\u7d30\",\"url\":\"\\/ja\\/tour\\/paris-vacation-travel\",\"item_model\":\"custom\",\"model_name\":\"Custom\",\"children\":[]}]},{\"name\":\"\\u30b9\\u30da\\u30fc\\u30b9\",\"url\":\"\\/ja\\/space\",\"item_model\":\"custom\",\"model_name\":\"Custom\",\"children\":[{\"name\":\"\\u30b9\\u30da\\u30fc\\u30b9\\u30ea\\u30b9\\u30c8\",\"url\":\"\\/ja\\/space\",\"item_model\":\"custom\",\"model_name\":\"Custom\",\"children\":[]},{\"name\":\"\\u30b9\\u30da\\u30fc\\u30b9\\u306e\\u8a73\\u7d30\",\"url\":\"\\/ja\\/space\\/stay-greenwich-village\",\"item_model\":\"custom\",\"model_name\":\"Custom\",\"children\":[]}]},{\"name\":\"\\u30da\\u30fc\\u30b8\",\"url\":\"#\",\"item_model\":\"custom\",\"model_name\":\"Custom\",\"children\":[{\"name\":\"\\u30cb\\u30e5\\u30fc\\u30b9\\u4e00\\u89a7\",\"url\":\"\\/ja\\/news\",\"item_model\":\"custom\",\"model_name\":\"Custom\",\"children\":[]},{\"name\":\"\\u30cb\\u30e5\\u30fc\\u30b9\\u8a73\\u7d30\",\"url\":\"\\/ja\\/news\\/morning-in-the-northern-sea\",\"item_model\":\"custom\",\"model_name\":\"Custom\",\"children\":[]},{\"name\":\"\\u5834\\u6240\\u306e\\u8a73\\u7d30\",\"url\":\"\\/ja\\/location\\/paris\",\"item_model\":\"custom\",\"children\":[]},{\"name\":\"\\u30d9\\u30f3\\u30c0\\u30fc\\u306b\\u306a\\u308b\",\"url\":\"\\/ja\\/page\\/become-a-vendor\",\"item_model\":\"custom\",\"children\":[]}]},{\"name\":\"\\u63a5\\u89e6\",\"url\":\"\\/ja\\/contact\",\"item_model\":\"custom\",\"model_name\":\"Custom\",\"children\":[]}]', 1, NULL, '2024-01-27 03:40:33', NULL);

-- --------------------------------------------------------

--
-- Table structure for table `core_model_has_permissions`
--

CREATE TABLE `core_model_has_permissions` (
  `permission_id` int(10) UNSIGNED NOT NULL,
  `model_type` varchar(191) NOT NULL,
  `model_id` bigint(20) UNSIGNED NOT NULL
) ENGINE=InnoDB DEFAULT CHARSET=utf8mb4 COLLATE=utf8mb4_unicode_ci;

-- --------------------------------------------------------

--
-- Table structure for table `core_model_has_roles`
--

CREATE TABLE `core_model_has_roles` (
  `role_id` int(10) UNSIGNED NOT NULL,
  `model_type` varchar(191) NOT NULL,
  `model_id` bigint(20) UNSIGNED NOT NULL
) ENGINE=InnoDB DEFAULT CHARSET=utf8mb4 COLLATE=utf8mb4_unicode_ci;

--
-- Dumping data for table `core_model_has_roles`
--

INSERT INTO `core_model_has_roles` (`role_id`, `model_type`, `model_id`) VALUES
(1, 'App\\User', 2),
(1, 'App\\User', 4),
(1, 'App\\User', 5),
(1, 'App\\User', 6),
(2, 'App\\User', 3),
(2, 'App\\User', 8),
(2, 'App\\User', 9),
(2, 'App\\User', 10),
(2, 'App\\User', 11),
(2, 'App\\User', 12),
(2, 'App\\User', 13),
(2, 'App\\User', 14),
(2, 'App\\User', 15),
(2, 'App\\User', 16),
(2, 'App\\User', 17),
(3, 'App\\User', 1),
(3, 'App\\User', 7);

-- --------------------------------------------------------

--
-- Table structure for table `core_news`
--

CREATE TABLE `core_news` (
  `id` bigint(20) UNSIGNED NOT NULL,
  `title` varchar(255) DEFAULT NULL,
  `content` text DEFAULT NULL,
  `slug` varchar(255) DEFAULT NULL,
  `status` varchar(50) DEFAULT NULL,
  `cat_id` int(11) DEFAULT NULL,
  `image_id` int(11) DEFAULT NULL,
  `create_user` int(11) DEFAULT NULL,
  `update_user` int(11) DEFAULT NULL,
  `deleted_at` timestamp NULL DEFAULT NULL,
  `origin_id` bigint(20) DEFAULT NULL,
  `lang` varchar(10) DEFAULT NULL,
  `created_at` timestamp NULL DEFAULT NULL,
  `updated_at` timestamp NULL DEFAULT NULL
) ENGINE=InnoDB DEFAULT CHARSET=utf8mb4 COLLATE=utf8mb4_unicode_ci;

--
-- Dumping data for table `core_news`
--

INSERT INTO `core_news` (`id`, `title`, `content`, `slug`, `status`, `cat_id`, `image_id`, `create_user`, `update_user`, `deleted_at`, `origin_id`, `lang`, `created_at`, `updated_at`) VALUES
(1, 'The day on Paris', ' From the iconic to the unexpected, the city of San Francisco never ceases to surprise. Kick-start your effortlessly delivered Northern California holiday in the cosmopolitan hills of  The City . Join your Travel Director and fellow travellers for a Welcome Reception at your hotel.Welcome Reception  From the iconic to the unexpected, the city of San Francisco never ceases to surprise. Kick-start your effortlessly delivered Northern California holiday in the cosmopolitan hills of  The City . Join your Travel Director and fellow travellers for a Welcome Reception at your hotel.Welcome Reception <br/>From the iconic to the unexpected, the city of San Francisco never ceases to surprise. Kick-start your effortlessly delivered Northern California holiday in the cosmopolitan hills of  The City . Join your Travel Director and fellow travellers for a Welcome Reception at your hotel.Welcome Reception<br/>\r\n    From the iconic to the unexpected, the city of San Francisco never ceases to surprise. Kick-start your effortlessly delivered Northern California holiday in the cosmopolitan hills of  The City . Join your Travel Director and fellow travellers for a Welcome Reception at your hotel.Welcome Reception', 'the-day-on-paris', 'publish', 2, 114, 1, NULL, NULL, NULL, NULL, '2024-01-27 03:40:33', NULL),
(2, 'Pure Luxe in Punta Mita', ' From the iconic to the unexpected, the city of San Francisco never ceases to surprise. Kick-start your effortlessly delivered Northern California holiday in the cosmopolitan hills of  The City . Join your Travel Director and fellow travellers for a Welcome Reception at your hotel.Welcome Reception <br/>From the iconic to the unexpected, the city of San Francisco never ceases to surprise. Kick-start your effortlessly delivered Northern California holiday in the cosmopolitan hills of  The City . Join your Travel Director and fellow travellers for a Welcome Reception at your hotel.Welcome Reception<br/>\r\n    From the iconic to the unexpected, the city of San Francisco never ceases to surprise. Kick-start your effortlessly delivered Northern California holiday in the cosmopolitan hills of  The City . Join your Travel Director and fellow travellers for a Welcome Reception at your hotel.Welcome Reception', 'pure-luxe-in-punta-mita', 'publish', 4, 115, 1, NULL, NULL, NULL, NULL, '2024-01-27 03:40:33', NULL),
(3, 'All Aboard the Rocky Mountaineer', ' From the iconic to the unexpected, the city of San Francisco never ceases to surprise. Kick-start your effortlessly delivered Northern California holiday in the cosmopolitan hills of  The City . Join your Travel Director and fellow travellers for a Welcome Reception at your hotel.Welcome Reception  From the iconic to the unexpected, the city of San Francisco never ceases to surprise. Kick-start your effortlessly delivered Northern California holiday in the cosmopolitan hills of  The City . Join your Travel Director and fellow travellers for a Welcome Reception at your hotel.Welcome Reception <br/>From the iconic to the unexpected, the city of San Francisco never ceases to surprise. Kick-start your effortlessly delivered Northern California holiday in the cosmopolitan hills of  The City . Join your Travel Director and fellow travellers for a Welcome Reception at your hotel.Welcome Reception<br/>\r\n    From the iconic to the unexpected, the city of San Francisco never ceases to surprise. Kick-start your effortlessly delivered Northern California holiday in the cosmopolitan hills of  The City . Join your Travel Director and fellow travellers for a Welcome Reception at your hotel.Welcome Reception', 'all-aboard-the-rocky-mountaineer', 'publish', 2, 116, 1, NULL, NULL, NULL, NULL, '2024-01-27 03:40:33', NULL),
(4, 'City Spotlight: Philadelphia', ' From the iconic to the unexpected, the city of San Francisco never ceases to surprise. Kick-start your effortlessly delivered Northern California holiday in the cosmopolitan hills of  The City . Join your Travel Director and fellow travellers for a Welcome Reception at your hotel.Welcome Reception  From the iconic to the unexpected, the city of San Francisco never ceases to surprise. Kick-start your effortlessly delivered Northern California holiday in the cosmopolitan hills of  The City . Join your Travel Director and fellow travellers for a Welcome Reception at your hotel.Welcome Reception <br/>From the iconic to the unexpected, the city of San Francisco never ceases to surprise. Kick-start your effortlessly delivered Northern California holiday in the cosmopolitan hills of  The City . Join your Travel Director and fellow travellers for a Welcome Reception at your hotel.Welcome Reception<br/>\r\n    From the iconic to the unexpected, the city of San Francisco never ceases to surprise. Kick-start your effortlessly delivered Northern California holiday in the cosmopolitan hills of  The City . Join your Travel Director and fellow travellers for a Welcome Reception at your hotel.Welcome Reception', 'city-spotlight-philadelphia', 'publish', 4, 117, 1, NULL, NULL, NULL, NULL, '2024-01-27 03:40:33', NULL),
(5, 'Tiptoe through the Tulips of Washington', ' From the iconic to the unexpected, the city of San Francisco never ceases to surprise. Kick-start your effortlessly delivered Northern California holiday in the cosmopolitan hills of  The City . Join your Travel Director and fellow travellers for a Welcome Reception at your hotel.Welcome Reception  From the iconic to the unexpected, the city of San Francisco never ceases to surprise. Kick-start your effortlessly delivered Northern California holiday in the cosmopolitan hills of  The City . Join your Travel Director and fellow travellers for a Welcome Reception at your hotel.Welcome Reception <br/>From the iconic to the unexpected, the city of San Francisco never ceases to surprise. Kick-start your effortlessly delivered Northern California holiday in the cosmopolitan hills of  The City . Join your Travel Director and fellow travellers for a Welcome Reception at your hotel.Welcome Reception<br/>\r\n    From the iconic to the unexpected, the city of San Francisco never ceases to surprise. Kick-start your effortlessly delivered Northern California holiday in the cosmopolitan hills of  The City . Join your Travel Director and fellow travellers for a Welcome Reception at your hotel.Welcome Reception', 'tiptoe-through-the-tulips-of-washington', 'publish', 4, 118, 1, NULL, NULL, NULL, NULL, '2024-01-27 03:40:33', NULL),
(6, 'A Seaside Reset in Laguna Beach', ' From the iconic to the unexpected, the city of San Francisco never ceases to surprise. Kick-start your effortlessly delivered Northern California holiday in the cosmopolitan hills of  The City . Join your Travel Director and fellow travellers for a Welcome Reception at your hotel.Welcome Reception  From the iconic to the unexpected, the city of San Francisco never ceases to surprise. Kick-start your effortlessly delivered Northern California holiday in the cosmopolitan hills of  The City . Join your Travel Director and fellow travellers for a Welcome Reception at your hotel.Welcome Reception <br/>From the iconic to the unexpected, the city of San Francisco never ceases to surprise. Kick-start your effortlessly delivered Northern California holiday in the cosmopolitan hills of  The City . Join your Travel Director and fellow travellers for a Welcome Reception at your hotel.Welcome Reception<br/>\r\n    From the iconic to the unexpected, the city of San Francisco never ceases to surprise. Kick-start your effortlessly delivered Northern California holiday in the cosmopolitan hills of  The City . Join your Travel Director and fellow travellers for a Welcome Reception at your hotel.Welcome Reception', 'a-seaside-reset-in-laguna-beach', 'publish', 3, 119, 1, NULL, NULL, NULL, NULL, '2024-01-27 03:40:33', NULL),
(7, 'America  National Parks with Denver', ' From the iconic to the unexpected, the city of San Francisco never ceases to surprise. Kick-start your effortlessly delivered Northern California holiday in the cosmopolitan hills of  The City . Join your Travel Director and fellow travellers for a Welcome Reception at your hotel.Welcome Reception  From the iconic to the unexpected, the city of San Francisco never ceases to surprise. Kick-start your effortlessly delivered Northern California holiday in the cosmopolitan hills of  The City . Join your Travel Director and fellow travellers for a Welcome Reception at your hotel.Welcome Reception <br/>From the iconic to the unexpected, the city of San Francisco never ceases to surprise. Kick-start your effortlessly delivered Northern California holiday in the cosmopolitan hills of  The City . Join your Travel Director and fellow travellers for a Welcome Reception at your hotel.Welcome Reception<br/>\r\n    From the iconic to the unexpected, the city of San Francisco never ceases to surprise. Kick-start your effortlessly delivered Northern California holiday in the cosmopolitan hills of  The City . Join your Travel Director and fellow travellers for a Welcome Reception at your hotel.Welcome Reception', 'america-national-parks-with-denver', 'publish', 2, 120, 1, NULL, NULL, NULL, NULL, '2024-01-27 03:40:33', NULL),
(8, 'Morning in the Northern sea', ' From the iconic to the unexpected, the city of San Francisco never ceases to surprise. Kick-start your effortlessly delivered Northern California holiday in the cosmopolitan hills of  The City . Join your Travel Director and fellow travellers for a Welcome Reception at your hotel.Welcome Reception  From the iconic to the unexpected, the city of San Francisco never ceases to surprise. Kick-start your effortlessly delivered Northern California holiday in the cosmopolitan hills of  The City . Join your Travel Director and fellow travellers for a Welcome Reception at your hotel.Welcome Reception <br/>From the iconic to the unexpected, the city of San Francisco never ceases to surprise. Kick-start your effortlessly delivered Northern California holiday in the cosmopolitan hills of  The City . Join your Travel Director and fellow travellers for a Welcome Reception at your hotel.Welcome Reception<br/>\r\n    From the iconic to the unexpected, the city of San Francisco never ceases to surprise. Kick-start your effortlessly delivered Northern California holiday in the cosmopolitan hills of  The City . Join your Travel Director and fellow travellers for a Welcome Reception at your hotel.Welcome Reception', 'morning-in-the-northern-sea', 'publish', 3, 115, 1, NULL, NULL, NULL, NULL, '2024-01-27 03:40:33', NULL);

-- --------------------------------------------------------

--
-- Table structure for table `core_news_category`
--

CREATE TABLE `core_news_category` (
  `id` bigint(20) UNSIGNED NOT NULL,
  `name` varchar(255) DEFAULT NULL,
  `content` text DEFAULT NULL,
  `slug` varchar(255) DEFAULT NULL,
  `status` varchar(50) DEFAULT NULL,
  `_lft` int(10) UNSIGNED NOT NULL DEFAULT 0,
  `_rgt` int(10) UNSIGNED NOT NULL DEFAULT 0,
  `parent_id` int(10) UNSIGNED DEFAULT NULL,
  `create_user` int(11) DEFAULT NULL,
  `update_user` int(11) DEFAULT NULL,
  `deleted_at` timestamp NULL DEFAULT NULL,
  `created_at` timestamp NULL DEFAULT NULL,
  `updated_at` timestamp NULL DEFAULT NULL,
  `origin_id` bigint(20) DEFAULT NULL,
  `lang` varchar(10) DEFAULT NULL
) ENGINE=InnoDB DEFAULT CHARSET=utf8mb4 COLLATE=utf8mb4_unicode_ci;

--
-- Dumping data for table `core_news_category`
--

INSERT INTO `core_news_category` (`id`, `name`, `content`, `slug`, `status`, `_lft`, `_rgt`, `parent_id`, `create_user`, `update_user`, `deleted_at`, `created_at`, `updated_at`, `origin_id`, `lang`) VALUES
(1, 'Adventure Travel', NULL, 'adventure-travel', 'publish', 1, 2, NULL, NULL, NULL, NULL, '2024-01-27 03:40:33', '2024-01-27 03:40:33', NULL, NULL),
(2, 'Ecotourism', NULL, 'ecotourism', 'publish', 3, 4, NULL, NULL, NULL, NULL, '2024-01-27 03:40:33', '2024-01-27 03:40:33', NULL, NULL),
(3, 'Sea Travel ', NULL, 'sea-travel', 'publish', 5, 6, NULL, NULL, NULL, NULL, '2024-01-27 03:40:33', '2024-01-27 03:40:33', NULL, NULL),
(4, 'Hosted Tour', NULL, 'hosted-tour', 'publish', 7, 8, NULL, NULL, NULL, NULL, '2024-01-27 03:40:33', '2024-01-27 03:40:33', NULL, NULL),
(5, 'City trips ', NULL, 'city-trips', 'publish', 9, 10, NULL, NULL, NULL, NULL, '2024-01-27 03:40:33', '2024-01-27 03:40:33', NULL, NULL),
(6, 'Escorted Tour ', NULL, 'escorted-tour', 'publish', 11, 12, NULL, NULL, NULL, NULL, '2024-01-27 03:40:33', '2024-01-27 03:40:33', NULL, NULL);

-- --------------------------------------------------------

--
-- Table structure for table `core_news_category_translations`
--

CREATE TABLE `core_news_category_translations` (
  `id` bigint(20) UNSIGNED NOT NULL,
  `origin_id` int(10) UNSIGNED NOT NULL,
  `locale` varchar(191) NOT NULL,
  `name` varchar(255) DEFAULT NULL,
  `content` text DEFAULT NULL,
  `create_user` int(11) DEFAULT NULL,
  `update_user` int(11) DEFAULT NULL,
  `created_at` timestamp NULL DEFAULT NULL,
  `updated_at` timestamp NULL DEFAULT NULL
) ENGINE=InnoDB DEFAULT CHARSET=utf8mb4 COLLATE=utf8mb4_unicode_ci;

-- --------------------------------------------------------

--
-- Table structure for table `core_news_tag`
--

CREATE TABLE `core_news_tag` (
  `id` bigint(20) UNSIGNED NOT NULL,
  `news_id` int(11) DEFAULT NULL,
  `tag_id` int(11) DEFAULT NULL,
  `create_user` int(11) DEFAULT NULL,
  `update_user` int(11) DEFAULT NULL,
  `deleted_at` timestamp NULL DEFAULT NULL,
  `created_at` timestamp NULL DEFAULT NULL,
  `updated_at` timestamp NULL DEFAULT NULL
) ENGINE=InnoDB DEFAULT CHARSET=utf8mb4 COLLATE=utf8mb4_unicode_ci;

-- --------------------------------------------------------

--
-- Table structure for table `core_news_translations`
--

CREATE TABLE `core_news_translations` (
  `id` bigint(20) UNSIGNED NOT NULL,
  `origin_id` int(10) UNSIGNED NOT NULL,
  `locale` varchar(191) NOT NULL,
  `title` varchar(255) DEFAULT NULL,
  `content` text DEFAULT NULL,
  `create_user` int(11) DEFAULT NULL,
  `update_user` int(11) DEFAULT NULL,
  `created_at` timestamp NULL DEFAULT NULL,
  `updated_at` timestamp NULL DEFAULT NULL
) ENGINE=InnoDB DEFAULT CHARSET=utf8mb4 COLLATE=utf8mb4_unicode_ci;

-- --------------------------------------------------------

--
-- Table structure for table `core_notifications`
--

CREATE TABLE `core_notifications` (
  `id` bigint(20) UNSIGNED NOT NULL,
  `from_user` bigint(20) DEFAULT NULL,
  `to_user` bigint(20) DEFAULT NULL,
  `is_read` tinyint(4) DEFAULT 0,
  `type` varchar(50) DEFAULT NULL,
  `type_group` varchar(50) DEFAULT NULL,
  `target_id` bigint(20) DEFAULT NULL,
  `target_parent_id` bigint(20) DEFAULT NULL,
  `params` text DEFAULT NULL,
  `create_user` int(11) DEFAULT NULL,
  `update_user` int(11) DEFAULT NULL,
  `created_at` timestamp NULL DEFAULT NULL,
  `updated_at` timestamp NULL DEFAULT NULL
) ENGINE=InnoDB DEFAULT CHARSET=utf8mb4 COLLATE=utf8mb4_unicode_ci;

-- --------------------------------------------------------

--
-- Table structure for table `core_pages`
--

CREATE TABLE `core_pages` (
  `id` bigint(20) UNSIGNED NOT NULL,
  `slug` varchar(255) CHARACTER SET utf8 COLLATE utf8_general_ci NOT NULL,
  `title` varchar(255) DEFAULT NULL,
  `content` text DEFAULT NULL,
  `short_desc` text DEFAULT NULL,
  `status` varchar(50) DEFAULT NULL,
  `publish_date` datetime DEFAULT NULL,
  `image_id` int(11) DEFAULT NULL,
  `template_id` int(11) DEFAULT NULL,
  `create_user` bigint(20) DEFAULT NULL,
  `update_user` bigint(20) DEFAULT NULL,
  `deleted_at` timestamp NULL DEFAULT NULL,
  `origin_id` bigint(20) DEFAULT NULL,
  `lang` varchar(10) DEFAULT NULL,
  `created_at` timestamp NULL DEFAULT NULL,
  `updated_at` timestamp NULL DEFAULT NULL
) ENGINE=InnoDB DEFAULT CHARSET=utf8mb4 COLLATE=utf8mb4_unicode_ci;

--
-- Dumping data for table `core_pages`
--

INSERT INTO `core_pages` (`id`, `slug`, `title`, `content`, `short_desc`, `status`, `publish_date`, `image_id`, `template_id`, `create_user`, `update_user`, `deleted_at`, `origin_id`, `lang`, `created_at`, `updated_at`) VALUES
(1, 'home-page', 'Home Page', NULL, NULL, 'publish', NULL, NULL, 1, 1, NULL, NULL, NULL, NULL, '2024-01-27 03:40:33', NULL),
(2, 'tour', 'Home Tour', NULL, NULL, 'publish', NULL, NULL, 2, 1, NULL, NULL, NULL, NULL, '2024-01-27 03:40:33', NULL),
(3, 'space', 'Home Space', NULL, NULL, 'publish', NULL, NULL, 3, 1, NULL, NULL, NULL, NULL, '2024-01-27 03:40:33', NULL),
(4, 'hotel', 'Home Hotel', NULL, NULL, 'publish', NULL, NULL, 4, 1, NULL, NULL, NULL, NULL, '2024-01-27 03:40:33', NULL),
(5, 'become-a-vendor', 'Become a vendor', NULL, NULL, 'publish', NULL, NULL, 5, 1, NULL, NULL, NULL, NULL, '2024-01-27 03:40:33', NULL),
(6, 'car', 'Home Car', NULL, NULL, 'publish', NULL, NULL, 6, 1, NULL, NULL, NULL, NULL, '2024-01-27 03:40:33', NULL);

-- --------------------------------------------------------

--
-- Table structure for table `core_page_translations`
--

CREATE TABLE `core_page_translations` (
  `id` bigint(20) UNSIGNED NOT NULL,
  `origin_id` int(10) UNSIGNED NOT NULL,
  `locale` varchar(191) NOT NULL,
  `title` varchar(255) DEFAULT NULL,
  `content` text DEFAULT NULL,
  `short_desc` text DEFAULT NULL,
  `create_user` bigint(20) DEFAULT NULL,
  `update_user` bigint(20) DEFAULT NULL,
  `created_at` timestamp NULL DEFAULT NULL,
  `updated_at` timestamp NULL DEFAULT NULL
) ENGINE=InnoDB DEFAULT CHARSET=utf8mb4 COLLATE=utf8mb4_unicode_ci;

-- --------------------------------------------------------

--
-- Table structure for table `core_permissions`
--

CREATE TABLE `core_permissions` (
  `id` int(10) UNSIGNED NOT NULL,
  `name` varchar(191) NOT NULL,
  `guard_name` varchar(191) NOT NULL,
  `created_at` timestamp NULL DEFAULT NULL,
  `updated_at` timestamp NULL DEFAULT NULL
) ENGINE=InnoDB DEFAULT CHARSET=utf8mb4 COLLATE=utf8mb4_unicode_ci;

--
-- Dumping data for table `core_permissions`
--

INSERT INTO `core_permissions` (`id`, `name`, `guard_name`, `created_at`, `updated_at`) VALUES
(1, 'report_view', 'web', '2024-01-27 03:40:31', '2024-01-27 03:40:31'),
(2, 'contact_manage', 'web', '2024-01-27 03:40:31', '2024-01-27 03:40:31'),
(3, 'newsletter_manage', 'web', '2024-01-27 03:40:31', '2024-01-27 03:40:31'),
(4, 'language_manage', 'web', '2024-01-27 03:40:31', '2024-01-27 03:40:31'),
(5, 'language_translation', 'web', '2024-01-27 03:40:31', '2024-01-27 03:40:31'),
(6, 'booking_view', 'web', '2024-01-27 03:40:31', '2024-01-27 03:40:31'),
(7, 'booking_update', 'web', '2024-01-27 03:40:31', '2024-01-27 03:40:31'),
(8, 'booking_manage_others', 'web', '2024-01-27 03:40:31', '2024-01-27 03:40:31'),
(9, 'template_view', 'web', '2024-01-27 03:40:31', '2024-01-27 03:40:31'),
(10, 'template_create', 'web', '2024-01-27 03:40:31', '2024-01-27 03:40:31'),
(11, 'template_update', 'web', '2024-01-27 03:40:31', '2024-01-27 03:40:31'),
(12, 'template_delete', 'web', '2024-01-27 03:40:31', '2024-01-27 03:40:31'),
(13, 'news_view', 'web', '2024-01-27 03:40:31', '2024-01-27 03:40:31'),
(14, 'news_create', 'web', '2024-01-27 03:40:31', '2024-01-27 03:40:31'),
(15, 'news_update', 'web', '2024-01-27 03:40:31', '2024-01-27 03:40:31'),
(16, 'news_delete', 'web', '2024-01-27 03:40:31', '2024-01-27 03:40:31'),
(17, 'news_manage_others', 'web', '2024-01-27 03:40:31', '2024-01-27 03:40:31'),
(18, 'role_view', 'web', '2024-01-27 03:40:31', '2024-01-27 03:40:31'),
(19, 'role_create', 'web', '2024-01-27 03:40:31', '2024-01-27 03:40:31'),
(20, 'role_update', 'web', '2024-01-27 03:40:31', '2024-01-27 03:40:31'),
(21, 'role_delete', 'web', '2024-01-27 03:40:31', '2024-01-27 03:40:31'),
(22, 'permission_view', 'web', '2024-01-27 03:40:31', '2024-01-27 03:40:31'),
(23, 'permission_create', 'web', '2024-01-27 03:40:31', '2024-01-27 03:40:31'),
(24, 'permission_update', 'web', '2024-01-27 03:40:31', '2024-01-27 03:40:31'),
(25, 'permission_delete', 'web', '2024-01-27 03:40:31', '2024-01-27 03:40:31'),
(26, 'dashboard_access', 'web', '2024-01-27 03:40:31', '2024-01-27 03:40:31'),
(27, 'dashboard_vendor_access', 'web', '2024-01-27 03:40:31', '2024-01-27 03:40:31'),
(28, 'setting_update', 'web', '2024-01-27 03:40:31', '2024-01-27 03:40:31'),
(29, 'menu_view', 'web', '2024-01-27 03:40:31', '2024-01-27 03:40:31'),
(30, 'menu_create', 'web', '2024-01-27 03:40:31', '2024-01-27 03:40:31'),
(31, 'menu_update', 'web', '2024-01-27 03:40:31', '2024-01-27 03:40:31'),
(32, 'menu_delete', 'web', '2024-01-27 03:40:31', '2024-01-27 03:40:31'),
(33, 'user_view', 'web', '2024-01-27 03:40:31', '2024-01-27 03:40:31'),
(34, 'user_create', 'web', '2024-01-27 03:40:31', '2024-01-27 03:40:31'),
(35, 'user_update', 'web', '2024-01-27 03:40:31', '2024-01-27 03:40:31'),
(36, 'user_delete', 'web', '2024-01-27 03:40:31', '2024-01-27 03:40:31'),
(37, 'page_view', 'web', '2024-01-27 03:40:31', '2024-01-27 03:40:31'),
(38, 'page_create', 'web', '2024-01-27 03:40:31', '2024-01-27 03:40:31'),
(39, 'page_update', 'web', '2024-01-27 03:40:31', '2024-01-27 03:40:31'),
(40, 'page_delete', 'web', '2024-01-27 03:40:31', '2024-01-27 03:40:31'),
(41, 'page_manage_others', 'web', '2024-01-27 03:40:31', '2024-01-27 03:40:31'),
(42, 'setting_view', 'web', '2024-01-27 03:40:31', '2024-01-27 03:40:31'),
(43, 'media_upload', 'web', '2024-01-27 03:40:31', '2024-01-27 03:40:31'),
(44, 'media_manage', 'web', '2024-01-27 03:40:31', '2024-01-27 03:40:31'),
(45, 'tour_view', 'web', '2024-01-27 03:40:31', '2024-01-27 03:40:31'),
(46, 'tour_create', 'web', '2024-01-27 03:40:31', '2024-01-27 03:40:31'),
(47, 'tour_update', 'web', '2024-01-27 03:40:31', '2024-01-27 03:40:31'),
(48, 'tour_delete', 'web', '2024-01-27 03:40:31', '2024-01-27 03:40:31'),
(49, 'tour_manage_others', 'web', '2024-01-27 03:40:31', '2024-01-27 03:40:31'),
(50, 'tour_manage_attributes', 'web', '2024-01-27 03:40:31', '2024-01-27 03:40:31'),
(51, 'location_view', 'web', '2024-01-27 03:40:31', '2024-01-27 03:40:31'),
(52, 'location_create', 'web', '2024-01-27 03:40:31', '2024-01-27 03:40:31'),
(53, 'location_update', 'web', '2024-01-27 03:40:31', '2024-01-27 03:40:31'),
(54, 'location_delete', 'web', '2024-01-27 03:40:31', '2024-01-27 03:40:31'),
(55, 'location_manage_others', 'web', '2024-01-27 03:40:31', '2024-01-27 03:40:31'),
(56, 'review_manage_others', 'web', '2024-01-27 03:40:31', '2024-01-27 03:40:31'),
(57, 'system_log_view', 'web', '2024-01-27 03:40:31', '2024-01-27 03:40:31'),
(58, 'space_view', 'web', '2024-01-27 03:40:31', '2024-01-27 03:40:31'),
(59, 'space_create', 'web', '2024-01-27 03:40:31', '2024-01-27 03:40:31'),
(60, 'space_update', 'web', '2024-01-27 03:40:31', '2024-01-27 03:40:31'),
(61, 'space_delete', 'web', '2024-01-27 03:40:31', '2024-01-27 03:40:31'),
(62, 'space_manage_others', 'web', '2024-01-27 03:40:31', '2024-01-27 03:40:31'),
(63, 'space_manage_attributes', 'web', '2024-01-27 03:40:31', '2024-01-27 03:40:31'),
(64, 'hotel_view', 'web', '2024-01-27 03:40:31', '2024-01-27 03:40:31'),
(65, 'hotel_create', 'web', '2024-01-27 03:40:31', '2024-01-27 03:40:31'),
(66, 'hotel_update', 'web', '2024-01-27 03:40:31', '2024-01-27 03:40:31'),
(67, 'hotel_delete', 'web', '2024-01-27 03:40:31', '2024-01-27 03:40:31'),
(68, 'hotel_manage_others', 'web', '2024-01-27 03:40:31', '2024-01-27 03:40:31'),
(69, 'hotel_manage_attributes', 'web', '2024-01-27 03:40:31', '2024-01-27 03:40:31'),
(70, 'car_view', 'web', '2024-01-27 03:40:31', '2024-01-27 03:40:31'),
(71, 'car_create', 'web', '2024-01-27 03:40:31', '2024-01-27 03:40:31'),
(72, 'car_update', 'web', '2024-01-27 03:40:31', '2024-01-27 03:40:31'),
(73, 'car_delete', 'web', '2024-01-27 03:40:31', '2024-01-27 03:40:31'),
(74, 'car_manage_others', 'web', '2024-01-27 03:40:31', '2024-01-27 03:40:31'),
(75, 'car_manage_attributes', 'web', '2024-01-27 03:40:31', '2024-01-27 03:40:31'),
(76, 'plugin_manage', 'web', '2024-01-27 03:40:31', '2024-01-27 03:40:31'),
(77, 'vendor_payout_view', 'web', '2024-01-27 03:40:31', '2024-01-27 03:40:31'),
(78, 'vendor_payout_manage', 'web', '2024-01-27 03:40:31', '2024-01-27 03:40:31');

-- --------------------------------------------------------

--
-- Table structure for table `core_roles`
--

CREATE TABLE `core_roles` (
  `id` int(10) UNSIGNED NOT NULL,
  `name` varchar(191) NOT NULL,
  `guard_name` varchar(191) NOT NULL,
  `origin_id` bigint(20) DEFAULT NULL,
  `lang` varchar(10) DEFAULT NULL,
  `created_at` timestamp NULL DEFAULT NULL,
  `updated_at` timestamp NULL DEFAULT NULL
) ENGINE=InnoDB DEFAULT CHARSET=utf8mb4 COLLATE=utf8mb4_unicode_ci;

--
-- Dumping data for table `core_roles`
--

INSERT INTO `core_roles` (`id`, `name`, `guard_name`, `origin_id`, `lang`, `created_at`, `updated_at`) VALUES
(1, 'vendor', 'web', NULL, NULL, '2024-01-27 03:40:31', '2024-01-27 03:40:31'),
(2, 'customer', 'web', NULL, NULL, '2024-01-27 03:40:32', '2024-01-27 03:40:32'),
(3, 'administrator', 'web', NULL, NULL, '2024-01-27 03:40:32', '2024-01-27 03:40:32');

-- --------------------------------------------------------

--
-- Table structure for table `core_role_has_permissions`
--

CREATE TABLE `core_role_has_permissions` (
  `permission_id` int(10) UNSIGNED NOT NULL,
  `role_id` int(10) UNSIGNED NOT NULL
) ENGINE=InnoDB DEFAULT CHARSET=utf8mb4 COLLATE=utf8mb4_unicode_ci;

--
-- Dumping data for table `core_role_has_permissions`
--

INSERT INTO `core_role_has_permissions` (`permission_id`, `role_id`) VALUES
(1, 3),
(2, 3),
(3, 3),
(4, 3),
(5, 3),
(6, 3),
(7, 3),
(8, 3),
(9, 3),
(10, 3),
(11, 3),
(12, 3),
(13, 3),
(14, 3),
(15, 3),
(16, 3),
(17, 3),
(18, 3),
(19, 3),
(20, 3),
(21, 3),
(22, 3),
(23, 3),
(24, 3),
(25, 3),
(26, 3),
(27, 1),
(27, 3),
(28, 3),
(29, 3),
(30, 3),
(31, 3),
(32, 3),
(33, 3),
(34, 3),
(35, 3),
(36, 3),
(37, 3),
(38, 3),
(39, 3),
(40, 3),
(41, 3),
(42, 3),
(43, 1),
(43, 3),
(44, 3),
(45, 1),
(45, 3),
(46, 1),
(46, 3),
(47, 1),
(47, 3),
(48, 1),
(48, 3),
(49, 3),
(50, 3),
(51, 3),
(52, 3),
(53, 3),
(54, 3),
(55, 3),
(56, 3),
(57, 3),
(58, 1),
(58, 3),
(59, 1),
(59, 3),
(60, 1),
(60, 3),
(61, 1),
(61, 3),
(62, 3),
(63, 3),
(64, 1),
(64, 3),
(65, 1),
(65, 3),
(66, 1),
(66, 3),
(67, 1),
(67, 3),
(68, 3),
(69, 3),
(70, 1),
(70, 3),
(71, 1),
(71, 3),
(72, 1),
(72, 3),
(73, 1),
(73, 3),
(74, 3),
(75, 3),
(76, 3),
(77, 3),
(78, 3);

-- --------------------------------------------------------

--
-- Table structure for table `core_settings`
--

CREATE TABLE `core_settings` (
  `id` bigint(20) UNSIGNED NOT NULL,
  `name` varchar(255) DEFAULT NULL,
  `group` varchar(50) DEFAULT NULL,
  `val` text DEFAULT NULL,
  `autoload` tinyint(4) DEFAULT NULL,
  `create_user` int(11) DEFAULT NULL,
  `update_user` int(11) DEFAULT NULL,
  `lang` varchar(10) DEFAULT NULL,
  `created_at` timestamp NULL DEFAULT NULL,
  `updated_at` timestamp NULL DEFAULT NULL
) ENGINE=InnoDB DEFAULT CHARSET=utf8mb4 COLLATE=utf8mb4_unicode_ci;

--
-- Dumping data for table `core_settings`
--

INSERT INTO `core_settings` (`id`, `name`, `group`, `val`, `autoload`, `create_user`, `update_user`, `lang`, `created_at`, `updated_at`) VALUES
(1, 'site_locale', 'general', 'en', NULL, NULL, NULL, NULL, NULL, NULL),
(2, 'site_enable_multi_lang', 'general', '1', NULL, NULL, NULL, NULL, NULL, NULL),
(3, 'menu_locations', 'general', '{\"primary\":1}', NULL, NULL, NULL, NULL, NULL, NULL),
(4, 'admin_email', 'general', 'contact@bookingcore.com', NULL, NULL, NULL, NULL, NULL, NULL),
(5, 'email_from_name', 'general', 'Booking Core', NULL, NULL, NULL, NULL, NULL, NULL),
(6, 'email_from_address', 'general', 'contact@bookingcore.com', NULL, NULL, NULL, NULL, NULL, NULL),
(7, 'logo_id', 'general', '8', NULL, NULL, NULL, NULL, NULL, NULL),
(8, 'site_favicon', 'general', '10', NULL, NULL, NULL, NULL, NULL, NULL),
(9, 'topbar_left_text', 'general', '<div class=\"socials\">\r\n    <a href=\"#\"><i class=\"fa fa-facebook\"></i></a>\r\n    <a href=\"#\"><i class=\"fa fa-linkedin\"></i></a>\r\n    <a href=\"#\"><i class=\"fa fa-google-plus\"></i></a>\r\n</div>\r\n<span class=\"line\"></span>\r\n<a href=\"mailto:contact@bookingcore.com\">contact@bookingcore.com</a>', NULL, NULL, NULL, NULL, NULL, NULL),
(10, 'footer_text_left', 'general', 'Copyright © 2019 by Booking Core', NULL, NULL, NULL, NULL, NULL, NULL),
(11, 'footer_text_right', 'general', 'Booking Core', NULL, NULL, NULL, NULL, NULL, NULL),
(12, 'list_widget_footer', 'general', '[{\"title\":\"NEED HELP?\",\"size\":\"3\",\"content\":\"<div class=\\\"contact\\\">\\r\\n        <div class=\\\"c-title\\\">\\r\\n            Call Us\\r\\n        <\\/div>\\r\\n        <div class=\\\"sub\\\">\\r\\n            + 00 222 44 5678\\r\\n        <\\/div>\\r\\n    <\\/div>\\r\\n    <div class=\\\"contact\\\">\\r\\n        <div class=\\\"c-title\\\">\\r\\n            Email for Us\\r\\n        <\\/div>\\r\\n        <div class=\\\"sub\\\">\\r\\n            hello@yoursite.com\\r\\n        <\\/div>\\r\\n    <\\/div>\\r\\n    <div class=\\\"contact\\\">\\r\\n        <div class=\\\"c-title\\\">\\r\\n            Follow Us\\r\\n        <\\/div>\\r\\n        <div class=\\\"sub\\\">\\r\\n            <a href=\\\"#\\\">\\r\\n                <i class=\\\"icofont-facebook\\\"><\\/i>\\r\\n            <\\/a>\\r\\n            <a href=\\\"#\\\">\\r\\n               <i class=\\\"icofont-twitter\\\"><\\/i>\\r\\n            <\\/a>\\r\\n            <a href=\\\"#\\\">\\r\\n                <i class=\\\"icofont-youtube-play\\\"><\\/i>\\r\\n            <\\/a>\\r\\n        <\\/div>\\r\\n    <\\/div>\"},{\"title\":\"COMPANY\",\"size\":\"3\",\"content\":\"<ul>\\r\\n    <li><a href=\\\"#\\\">About Us<\\/a><\\/li>\\r\\n    <li><a href=\\\"#\\\">Community Blog<\\/a><\\/li>\\r\\n    <li><a href=\\\"#\\\">Rewards<\\/a><\\/li>\\r\\n    <li><a href=\\\"#\\\">Work with Us<\\/a><\\/li>\\r\\n    <li><a href=\\\"#\\\">Meet the Team<\\/a><\\/li>\\r\\n<\\/ul>\"},{\"title\":\"SUPPORT\",\"size\":\"3\",\"content\":\"<ul>\\r\\n    <li><a href=\\\"#\\\">Account<\\/a><\\/li>\\r\\n    <li><a href=\\\"#\\\">Legal<\\/a><\\/li>\\r\\n    <li><a href=\\\"#\\\">Contact<\\/a><\\/li>\\r\\n    <li><a href=\\\"#\\\">Affiliate Program<\\/a><\\/li>\\r\\n    <li><a href=\\\"#\\\">Privacy Policy<\\/a><\\/li>\\r\\n<\\/ul>\"},{\"title\":\"SETTINGS\",\"size\":\"3\",\"content\":\"<ul>\\r\\n<li><a href=\\\"#\\\">Setting 1<\\/a><\\/li>\\r\\n<li><a href=\\\"#\\\">Setting 2<\\/a><\\/li>\\r\\n<\\/ul>\"}]', NULL, NULL, NULL, NULL, NULL, NULL),
(13, 'list_widget_footer_ja', 'general', '[{\"title\":\"\\u52a9\\u3051\\u304c\\u5fc5\\u8981\\uff1f\",\"size\":\"3\",\"content\":\"<div class=\\\"contact\\\">\\r\\n        <div class=\\\"c-title\\\">\\r\\n            \\u304a\\u96fb\\u8a71\\u304f\\u3060\\u3055\\u3044\\r\\n        <\\/div>\\r\\n        <div class=\\\"sub\\\">\\r\\n            + 00 222 44 5678\\r\\n        <\\/div>\\r\\n    <\\/div>\\r\\n    <div class=\\\"contact\\\">\\r\\n        <div class=\\\"c-title\\\">\\r\\n            \\u90f5\\u4fbf\\u7269\\r\\n        <\\/div>\\r\\n        <div class=\\\"sub\\\">\\r\\n            hello@yoursite.com\\r\\n        <\\/div>\\r\\n    <\\/div>\\r\\n    <div class=\\\"contact\\\">\\r\\n        <div class=\\\"c-title\\\">\\r\\n            \\u30d5\\u30a9\\u30ed\\u30fc\\u3059\\u308b\\r\\n        <\\/div>\\r\\n        <div class=\\\"sub\\\">\\r\\n            <a href=\\\"#\\\">\\r\\n                <i class=\\\"icofont-facebook\\\"><\\/i>\\r\\n            <\\/a>\\r\\n            <a href=\\\"#\\\">\\r\\n                <i class=\\\"icofont-twitter\\\"><\\/i>\\r\\n            <\\/a>\\r\\n            <a href=\\\"#\\\">\\r\\n                <i class=\\\"icofont-youtube-play\\\"><\\/i>\\r\\n            <\\/a>\\r\\n        <\\/div>\\r\\n    <\\/div>\"},{\"title\":\"\\u4f1a\\u793e\",\"size\":\"3\",\"content\":\"<ul>\\r\\n    <li><a href=\\\"#\\\">\\u7d04, \\u7565<\\/a><\\/li>\\r\\n    <li><a href=\\\"#\\\">\\u30b3\\u30df\\u30e5\\u30cb\\u30c6\\u30a3\\u30d6\\u30ed\\u30b0<\\/a><\\/li>\\r\\n    <li><a href=\\\"#\\\">\\u5831\\u916c<\\/a><\\/li>\\r\\n    <li><a href=\\\"#\\\">\\u3068\\u9023\\u643a<\\/a><\\/li>\\r\\n    <li><a href=\\\"#\\\">\\u30c1\\u30fc\\u30e0\\u306b\\u4f1a\\u3046<\\/a><\\/li>\\r\\n<\\/ul>\"},{\"title\":\"\\u30b5\\u30dd\\u30fc\\u30c8\",\"size\":\"3\",\"content\":\"<ul>\\r\\n    <li><a href=\\\"#\\\">\\u30a2\\u30ab\\u30a6\\u30f3\\u30c8<\\/a><\\/li>\\r\\n    <li><a href=\\\"#\\\">\\u6cd5\\u7684<\\/a><\\/li>\\r\\n    <li><a href=\\\"#\\\">\\u63a5\\u89e6<\\/a><\\/li>\\r\\n    <li><a href=\\\"#\\\">\\u30a2\\u30d5\\u30a3\\u30ea\\u30a8\\u30a4\\u30c8\\u30d7\\u30ed\\u30b0\\u30e9\\u30e0<\\/a><\\/li>\\r\\n    <li><a href=\\\"#\\\">\\u500b\\u4eba\\u60c5\\u5831\\u4fdd\\u8b77\\u65b9\\u91dd<\\/a><\\/li>\\r\\n<\\/ul>\"},{\"title\":\"\\u8a2d\\u5b9a\",\"size\":\"3\",\"content\":\"<ul>\\r\\n<li><a href=\\\"#\\\">\\u8a2d\\u5b9a1<\\/a><\\/li>\\r\\n<li><a href=\\\"#\\\">\\u8a2d\\u5b9a2<\\/a><\\/li>\\r\\n<\\/ul>\"}]', NULL, NULL, NULL, NULL, NULL, NULL),
(14, 'page_contact_title', 'general', 'We\'d love to hear from you', NULL, NULL, NULL, NULL, NULL, NULL),
(15, 'page_contact_sub_title', 'general', 'Send us a message and we\'ll respond as soon as possible', NULL, NULL, NULL, NULL, NULL, NULL),
(16, 'page_contact_desc', 'general', '<!DOCTYPE html><html><head></head><body><h3>Booking Core</h3><p>&nbsp;</p><p>&nbsp;</p><p>&nbsp;</p><p>&nbsp;</p><p>&nbsp;</p><p>Tell. + 00 222 444 33</p><p>Email. hello@yoursite.com</p><p>1355 Market St, Suite 900San, Francisco, CA 94103 United States</p></body></html>', NULL, NULL, NULL, NULL, NULL, NULL),
(17, 'page_contact_image', 'general', '9', NULL, NULL, NULL, NULL, NULL, NULL),
(18, 'home_page_id', 'general', '1', NULL, NULL, NULL, NULL, NULL, NULL),
(19, 'page_contact_title', 'general', 'We\'d love to hear from you', NULL, NULL, NULL, NULL, NULL, NULL),
(20, 'page_contact_title_ja', 'general', 'あなたからの御一報をお待ち', NULL, NULL, NULL, NULL, NULL, NULL),
(21, 'page_contact_sub_title', 'general', 'Send us a message and we\'ll respond as soon as possible', NULL, NULL, NULL, NULL, NULL, NULL),
(22, 'page_contact_sub_title_ja', 'general', '私たちにメッセージを送ってください、私たちはできるだ', NULL, NULL, NULL, NULL, NULL, NULL),
(23, 'page_contact_desc', 'general', '<!DOCTYPE html><html><head></head><body><h3>Booking Core</h3><p>&nbsp;</p><p>&nbsp;</p><p>&nbsp;</p><p>&nbsp;</p><p>&nbsp;</p><p>Tell. + 00 222 444 33</p><p>Email. hello@yoursite.com</p><p>1355 Market St, Suite 900San, Francisco, CA 94103 United States</p></body></html>', NULL, NULL, NULL, NULL, NULL, NULL),
(24, 'page_contact_image', 'general', '9', NULL, NULL, NULL, NULL, NULL, NULL),
(25, 'currency_main', 'payment', 'usd', NULL, NULL, NULL, NULL, NULL, NULL),
(26, 'currency_format', 'payment', 'left', NULL, NULL, NULL, NULL, NULL, NULL),
(27, 'currency_decimal', 'payment', ',', NULL, NULL, NULL, NULL, NULL, NULL),
(28, 'currency_thousand', 'payment', '.', NULL, NULL, NULL, NULL, NULL, NULL),
(29, 'currency_no_decimal', 'payment', '0', NULL, NULL, NULL, NULL, NULL, NULL),
(30, 'extra_currency', 'payment', '[{\"currency_main\":\"eur\",\"currency_format\":\"left\",\"currency_thousand\":\".\",\"currency_decimal\":\",\",\"currency_no_decimal\":\"2\",\"rate\":\"0.902807\"},{\"currency_main\":\"jpy\",\"currency_format\":\"right_space\",\"currency_thousand\":\".\",\"currency_decimal\":\",\",\"currency_no_decimal\":\"0\",\"rate\":\"0.00917113\"}]', NULL, NULL, NULL, NULL, NULL, NULL),
(31, 'map_provider', 'advance', 'gmap', NULL, NULL, NULL, NULL, NULL, NULL),
(32, 'map_gmap_key', 'advance', '', NULL, NULL, NULL, NULL, NULL, NULL),
(33, 'g_offline_payment_enable', 'payment', '1', NULL, NULL, NULL, NULL, NULL, NULL),
(34, 'g_offline_payment_name', 'payment', 'Offline Payment', NULL, NULL, NULL, NULL, NULL, NULL),
(35, 'date_format', 'general', 'm/d/Y', NULL, NULL, NULL, NULL, NULL, NULL),
(36, 'site_title', 'general', 'Booking Core', NULL, NULL, NULL, NULL, NULL, NULL),
(37, 'site_timezone', 'general', 'UTC', NULL, NULL, NULL, NULL, NULL, NULL),
(38, 'site_title', 'general', 'Booking Core', NULL, NULL, NULL, NULL, NULL, NULL),
(39, 'email_header', 'general', '<h1 class=\"site-title\" style=\"text-align: center\">Booking Core</h1>', NULL, NULL, NULL, NULL, NULL, NULL),
(40, 'email_footer', 'general', '<p class=\"\" style=\"text-align: center\">&copy; 2019 Booking Core. All rights reserved</p>', NULL, NULL, NULL, NULL, NULL, NULL),
(41, 'enable_mail_user_registered', 'user', '1', NULL, NULL, NULL, NULL, NULL, NULL),
(42, 'user_content_email_registered', 'user', '<h1 style=\"text-align: center\">Welcome!</h1>\r\n						<h3>Hello [first_name] [last_name]</h3>\r\n						<p>Thank you for signing up with Booking Core! We hope you enjoy your time with us.</p>\r\n						<p>Regards,</p>\r\n						<p>Booking Core</p>', NULL, NULL, NULL, NULL, NULL, NULL),
(43, 'admin_enable_mail_user_registered', 'user', '1', NULL, NULL, NULL, NULL, NULL, NULL),
(44, 'admin_content_email_user_registered', 'user', '<h3>Hello Administrator</h3>\r\n						<p>We have new registration</p>\r\n						<p>Full name: [first_name] [last_name]</p>\r\n						<p>Email: [email]</p>\r\n						<p>Regards,</p>\r\n						<p>Booking Core</p>', NULL, NULL, NULL, NULL, NULL, NULL),
(45, 'user_content_email_forget_password', 'user', '<h1>Hello!</h1>\r\n						<p>You are receiving this email because we received a password reset request for your account.</p>\r\n						<p style=\"text-align: center\">[button_reset_password]</p>\r\n						<p>This password reset link expire in 60 minutes.</p>\r\n						<p>If you did not request a password reset, no further action is required.\r\n						</p>\r\n						<p>Regards,</p>\r\n						<p>Booking Core</p>', NULL, NULL, NULL, NULL, NULL, NULL),
(46, 'email_driver', 'email', 'log', NULL, NULL, NULL, NULL, NULL, NULL),
(47, 'email_host', 'email', 'smtp.mailgun.org', NULL, NULL, NULL, NULL, NULL, NULL),
(48, 'email_port', 'email', '587', NULL, NULL, NULL, NULL, NULL, NULL),
(49, 'email_encryption', 'email', 'tls', NULL, NULL, NULL, NULL, NULL, NULL),
(50, 'email_username', 'email', '', NULL, NULL, NULL, NULL, NULL, NULL),
(51, 'email_password', 'email', '', NULL, NULL, NULL, NULL, NULL, NULL),
(52, 'email_mailgun_domain', 'email', '', NULL, NULL, NULL, NULL, NULL, NULL),
(53, 'email_mailgun_secret', 'email', '', NULL, NULL, NULL, NULL, NULL, NULL),
(54, 'email_mailgun_endpoint', 'email', 'api.mailgun.net', NULL, NULL, NULL, NULL, NULL, NULL),
(55, 'email_postmark_token', 'email', '', NULL, NULL, NULL, NULL, NULL, NULL),
(56, 'email_ses_key', 'email', '', NULL, NULL, NULL, NULL, NULL, NULL),
(57, 'email_ses_secret', 'email', '', NULL, NULL, NULL, NULL, NULL, NULL),
(58, 'email_ses_region', 'email', 'us-east-1', NULL, NULL, NULL, NULL, NULL, NULL),
(59, 'email_sparkpost_secret', 'email', '', NULL, NULL, NULL, NULL, NULL, NULL),
(60, 'vendor_enable', 'vendor', '1', NULL, NULL, NULL, NULL, NULL, NULL),
(61, 'vendor_commission_type', 'vendor', 'percent', NULL, NULL, NULL, NULL, NULL, NULL),
(62, 'vendor_commission_amount', 'vendor', '10', NULL, NULL, NULL, NULL, NULL, NULL),
(63, 'vendor_role', 'vendor', '1', NULL, NULL, NULL, NULL, NULL, NULL),
(64, 'role_verify_fields', 'vendor', '{\"phone\":{\"name\":\"Phone\",\"type\":\"text\",\"roles\":[\"1\",\"2\",\"3\"],\"required\":null,\"order\":null,\"icon\":\"fa fa-phone\"},\"id_card\":{\"name\":\"ID Card\",\"type\":\"file\",\"roles\":[\"1\",\"2\",\"3\"],\"required\":\"1\",\"order\":\"0\",\"icon\":\"fa fa-id-card\"},\"trade_license\":{\"name\":\"Trade License\",\"type\":\"multi_files\",\"roles\":[\"1\",\"3\"],\"required\":\"1\",\"order\":\"0\",\"icon\":\"fa fa-copyright\"}}', NULL, NULL, NULL, NULL, NULL, NULL),
(65, 'news_page_list_title', 'news', 'News', NULL, NULL, NULL, NULL, NULL, NULL),
(66, 'news_page_list_banner', 'news', '121', NULL, NULL, NULL, NULL, NULL, NULL),
(67, 'news_sidebar', 'news', '[{\"title\":null,\"content\":null,\"type\":\"search_form\"},{\"title\":\"About Us\",\"content\":\"Nam dapibus nisl vitae elit fringilla rutrum. Aenean sollicitudin, erat a elementum rutrum, neque sem pretium metus, quis mollis nisl nunc et massa\",\"type\":\"content_text\"},{\"title\":\"Recent News\",\"content\":null,\"type\":\"recent_news\"},{\"title\":\"Categories\",\"content\":null,\"type\":\"category\"},{\"title\":\"Tags\",\"content\":null,\"type\":\"tag\"}]', NULL, NULL, NULL, NULL, NULL, NULL),
(68, 'tour_page_search_title', 'tour', 'Search for tour', NULL, NULL, NULL, NULL, NULL, NULL),
(69, 'tour_page_search_banner', 'tour', '20', NULL, NULL, NULL, NULL, NULL, NULL),
(70, 'tour_layout_search', 'tour', 'normal', NULL, NULL, NULL, NULL, NULL, NULL),
(71, 'tour_enable_review', 'tour', '1', NULL, NULL, NULL, NULL, NULL, NULL),
(72, 'tour_review_approved', 'tour', '0', NULL, NULL, NULL, NULL, NULL, NULL),
(73, 'tour_review_stats', 'tour', '[{\"title\":\"Service\"},{\"title\":\"Organization\"},{\"title\":\"Friendliness\"},{\"title\":\"Area Expert\"},{\"title\":\"Safety\"}]', NULL, NULL, NULL, NULL, NULL, NULL),
(74, 'tour_booking_buyer_fees', 'tour', '[{\"name\":\"Service fee\",\"desc\":\"This helps us run our platform and offer services like 24\\/7 support on your trip.\",\"name_ja\":\"\\u30b5\\u30fc\\u30d3\\u30b9\\u6599\",\"desc_ja\":\"\\u3053\\u308c\\u306b\\u3088\\u308a\\u3001\\u5f53\\u793e\\u306e\\u30d7\\u30e9\\u30c3\\u30c8\\u30d5\\u30a9\\u30fc\\u30e0\\u3092\\u5b9f\\u884c\\u3057\\u3001\\u65c5\\u884c\\u4e2d\\u306b\",\"price\":\"100\",\"type\":\"one_time\"}]', NULL, NULL, NULL, NULL, NULL, NULL),
(75, 'space_page_search_title', 'space', 'Search for space', NULL, NULL, NULL, NULL, NULL, NULL),
(76, 'space_page_search_banner', 'space', '62', NULL, NULL, NULL, NULL, NULL, NULL),
(77, 'space_layout_search', 'space', 'normal', NULL, NULL, NULL, NULL, NULL, NULL),
(78, 'space_enable_review', 'space', '1', NULL, NULL, NULL, NULL, NULL, NULL),
(79, 'space_review_approved', 'space', '0', NULL, NULL, NULL, NULL, NULL, NULL),
(80, 'space_review_stats', 'space', '[{\"title\":\"Sleep\"},{\"title\":\"Location\"},{\"title\":\"Service\"},{\"title\":\"Clearness\"},{\"title\":\"Rooms\"}]', NULL, NULL, NULL, NULL, NULL, NULL),
(81, 'space_booking_buyer_fees', 'space', '[{\"name\":\"Cleaning fee\",\"desc\":\"One-time fee charged by host to cover the cost of cleaning their space.\",\"name_ja\":\"\\u30af\\u30ea\\u30fc\\u30cb\\u30f3\\u30b0\\u4ee3\",\"desc_ja\":\"\\u30b9\\u30da\\u30fc\\u30b9\\u3092\\u6383\\u9664\\u3059\\u308b\\u8cbb\\u7528\\u3092\\u30db\\u30b9\\u30c8\\u304c\\u8acb\\u6c42\\u3059\\u308b1\\u56de\\u9650\\u308a\\u306e\\u6599\\u91d1\\u3002\",\"price\":\"100\",\"type\":\"one_time\"},{\"name\":\"Service fee\",\"desc\":\"This helps us run our platform and offer services like 24\\/7 support on your trip.\",\"name_ja\":\"\\u30b5\\u30fc\\u30d3\\u30b9\\u6599\",\"desc_ja\":\"\\u3053\\u308c\\u306b\\u3088\\u308a\\u3001\\u5f53\\u793e\\u306e\\u30d7\\u30e9\\u30c3\\u30c8\\u30d5\\u30a9\\u30fc\\u30e0\\u3092\\u5b9f\\u884c\\u3057\\u3001\\u65c5\\u884c\\u4e2d\\u306b\",\"price\":\"200\",\"type\":\"one_time\"}]', NULL, NULL, NULL, NULL, NULL, NULL),
(82, 'space_map_search_fields', 'space', '[{\"field\":\"location\",\"attr\":null,\"position\":\"1\"},{\"field\":\"attr\",\"attr\":\"3\",\"position\":\"2\"},{\"field\":\"date\",\"attr\":null,\"position\":\"3\"},{\"field\":\"price\",\"attr\":null,\"position\":\"4\"},{\"field\":\"advance\",\"attr\":null,\"position\":\"5\"}]', NULL, NULL, NULL, NULL, NULL, NULL),
(83, 'hotel_page_search_title', 'hotel', 'Search for hotel', NULL, NULL, NULL, NULL, NULL, NULL),
(84, 'hotel_page_search_banner', 'hotel', '92', NULL, NULL, NULL, NULL, NULL, NULL),
(85, 'hotel_layout_item_search', 'hotel', 'list', NULL, NULL, NULL, NULL, NULL, NULL),
(86, 'hotel_attribute_show_in_listing_page', 'hotel', '6', NULL, NULL, NULL, NULL, NULL, NULL),
(87, 'hotel_layout_search', 'hotel', 'normal', NULL, NULL, NULL, NULL, NULL, NULL),
(88, 'hotel_enable_review', 'hotel', '1', NULL, NULL, NULL, NULL, NULL, NULL),
(89, 'hotel_review_approved', 'hotel', '0', NULL, NULL, NULL, NULL, NULL, NULL),
(90, 'hotel_review_stats', 'hotel', '[{\"title\":\"Service\"},{\"title\":\"Organization\"},{\"title\":\"Friendliness\"},{\"title\":\"Area Expert\"},{\"title\":\"Safety\"}]', NULL, NULL, NULL, NULL, NULL, NULL),
(91, 'hotel_booking_buyer_fees', 'hotel', '[{\"name\":\"Service fee\",\"desc\":\"This helps us run our platform and offer services like 24\\/7 support on your trip.\",\"name_ja\":\"\\u30b5\\u30fc\\u30d3\\u30b9\\u6599\",\"desc_ja\":\"\\u3053\\u308c\\u306b\\u3088\\u308a\\u3001\\u5f53\\u793e\\u306e\\u30d7\\u30e9\\u30c3\\u30c8\\u30d5\\u30a9\\u30fc\\u30e0\\u3092\\u5b9f\\u884c\\u3057\\u3001\\u65c5\\u884c\\u4e2d\\u306b\",\"price\":\"100\",\"type\":\"one_time\"}]', NULL, NULL, NULL, NULL, NULL, NULL),
(92, 'hotel_map_search_fields', 'hotel', '[{\"field\":\"location\",\"attr\":null,\"position\":\"1\"},{\"field\":\"attr\",\"attr\":\"7\",\"position\":\"2\"},{\"field\":\"date\",\"attr\":null,\"position\":\"3\"},{\"field\":\"price\",\"attr\":null,\"position\":\"4\"},{\"field\":\"advance\",\"attr\":null,\"position\":\"5\"}]', NULL, NULL, NULL, NULL, NULL, NULL),
(93, 'car_page_search_title', 'car', 'Search for car', NULL, NULL, NULL, NULL, NULL, NULL),
(94, 'car_page_search_banner', 'car', '62', NULL, NULL, NULL, NULL, NULL, NULL),
(95, 'car_layout_search', 'car', 'normal', NULL, NULL, NULL, NULL, NULL, NULL),
(96, 'car_enable_review', 'car', '1', NULL, NULL, NULL, NULL, NULL, NULL),
(97, 'car_review_approved', 'car', '0', NULL, NULL, NULL, NULL, NULL, NULL),
(98, 'car_review_stats', 'car', '[{\"title\":\"Equipment\"},{\"title\":\"Comfortable\"},{\"title\":\"Climate Control\"},{\"title\":\"Facility\"},{\"title\":\"Aftercare\"}]', NULL, NULL, NULL, NULL, NULL, NULL),
(99, 'car_booking_buyer_fees', 'car', '[{\"name\":\"Equipment fee\",\"desc\":\"One-time fee charged by host to cover the cost of cleaning their space.\",\"name_ja\":\"\\u30af\\u30ea\\u30fc\\u30cb\\u30f3\\u30b0\\u4ee3\",\"desc_ja\":\"\\u30b9\\u30da\\u30fc\\u30b9\\u3092\\u6383\\u9664\\u3059\\u308b\\u8cbb\\u7528\\u3092\\u30db\\u30b9\\u30c8\\u304c\\u8acb\\u6c42\\u3059\\u308b1\\u56de\\u9650\\u308a\\u306e\\u6599\\u91d1\\u3002\",\"price\":\"100\",\"type\":\"one_time\"},{\"name\":\"Facility fee\",\"desc\":\"This helps us run our platform and offer services like 24\\/7 support on your trip.\",\"name_ja\":\"\\u30b5\\u30fc\\u30d3\\u30b9\\u6599\",\"desc_ja\":\"\\u3053\\u308c\\u306b\\u3088\\u308a\\u3001\\u5f53\\u793e\\u306e\\u30d7\\u30e9\\u30c3\\u30c8\\u30d5\\u30a9\\u30fc\\u30e0\\u3092\\u5b9f\\u884c\\u3057\\u3001\\u65c5\\u884c\\u4e2d\\u306b\",\"price\":\"200\",\"type\":\"one_time\"}]', NULL, NULL, NULL, NULL, NULL, NULL),
(100, 'car_map_search_fields', 'car', '[{\"field\":\"location\",\"attr\":null,\"position\":\"1\"},{\"field\":\"attr\",\"attr\":\"9\",\"position\":\"2\"},{\"field\":\"date\",\"attr\":null,\"position\":\"3\"},{\"field\":\"price\",\"attr\":null,\"position\":\"4\"},{\"field\":\"advance\",\"attr\":null,\"position\":\"5\"}]', NULL, NULL, NULL, NULL, NULL, NULL);

-- --------------------------------------------------------

--
-- Table structure for table `core_subscribers`
--

CREATE TABLE `core_subscribers` (
  `id` bigint(20) UNSIGNED NOT NULL,
  `email` varchar(255) DEFAULT NULL,
  `first_name` varchar(255) DEFAULT NULL,
  `last_name` varchar(255) DEFAULT NULL,
  `create_user` int(11) DEFAULT NULL,
  `update_user` int(11) DEFAULT NULL,
  `deleted_at` timestamp NULL DEFAULT NULL,
  `created_at` timestamp NULL DEFAULT NULL,
  `updated_at` timestamp NULL DEFAULT NULL
) ENGINE=InnoDB DEFAULT CHARSET=utf8mb4 COLLATE=utf8mb4_unicode_ci;

-- --------------------------------------------------------

--
-- Table structure for table `core_tags`
--

CREATE TABLE `core_tags` (
  `id` bigint(20) UNSIGNED NOT NULL,
  `name` varchar(255) DEFAULT NULL,
  `slug` varchar(255) DEFAULT NULL,
  `content` varchar(255) DEFAULT NULL,
  `create_user` varchar(255) DEFAULT NULL,
  `update_user` varchar(255) DEFAULT NULL,
  `deleted_at` timestamp NULL DEFAULT NULL,
  `origin_id` bigint(20) DEFAULT NULL,
  `lang` varchar(10) DEFAULT NULL,
  `created_at` timestamp NULL DEFAULT NULL,
  `updated_at` timestamp NULL DEFAULT NULL
) ENGINE=InnoDB DEFAULT CHARSET=utf8mb4 COLLATE=utf8mb4_unicode_ci;

--
-- Dumping data for table `core_tags`
--

INSERT INTO `core_tags` (`id`, `name`, `slug`, `content`, `create_user`, `update_user`, `deleted_at`, `origin_id`, `lang`, `created_at`, `updated_at`) VALUES
(1, 'park', 'park', NULL, NULL, NULL, NULL, NULL, NULL, '2024-01-27 03:40:33', '2024-01-27 03:40:33'),
(2, 'National park', 'national-park', NULL, NULL, NULL, NULL, NULL, NULL, '2024-01-27 03:40:33', '2024-01-27 03:40:33'),
(3, 'Moutain', 'moutain', NULL, NULL, NULL, NULL, NULL, NULL, '2024-01-27 03:40:33', '2024-01-27 03:40:33'),
(4, 'Travel', 'travel', NULL, NULL, NULL, NULL, NULL, NULL, '2024-01-27 03:40:33', '2024-01-27 03:40:33'),
(5, 'Summer', 'summer', NULL, NULL, NULL, NULL, NULL, NULL, '2024-01-27 03:40:33', '2024-01-27 03:40:33'),
(6, 'Walking', 'walking', NULL, NULL, NULL, NULL, NULL, NULL, '2024-01-27 03:40:33', '2024-01-27 03:40:33');

-- --------------------------------------------------------

--
-- Table structure for table `core_tag_translations`
--

CREATE TABLE `core_tag_translations` (
  `id` bigint(20) UNSIGNED NOT NULL,
  `origin_id` int(10) UNSIGNED NOT NULL,
  `locale` varchar(191) NOT NULL,
  `name` varchar(255) DEFAULT NULL,
  `content` text DEFAULT NULL,
  `create_user` int(11) DEFAULT NULL,
  `update_user` int(11) DEFAULT NULL,
  `created_at` timestamp NULL DEFAULT NULL,
  `updated_at` timestamp NULL DEFAULT NULL
) ENGINE=InnoDB DEFAULT CHARSET=utf8mb4 COLLATE=utf8mb4_unicode_ci;

-- --------------------------------------------------------

--
-- Table structure for table `core_templates`
--

CREATE TABLE `core_templates` (
  `id` bigint(20) UNSIGNED NOT NULL,
  `title` varchar(255) DEFAULT NULL,
  `content` longtext DEFAULT NULL,
  `type_id` int(11) DEFAULT NULL,
  `create_user` int(11) DEFAULT NULL,
  `update_user` int(11) DEFAULT NULL,
  `origin_id` bigint(20) DEFAULT NULL,
  `lang` varchar(10) DEFAULT NULL,
  `created_at` timestamp NULL DEFAULT NULL,
  `updated_at` timestamp NULL DEFAULT NULL
) ENGINE=InnoDB DEFAULT CHARSET=utf8mb4 COLLATE=utf8mb4_unicode_ci;

--
-- Dumping data for table `core_templates`
--

INSERT INTO `core_templates` (`id`, `title`, `content`, `type_id`, `create_user`, `update_user`, `origin_id`, `lang`, `created_at`, `updated_at`) VALUES
(1, 'Home Page', '[{\"type\":\"form_search_all_service\",\"name\":\"Form Search All Service\",\"model\":{\"service_types\":[\"hotel\",\"space\",\"tour\",\"car\"],\"title\":\"Hi There!\",\"sub_title\":\"Where would you like to go?\",\"bg_image\":16},\"component\":\"RegularBlock\",\"open\":true,\"is_container\":false},{\"type\":\"offer_block\",\"name\":\"Offer Block\",\"model\":{\"list_item\":[{\"_active\":false,\"title\":\"Special Offers\",\"desc\":\"Find Your Perfect Hotels Get the best<br>\\nprices on 20,000+ properties<br>\\nthe best prices on\",\"background_image\":17,\"link_title\":\"See Deals\",\"link_more\":\"#\",\"featured_text\":\"HOLIDAY SALE\"},{\"_active\":true,\"title\":\"Newsletters\",\"desc\":\"Join for free and get our <br>\\ntailored newsletters full of <br>\\nhot travel deals.\",\"background_image\":18,\"link_title\":\"Sign Up\",\"link_more\":\"/register\",\"featured_icon\":\"icofont-email\"},{\"_active\":true,\"title\":\"Travel Tips\",\"desc\":\"Tips from our travel experts to <br>\\nmake your next trip even<br>\\nbetter.\",\"background_image\":19,\"link_title\":\"Sign Up\",\"link_more\":\"/register\",\"featured_text\":null,\"featured_icon\":\"icofont-island-alt\"}]},\"component\":\"RegularBlock\",\"open\":true,\"is_container\":false},{\"type\":\"list_hotel\",\"name\":\"Hotel: List Items\",\"model\":{\"title\":\"Bestseller Listing\",\"desc\":\"Hotel highly rated for thoughtful design\",\"number\":4,\"style\":\"normal\",\"location_id\":\"\",\"order\":\"id\",\"order_by\":\"asc\",\"is_featured\":\"\"},\"component\":\"RegularBlock\",\"open\":true,\"is_container\":false},{\"type\":\"list_locations\",\"name\":\"List Locations\",\"model\":{\"service_type\":[\"space\",\"hotel\",\"tour\"],\"title\":\"Top Destinations\",\"desc\":\"It is a long established fact that a reader\",\"number\":6,\"layout\":\"style_4\",\"order\":\"id\",\"order_by\":\"asc\",\"to_location_detail\":\"\"},\"component\":\"RegularBlock\",\"open\":true,\"is_container\":false},{\"type\":\"list_tours\",\"name\":\"Tour: List Items\",\"model\":{\"title\":\"Our best promotion tours\",\"number\":6,\"style\":\"box_shadow\",\"category_id\":\"\",\"location_id\":\"\",\"order\":\"id\",\"order_by\":\"asc\",\"is_featured\":\"\",\"desc\":\"Most popular destinations\"},\"component\":\"RegularBlock\",\"open\":true,\"is_container\":false},{\"type\":\"list_space\",\"name\":\"Space: List Items\",\"model\":{\"title\":\"Rental Listing\",\"desc\":\"Homes highly rated for thoughtful design\",\"number\":4,\"style\":\"normal\",\"location_id\":\"\",\"order\":\"id\",\"order_by\":\"desc\",\"is_featured\":\"\"},\"component\":\"RegularBlock\",\"open\":true,\"is_container\":false},{\"type\":\"list_car\",\"name\":\"Car: List Items\",\"model\":{\"title\":\"Car Trending\",\"desc\":\"Book incredible things to do around the world.\",\"number\":8,\"style\":\"normal\",\"location_id\":\"\",\"order\":\"id\",\"order_by\":\"desc\",\"is_featured\":\"\"},\"component\":\"RegularBlock\",\"open\":true},{\"type\": \"list_news\", \"name\": \"News: List Items\", \"model\": {\"title\": \"Read the latest from blog\", \"desc\": \"Contrary to popular belief\", \"number\": 6, \"category_id\": null, \"order\": \"id\", \"order_by\": \"asc\"}, \"component\": \"RegularBlock\", \"open\": true, \"is_container\": false},{\"type\":\"call_to_action\",\"name\":\"Call To Action\",\"model\":{\"title\":\"Know your city?\",\"sub_title\":\"Join 2000+ locals & 1200+ contributors from 3000 cities\",\"link_title\":\"Become Local Expert\",\"link_more\":\"#\"},\"component\":\"RegularBlock\",\"open\":true,\"is_container\":false},{\"type\":\"testimonial\",\"name\":\"List Testimonial\",\"model\":{\"title\":\"Our happy clients\",\"list_item\":[{\"_active\":false,\"name\":\"Eva Hicks\",\"desc\":\"Faucibus tristique felis potenti ultrices ornare rhoncus semper hac facilisi Rutrum tellus lorem sem velit nisi non pharetra in dui. \",\"number_star\":5,\"avatar\":1},{\"_active\":false,\"name\":\"Donald Wolf\",\"desc\":\"Faucibus tristique felis potenti ultrices ornare rhoncus semper hac facilisi Rutrum tellus lorem sem velit nisi non pharetra in dui. \",\"number_star\":6,\"avatar\":2},{\"_active\":false,\"name\":\"Charlie Harrington\",\"desc\":\"Faucibus tristique felis potenti ultrices ornare rhoncus semper hac facilisi Rutrum tellus lorem sem velit nisi non pharetra in dui.\",\"number_star\":5,\"avatar\":3}]},\"component\":\"RegularBlock\",\"open\":true,\"is_container\":false}]', NULL, 1, NULL, NULL, NULL, '2024-01-27 03:40:33', NULL),
(2, 'Home Tour', '[{\"type\":\"form_search_tour\",\"name\":\"Tour: Form Search\",\"model\":{\"title\":\"Love where you\'re going\",\"sub_title\":\"Book incredible things to do around the world.\",\"bg_image\":20},\"component\":\"RegularBlock\",\"open\":true,\"is_container\":false},{\"type\":\"list_featured_item\",\"name\":\"List Featured Item\",\"model\":{\"list_item\":[{\"_active\":false,\"title\":\"1,000+ local guides\",\"sub_title\":\"Morbi semper fames lobortis ac hac penatibus\",\"icon_image\":5},{\"_active\":false,\"title\":\"Handcrafted experiences\",\"sub_title\":\"Morbi semper fames lobortis ac hac penatibus\",\"icon_image\":4},{\"_active\":false,\"title\":\"96% happy travelers\",\"sub_title\":\"Morbi semper fames lobortis ac hac penatibus\",\"icon_image\":6}]},\"component\":\"RegularBlock\",\"open\":true,\"is_container\":false},{\"type\":\"list_tours\",\"name\":\"Tour: List Items\",\"model\":{\"title\":\"Trending Tours\",\"number\":5,\"style\":\"carousel\",\"category_id\":\"\",\"location_id\":\"\",\"order\":\"id\",\"order_by\":\"desc\"},\"component\":\"RegularBlock\",\"open\":true,\"is_container\":false},{\"type\":\"list_locations\",\"name\":\"List Locations\",\"model\":{\"title\":\"Top Destinations\",\"number\":5,\"order\":\"id\",\"order_by\":\"desc\",\"service_type\":\"tour\"},\"component\":\"RegularBlock\",\"open\":true,\"is_container\":false},{\"type\":\"list_tours\",\"name\":\"Tour: List Items\",\"model\":{\"title\":\"Local Experiences You’ll Love\",\"number\":8,\"style\":\"normal\",\"category_id\":\"\",\"location_id\":\"\",\"order\":\"id\",\"order_by\":\"asc\"},\"component\":\"RegularBlock\",\"open\":true,\"is_container\":false},{\"type\":\"call_to_action\",\"name\":\"Call To Action\",\"model\":{\"title\":\"Know your city?\",\"sub_title\":\"Join 2000+ locals & 1200+ contributors from 3000 cities\",\"link_title\":\"Become Local Expert\",\"link_more\":\"#\"},\"component\":\"RegularBlock\",\"open\":true,\"is_container\":false},{\"type\":\"testimonial\",\"name\":\"List Testimonial\",\"model\":{\"title\":\"Our happy clients\",\"list_item\":[{\"_active\":false,\"name\":\"Eva Hicks\",\"desc\":\"Faucibus tristique felis potenti ultrices ornare rhoncus semper hac facilisi Rutrum tellus lorem sem velit nisi non pharetra in dui. \",\"number_star\":5,\"avatar\":1},{\"_active\":false,\"name\":\"Donald Wolf\",\"desc\":\"Faucibus tristique felis potenti ultrices ornare rhoncus semper hac facilisi Rutrum tellus lorem sem velit nisi non pharetra in dui. \",\"number_star\":6,\"avatar\":2},{\"_active\":false,\"name\":\"Charlie Harrington\",\"desc\":\"Faucibus tristique felis potenti ultrices ornare rhoncus semper hac facilisi Rutrum tellus lorem sem velit nisi non pharetra in dui.\",\"number_star\":5,\"avatar\":3}]},\"component\":\"RegularBlock\",\"open\":true,\"is_container\":false}]', NULL, 1, NULL, NULL, NULL, '2024-01-27 03:40:33', NULL),
(3, 'Home Space', '[{\"type\":\"form_search_space\",\"name\":\"Space: Form Search\",\"model\":{\"title\":\"Find your next rental\",\"sub_title\":\"Book incredible things to do around the world.\",\"bg_image\":61},\"component\":\"RegularBlock\",\"open\":true,\"is_container\":false},{\"type\":\"list_space\",\"name\":\"Space: List Items\",\"model\":{\"title\":\"Recommended Homes\",\"number\":5,\"style\":\"carousel\",\"location_id\":\"\",\"order\":\"id\",\"order_by\":\"asc\",\"desc\":\"Homes highly rated for thoughtful design\"},\"component\":\"RegularBlock\",\"open\":true,\"is_container\":false},{\"type\":\"space_term_featured_box\",\"name\":\"Space: Term Featured Box\",\"model\":{\"title\":\"Find a Home Type\",\"desc\":\"It is a long established fact that a reader\",\"term_space\":[\"26\",\"27\",\"28\",\"29\",\"30\",\"31\"]},\"component\":\"RegularBlock\",\"open\":true,\"is_container\":false},{\"type\":\"list_locations\",\"name\":\"List Locations\",\"model\":{\"service_type\":\"space\",\"title\":\"Top Destinations\",\"number\":6,\"order\":\"id\",\"order_by\":\"desc\",\"layout\":\"style_2\",\"desc\":\"It is a long established fact that a reader\"},\"component\":\"RegularBlock\",\"open\":true,\"is_container\":false},{\"type\":\"list_space\",\"name\":\"Space: List Items\",\"model\":{\"title\":\" Rental Listing\",\"desc\":\"Homes highly rated for thoughtful design\",\"number\":4,\"style\":\"normal\",\"location_id\":\"\",\"order\":\"id\",\"order_by\":\"desc\"},\"component\":\"RegularBlock\",\"open\":true,\"is_container\":false},{\"type\":\"call_to_action\",\"name\":\"Call To Action\",\"model\":{\"title\":\"Know your city?\",\"sub_title\":\"Join 2000+ locals & 1200+ contributors from 3000 cities\",\"link_title\":\"Become Local Expert\",\"link_more\":\"#\"},\"component\":\"RegularBlock\",\"open\":true,\"is_container\":false}]', NULL, 1, NULL, NULL, NULL, '2024-01-27 03:40:33', NULL),
(4, 'Home Hotel', '[{\"type\":\"form_search_hotel\",\"name\":\"Hotel: Form Search\",\"model\":{\"title\":\"Find Your Perfect Hotels\",\"sub_title\":\"Get the best prices on 20,000+ properties\",\"bg_image\":92},\"component\":\"RegularBlock\",\"open\":true,\"is_container\":false},{\"type\":\"list_featured_item\",\"name\":\"List Featured Item\",\"model\":{\"list_item\":[{\"_active\":false,\"title\":\"20,000+ properties\",\"sub_title\":\"Morbi semper fames lobortis ac hac penatibus\",\"icon_image\":103,\"order\":null},{\"_active\":false,\"title\":\"Trust & Safety\",\"sub_title\":\"Morbi semper fames lobortis ac hac penatibus\",\"icon_image\":104,\"order\":null},{\"_active\":true,\"title\":\"Best Price Guarantee\",\"sub_title\":\"Morbi semper fames lobortis ac hac penatibus\",\"icon_image\":105,\"order\":null}],\"style\":\"normal\"},\"component\":\"RegularBlock\",\"open\":true,\"is_container\":false},{\"type\":\"list_hotel\",\"name\":\"Hotel: List Items\",\"model\":{\"title\":\"Last Minute Deals\",\"desc\":\"Hotel highly rated for thoughtful design\",\"number\":5,\"style\":\"carousel\",\"location_id\":\"\",\"order\":\"\",\"order_by\":\"\",\"is_featured\":\"\"},\"component\":\"RegularBlock\",\"open\":true,\"is_container\":false},{\"type\":\"list_locations\",\"name\":\"List Locations\",\"model\":{\"service_type\":\"hotel\",\"title\":\"Top Destinations\",\"desc\":\"It is a long established fact that a reader\",\"number\":6,\"layout\":\"style_3\",\"order\":\"\",\"order_by\":\"\",\"to_location_detail\":false},\"component\":\"RegularBlock\",\"open\":true,\"is_container\":false},{\"type\":\"text\",\"name\":\"Text\",\"model\":{\"content\":\"<h2><span style=\\\"color: #1a2b48; font-family: Poppins, sans-serif; font-size: 28px; font-weight: 500; background-color: #ffffff;\\\">Why be a Local Expert</span></h2>\\n<div><span style=\\\"color: #5e6d77; font-family: Poppins, sans-serif; font-size: 10pt; background-color: #ffffff;\\\">Varius massa maecenas et id dictumst mattis</span></div>\",\"class\":\"\"},\"component\":\"RegularBlock\",\"open\":true,\"is_container\":false},{\"type\":\"list_featured_item\",\"name\":\"List Featured Item\",\"model\":{\"list_item\":[{\"_active\":false,\"title\":\"Earn an additional income\",\"sub_title\":\"Ut elit tellus, luctus nec ullamcorper mattis\",\"icon_image\":15,\"order\":null},{\"_active\":false,\"title\":\"Open your network\",\"sub_title\":\"Ut elit tellus, luctus nec ullamcorper mattis\",\"icon_image\":14,\"order\":null},{\"_active\":false,\"title\":\"Practice your language\",\"sub_title\":\"Ut elit tellus, luctus nec ullamcorper mattis\",\"icon_image\":13,\"order\":null}],\"style\":\"style3\"},\"component\":\"RegularBlock\",\"open\":true,\"is_container\":false},{\"type\":\"list_hotel\",\"name\":\"Hotel: List Items\",\"model\":{\"title\":\"Bestseller Listing\",\"desc\":\"Hotel highly rated for thoughtful design\",\"number\":8,\"style\":\"normal\",\"location_id\":\"\",\"order\":\"id\",\"order_by\":\"asc\",\"is_featured\":\"\"},\"component\":\"RegularBlock\",\"open\":true,\"is_container\":false}]', NULL, 1, NULL, NULL, NULL, '2024-01-27 03:40:33', NULL),
(5, 'Become a vendor', '[{\"type\":\"vendor_register_form\",\"name\":\"Vendor Register Form\",\"model\":{\"title\":\"Become a vendor\",\"desc\":\"Join our community to unlock your greatest asset and welcome paying guests into your home.\",\"youtube\":\"https://www.youtube.com/watch?v=AmZ0WrEaf34\",\"bg_image\":11},\"component\":\"RegularBlock\",\"open\":true,\"is_container\":false},{\"type\":\"text\",\"name\":\"Text\",\"model\":{\"content\":\"<h3><strong>How does it work?</strong></h3>\",\"class\":\"text-center\"},\"component\":\"RegularBlock\",\"open\":true,\"is_container\":false},{\"type\":\"list_featured_item\",\"name\":\"List Featured Item\",\"model\":{\"list_item\":[{\"_active\":false,\"title\":\"Sign up\",\"sub_title\":\"Click edit button to change this text  to change this text\",\"icon_image\":null,\"order\":null},{\"_active\":false,\"title\":\" Add your services\",\"sub_title\":\" Click edit button to change this text  to change this text\",\"icon_image\":null,\"order\":null},{\"_active\":true,\"title\":\"Get bookings\",\"sub_title\":\" Click edit button to change this text  to change this text\",\"icon_image\":null,\"order\":null}],\"style\":\"style2\"},\"component\":\"RegularBlock\",\"open\":true,\"is_container\":false},{\"type\":\"video_player\",\"name\":\"Video Player\",\"model\":{\"title\":\"Share the beauty of your city\",\"youtube\":\"https://www.youtube.com/watch?v=hHUbLv4ThOo\",\"bg_image\":12},\"component\":\"RegularBlock\",\"open\":true,\"is_container\":false},{\"type\":\"text\",\"name\":\"Text\",\"model\":{\"content\":\"<h3><strong>Why be a Local Expert</strong></h3>\",\"class\":\"text-center ptb60\"},\"component\":\"RegularBlock\",\"open\":true,\"is_container\":false},{\"type\":\"list_featured_item\",\"name\":\"List Featured Item\",\"model\":{\"list_item\":[{\"_active\":false,\"title\":\"Earn an additional income\",\"sub_title\":\" Ut elit tellus, luctus nec ullamcorper mattis\",\"icon_image\":15,\"order\":null},{\"_active\":true,\"title\":\"Open your network\",\"sub_title\":\" Ut elit tellus, luctus nec ullamcorper mattis\",\"icon_image\":14,\"order\":null},{\"_active\":true,\"title\":\"Practice your language\",\"sub_title\":\" Ut elit tellus, luctus nec ullamcorper mattis\",\"icon_image\":13,\"order\":null}],\"style\":\"style3\"},\"component\":\"RegularBlock\",\"open\":true,\"is_container\":false},{\"type\":\"faqs\",\"name\":\"FAQ List\",\"model\":{\"title\":\"FAQs\",\"list_item\":[{\"_active\":false,\"title\":\"How will I receive my payment?\",\"sub_title\":\" Lorem ipsum dolor sit amet, consectetur adipiscing elit. Ut elit tellus, luctus nec ullamcorper mattis, pulvinar dapibus leo.\"},{\"_active\":true,\"title\":\"How do I upload products?\",\"sub_title\":\"Lorem ipsum dolor sit amet, consectetur adipiscing elit. Ut elit tellus, luctus nec ullamcorper mattis, pulvinar dapibus leo.\"},{\"_active\":true,\"title\":\"How do I update or extend my availabilities?\",\"sub_title\":\"Lorem ipsum dolor sit amet, consectetur adipiscing elit. Ut elit tellus, luctus nec ullamcorper mattis, pulvinar dapibus leo.\\n\"},{\"_active\":true,\"title\":\"How do I increase conversion rate?\",\"sub_title\":\"Lorem ipsum dolor sit amet, consectetur adipiscing elit. Ut elit tellus, luctus nec ullamcorper mattis, pulvinar dapibus leo.\"}]},\"component\":\"RegularBlock\",\"open\":true,\"is_container\":false}]', NULL, 1, NULL, NULL, NULL, '2024-01-27 03:40:33', NULL),
(6, 'Home Car', '[{\"type\":\"form_search_car\",\"name\":\"Car: Form Search\",\"model\":{\"title\":\"Search Rental Car Deals\",\"sub_title\":\"Book better cars from local hosts across the US and around the world.\",\"bg_image\":122},\"component\":\"RegularBlock\",\"open\":true,\"is_container\":false},{\"type\":\"list_featured_item\",\"name\":\"List Featured Item\",\"model\":{\"list_item\":[{\"_active\":true,\"title\":\"Free Cancellation\",\"sub_title\":\"Morbi semper fames lobortis ac\",\"icon_image\":103,\"order\":null},{\"_active\":true,\"title\":\"No Hidden Costs\",\"sub_title\":\"Morbi semper fames lobortis\",\"icon_image\":104,\"order\":null},{\"_active\":true,\"title\":\"24/7 Customer Care\",\"sub_title\":\"Morbi semper fames lobortis\",\"icon_image\":105,\"order\":null}],\"style\":\"normal\"},\"component\":\"RegularBlock\",\"open\":true,\"is_container\":false},{\"type\":\"car_term_featured_box\",\"name\":\"Car: Term Featured Box\",\"model\":{\"title\":\"Browse by categories\",\"desc\":\"Book incredible things to do around the world.\",\"term_car\":[\"68\",\"67\",\"66\",\"65\",\"64\",\"63\",\"62\",\"61\"]},\"component\":\"RegularBlock\",\"open\":true,\"is_container\":false},{\"type\":\"list_car\",\"name\":\"Car: List Items\",\"model\":{\"title\":\"Trending used cars\",\"desc\":\"Book incredible things to do around the world.\",\"number\":8,\"style\":\"normal\",\"location_id\":\"\",\"order\":\"id\",\"order_by\":\"desc\",\"is_featured\":\"\"},\"component\":\"RegularBlock\",\"open\":true,\"is_container\":false},{\"type\":\"how_it_works\",\"name\":\"How It Works\",\"model\":{\"title\":\"How does it work?\",\"list_item\":[{\"_active\":false,\"title\":\"Find The Car\",\"sub_title\":\"Lorem Ipsum is simply dummy text of the printing\",\"icon_image\":132,\"order\":null},{\"_active\":false,\"title\":\"Book It\",\"sub_title\":\"Lorem Ipsum is simply dummy text of the printing\",\"icon_image\":133,\"order\":null},{\"_active\":false,\"title\":\"Grab And Go\",\"sub_title\":\"Lorem Ipsum is simply dummy text of the printing\",\"icon_image\":134,\"order\":null}],\"background_image\":131},\"component\":\"RegularBlock\",\"open\":true,\"is_container\":false},{\"type\":\"list_locations\",\"name\":\"List Locations\",\"model\":{\"service_type\":[\"car\"],\"title\":\"Top destinations\",\"desc\":\"Lorem Ipsum is simply dummy text of the printing\",\"number\":6,\"layout\":\"style_2\",\"order\":\"id\",\"order_by\":\"asc\",\"to_location_detail\":\"\"},\"component\":\"RegularBlock\",\"open\":true,\"is_container\":false}]', NULL, 1, NULL, NULL, NULL, '2024-01-27 03:40:33', NULL);

-- --------------------------------------------------------

--
-- Table structure for table `core_template_translations`
--

CREATE TABLE `core_template_translations` (
  `id` bigint(20) UNSIGNED NOT NULL,
  `origin_id` int(10) UNSIGNED NOT NULL,
  `locale` varchar(191) NOT NULL,
  `title` varchar(255) DEFAULT NULL,
  `content` longtext DEFAULT NULL,
  `create_user` int(11) DEFAULT NULL,
  `update_user` int(11) DEFAULT NULL,
  `created_at` timestamp NULL DEFAULT NULL,
  `updated_at` timestamp NULL DEFAULT NULL
) ENGINE=InnoDB DEFAULT CHARSET=utf8mb4 COLLATE=utf8mb4_unicode_ci;

--
-- Dumping data for table `core_template_translations`
--

INSERT INTO `core_template_translations` (`id`, `origin_id`, `locale`, `title`, `content`, `create_user`, `update_user`, `created_at`, `updated_at`) VALUES
(1, 1, 'ja', 'Home Page', '[{\"type\":\"form_search_all_service\",\"name\":\"Form Search All Service\",\"model\":{\"service_types\":[\"hotel\",\"space\",\"tour\",\"car\"],\"title\":\"こんにちは！\",\"sub_title\":\"どこに行きたい？\",\"bg_image\":16},\"component\":\"RegularBlock\",\"open\":true,\"is_container\":false},{\"type\":\"offer_block\",\"name\":\"Offer Block\",\"model\":{\"list_item\":[{\"_active\":true,\"title\":\"特別オファー\",\"desc\":\"最適なホテルを探す<br>\\n20,000以上の物件の価格<br>\\n上の最高の価格\",\"background_image\":17,\"link_title\":\"取引\",\"link_more\":\"#\",\"featured_text\":\"ホリデーセール\"},{\"_active\":true,\"title\":\"ニュースレター\",\"desc\":\"無料で参加して取得 <br>\\nに合わせたニュースレター<br>\\nホット旅行情報。\",\"background_image\":18,\"link_title\":\"サインアップ\",\"link_more\":\"/register\",\"featured_icon\":\"icofont-email\"},{\"_active\":true,\"title\":\"旅行のヒント\",\"desc\":\"旅行の専門家からのヒント <br>\\nあなたの次の<br>\\nより良い。\",\"background_image\":19,\"link_title\":\"サインアップ\",\"link_more\":\"/register\",\"featured_text\":null,\"featured_icon\":\"icofont-island-alt\"}]},\"component\":\"RegularBlock\",\"open\":true,\"is_container\":false},{\"type\":\"list_hotel\",\"name\":\"Hotel: List Items\",\"model\":{\"title\":\"ベストセラーリスト\",\"desc\":\"思慮深いデザインで高い評価を得ているホテル\",\"number\":4,\"style\":\"normal\",\"location_id\":\"\",\"order\":\"id\",\"order_by\":\"asc\",\"is_featured\":\"\"},\"component\":\"RegularBlock\",\"open\":true,\"is_container\":false},{\"type\":\"list_locations\",\"name\":\"List Locations\",\"model\":{\"service_type\":[\"space\",\"hotel\",\"tour\"],\"title\":\"人気の目的地\",\"desc\":\"読者が\",\"number\":6,\"layout\":\"style_4\",\"order\":\"id\",\"order_by\":\"asc\",\"to_location_detail\":\"\"},\"component\":\"RegularBlock\",\"open\":true,\"is_container\":false},{\"type\":\"list_tours\",\"name\":\"Tour: List Items\",\"model\":{\"title\":\"最高のプロモーションツアー\",\"number\":6,\"style\":\"box_shadow\",\"category_id\":\"\",\"location_id\":\"\",\"order\":\"id\",\"order_by\":\"asc\",\"is_featured\":\"\",\"desc\":\"最も人気のある目的地\"},\"component\":\"RegularBlock\",\"open\":true,\"is_container\":false},{\"type\":\"list_space\",\"name\":\"Space: List Items\",\"model\":{\"title\":\"賃貸物件\",\"desc\":\"思慮深いデザインで高い評価を受けている家\",\"number\":4,\"style\":\"normal\",\"location_id\":\"\",\"order\":\"id\",\"order_by\":\"desc\",\"is_featured\":\"\"},\"component\":\"RegularBlock\",\"open\":true,\"is_container\":false},{\"type\":\"list_car\",\"name\":\"Car: List Items\",\"model\":{\"title\":\"Car Trending\",\"desc\":\"Book incredible things to do around the world.\",\"number\":8,\"style\":\"normal\",\"location_id\":\"\",\"order\":\"id\",\"order_by\":\"desc\",\"is_featured\":\"\"},\"component\":\"RegularBlock\",\"open\":true},{\"type\": \"list_news\", \"name\": \"News: List Items\", \"model\": {\"title\": \"Read the latest from blog\", \"desc\": \"Contrary to popular belief\", \"number\": 6, \"category_id\": null, \"order\": \"id\", \"order_by\": \"asc\"}, \"component\": \"RegularBlock\", \"open\": true, \"is_container\": false},{\"type\":\"call_to_action\",\"name\":\"Call To Action\",\"model\":{\"title\":\"あなたの街を知？\",\"sub_title\":\"3000以上の都市から2000人以上の地元民と\",\"link_title\":\"ローカルエ\",\"link_more\":\"#\"},\"component\":\"RegularBlock\",\"open\":true,\"is_container\":false},{\"type\":\"testimonial\",\"name\":\"List Testimonial\",\"model\":{\"title\":\"私たちの幸せなクライアント\",\"list_item\":[{\"_active\":false,\"name\":\"Eva Hicks\",\"desc\":\"右ずへやん間申ゃ投法けゃイ仙一もと政情ルた食的て代下ずせに丈律ルラモト聞探チト棋90績ム的社ず置攻景リフノケ内兼唱堅ゃフぼ。場ルアハ美\",\"number_star\":5,\"avatar\":1},{\"_active\":false,\"name\":\"Donald Wolf\",\"desc\":\"右ずへやん間申ゃ投法けゃイ仙一もと政情ルた食的て代下ずせに丈律ルラモト聞探チト棋90績ム的社ず置攻景リフノケ内兼唱堅ゃフぼ。場ルアハ美\",\"number_star\":6,\"avatar\":2},{\"_active\":true,\"name\":\"Charlie Harrington\",\"desc\":\"右ずへやん間申ゃ投法けゃイ仙一もと政情ルた食的て代下ずせに丈律ルラモト聞探チト棋90績ム的社ず置攻景リフノケ内兼唱堅ゃフぼ。場ルアハ美\",\"number_star\":5,\"avatar\":3}]},\"component\":\"RegularBlock\",\"open\":true,\"is_container\":false}]', 1, NULL, '2024-01-27 03:40:33', NULL),
(2, 2, 'ja', 'Home Tour', '[{\"type\":\"form_search_tour\",\"name\":\"Tour: Form Search\",\"model\":{\"title\":\"どこへ行くのが大好き\",\"sub_title\":\"世界中で信じられないようなことを予約しましょう。\",\"bg_image\":20},\"component\":\"RegularBlock\",\"open\":true,\"is_container\":false},{\"type\":\"list_featured_item\",\"name\":\"List Featured Item\",\"model\":{\"list_item\":[{\"_active\":true,\"title\":\"1,000+ ローカルガイド\",\"sub_title\":\"プロのツアーガイドとーガイドとーガイドと 験。 光の\",\"icon_image\":5},{\"_active\":true,\"title\":\"手作りの体験\",\"sub_title\":\"プロのツアーガイドとーガイドとーガイドと 験。 光の\",\"icon_image\":4},{\"_active\":true,\"title\":\"96% 幸せな旅行者\",\"sub_title\":\"プロのツアーガイドとーガイドとーガイドと 験。 光の\",\"icon_image\":6}]},\"component\":\"RegularBlock\",\"open\":true,\"is_container\":false},{\"type\":\"list_tours\",\"name\":\"Tour: List Items\",\"model\":{\"title\":\"トレンドツアー\",\"number\":5,\"style\":\"carousel\",\"category_id\":\"\",\"location_id\":\"\",\"order\":\"id\",\"order_by\":\"desc\"},\"component\":\"RegularBlock\",\"open\":true,\"is_container\":false},{\"type\":\"list_locations\",\"name\":\"List Locations\",\"model\":{\"title\":\"人気の目的地\",\"number\":5,\"order\":\"id\",\"order_by\":\"desc\",\"service_type\":\"tour\",\"desc\":\"\",\"layout\":\"\"},\"component\":\"RegularBlock\",\"open\":true,\"is_container\":false},{\"type\":\"list_tours\",\"name\":\"Tour: List Items\",\"model\":{\"title\":\"あなたが好きになるローカル体験\",\"number\":8,\"style\":\"normal\",\"category_id\":\"\",\"location_id\":\"\",\"order\":\"id\",\"order_by\":\"asc\"},\"component\":\"RegularBlock\",\"open\":true,\"is_container\":false},{\"type\":\"call_to_action\",\"name\":\"Call To Action\",\"model\":{\"title\":\"っていますか？\",\"sub_title\":\"3000以上の都市から2000人以上の地元民と1200人以上の貢献者に参加する\",\"link_title\":\"ローカルエ\",\"link_more\":\"#\"},\"component\":\"RegularBlock\",\"open\":true,\"is_container\":false},{\"type\":\"testimonial\",\"name\":\"List Testimonial\",\"model\":{\"title\":\"私たちの幸せなクライアント\",\"list_item\":[{\"_active\":false,\"name\":\"Eva Hicks\",\"desc\":\"融づ苦佐とき百配ほづあ禁安テクミ真覧チヱフ行乗ぱたば外味ナ演庭コヲ旅見ヨコ優成コネ治確はろね訪来終島抄がん。\",\"number_star\":5,\"avatar\":1},{\"_active\":false,\"name\":\"Donald Wolf\",\"desc\":\"融づ苦佐とき百配ほづあ禁安テクミ真覧チヱフ行乗ぱたば外味ナ演庭コヲ旅見ヨコ優成コネ治確はろね訪来終島抄がん。\",\"number_star\":6,\"avatar\":2},{\"_active\":true,\"name\":\"Charlie Harrington\",\"desc\":\"右ずへやん間申ゃ投法けゃイ仙一もと政情ルた食的て代下ずせに丈律ルラモト聞探チト棋90績ム的社ず置攻景リフノケ内兼唱堅ゃフぼ。場ルアハ美\",\"number_star\":5,\"avatar\":3}]},\"component\":\"RegularBlock\",\"open\":true,\"is_container\":false}]', 1, NULL, '2024-01-27 03:40:33', NULL),
(3, 3, 'ja', 'Home Space', '[{\"type\":\"form_search_space\",\"name\":\"Space: Form Search\",\"model\":{\"title\":\"次のレンタルを探す\",\"sub_title\":\"世界中で信じられないようなことを予約しましょう。\",\"bg_image\":61},\"component\":\"RegularBlock\",\"open\":true,\"is_container\":false},{\"type\":\"list_space\",\"name\":\"Space: List Items\",\"model\":{\"title\":\"おすすめの家\",\"number\":5,\"style\":\"carousel\",\"location_id\":\"\",\"order\":\"id\",\"order_by\":\"asc\",\"desc\":\"思慮深いデザインで高い評価を受けている家\"},\"component\":\"RegularBlock\",\"open\":true,\"is_container\":false},{\"type\":\"space_term_featured_box\",\"name\":\"Space: Term Featured Box\",\"model\":{\"title\":\"ホームタイプを見つける\",\"desc\":\"これは、読者はその長い既成の事実であります\",\"term_space\":[\"26\",\"27\",\"28\",\"29\",\"30\",\"31\"]},\"component\":\"RegularBlock\",\"open\":true,\"is_container\":false},{\"type\":\"list_locations\",\"name\":\"List Locations\",\"model\":{\"service_type\":\"space\",\"title\":\"人気の目的地\",\"number\":6,\"order\":\"id\",\"order_by\":\"desc\",\"layout\":\"style_2\",\"desc\":\"これは、読者はその長い既成の事実であります\"},\"component\":\"RegularBlock\",\"open\":true,\"is_container\":false},{\"type\":\"list_space\",\"name\":\"Space: List Items\",\"model\":{\"title\":\"賃貸物件\",\"desc\":\"思慮深いデザインで高い評価を受けている家\",\"number\":4,\"style\":\"normal\",\"location_id\":\"\",\"order\":\"id\",\"order_by\":\"desc\"},\"component\":\"RegularBlock\",\"open\":true,\"is_container\":false},{\"type\":\"call_to_action\",\"name\":\"Call To Action\",\"model\":{\"title\":\"っていますか？\",\"sub_title\":\"3000以上の都市から2000人以上の地元民と1200人以上の貢献者に参加する\",\"link_title\":\"ローカルエ\",\"link_more\":\"#\"},\"component\":\"RegularBlock\",\"open\":true,\"is_container\":false}]', 1, NULL, '2024-01-27 03:40:33', NULL),
(4, 4, 'ja', 'Home Hotel', '[{\"type\":\"form_search_hotel\",\"name\":\"Hotel: Form Search\",\"model\":{\"title\":\"最適なホテルを探す\",\"sub_title\":\"20,000以上のプロパティで最高の価格を取得\",\"bg_image\":92},\"component\":\"RegularBlock\",\"open\":true,\"is_container\":false},{\"type\":\"list_featured_item\",\"name\":\"List Featured Item\",\"model\":{\"list_item\":[{\"_active\":false,\"title\":\"20,000以上のプロパティ\",\"sub_title\":\"これは飢饉は常にlobortis交流pede Suspendisseたです\",\"icon_image\":103,\"order\":null},{\"_active\":false,\"title\":\"信頼と安全性\",\"sub_title\":\"これは飢饉は常にlobortis交流pede Suspendisseたです\",\"icon_image\":104,\"order\":null},{\"_active\":false,\"title\":\"ベストプライス保証\",\"sub_title\":\"これは飢饉は常にlobortis交流pede Suspendisseたです\",\"icon_image\":105,\"order\":null}],\"style\":\"normal\"},\"component\":\"RegularBlock\",\"open\":true,\"is_container\":false},{\"type\":\"list_hotel\",\"name\":\"Hotel: List Items\",\"model\":{\"title\":\"直前予約\",\"desc\":\"思慮深いデザインで高い評価を得ているホテル\",\"number\":5,\"style\":\"carousel\",\"location_id\":\"\",\"order\":\"\",\"order_by\":\"\",\"is_featured\":\"\"},\"component\":\"RegularBlock\",\"open\":true,\"is_container\":false},{\"type\":\"list_locations\",\"name\":\"List Locations\",\"model\":{\"service_type\":\"hotel\",\"title\":\"人気の目的地\",\"desc\":\"それは長い間確立された事実であり、\",\"number\":6,\"layout\":\"style_3\",\"order\":\"\",\"order_by\":\"\",\"to_location_detail\":false},\"component\":\"RegularBlock\",\"open\":true,\"is_container\":false},{\"type\":\"text\",\"name\":\"Text\",\"model\":{\"content\":\"<h2><span style=\\\"color: #1a2b48; font-family: Poppins, sans-serif; font-size: 28px; font-weight: 500; background-color: #ffffff;\\\">ローカルエキスパートになる理由</span></h2>\\n<div><span style=\\\"color: #5e6d77; font-family: Poppins, sans-serif; font-size: 10pt; background-color: #ffffff;\\\">様々な質量マエケナスとその格言不動産</span></div>\\n<div id=\\\"gtx-trans\\\" style=\\\"position: absolute; left: -118px; top: 55.8125px;\\\">\\n<div class=\\\"gtx-trans-icon\\\">&nbsp;</div>\\n</div>\",\"class\":\"\"},\"component\":\"RegularBlock\",\"open\":true,\"is_container\":false},{\"type\":\"list_featured_item\",\"name\":\"List Featured Item\",\"model\":{\"list_item\":[{\"_active\":false,\"title\":\"追加の収入を得る\",\"sub_title\":\"Ut elit tellus, luctus nec ullamcorper mattis\",\"icon_image\":15,\"order\":null},{\"_active\":false,\"title\":\"ネットワークを開く\",\"sub_title\":\"Ut elit tellus, luctus nec ullamcorper mattis\",\"icon_image\":14,\"order\":null},{\"_active\":false,\"title\":\"あなたの言語を練習する\",\"sub_title\":\"Ut elit tellus, luctus nec ullamcorper mattis\",\"icon_image\":13,\"order\":null}],\"style\":\"style3\"},\"component\":\"RegularBlock\",\"open\":true,\"is_container\":false},{\"type\":\"list_hotel\",\"name\":\"Hotel: List Items\",\"model\":{\"title\":\"ベストセラーリスト\",\"desc\":\"思慮深いデザインで高い評価を得ているホテル\",\"number\":8,\"style\":\"normal\",\"location_id\":\"\",\"order\":\"id\",\"order_by\":\"asc\",\"is_featured\":\"\"},\"component\":\"RegularBlock\",\"open\":true,\"is_container\":false}]', 1, NULL, '2024-01-27 03:40:33', NULL);

-- --------------------------------------------------------

--
-- Table structure for table `core_translations`
--

CREATE TABLE `core_translations` (
  `id` bigint(20) UNSIGNED NOT NULL,
  `locale` varchar(10) DEFAULT NULL,
  `string` text DEFAULT NULL,
  `parent_id` bigint(20) DEFAULT NULL,
  `create_user` int(11) DEFAULT NULL,
  `update_user` int(11) DEFAULT NULL,
  `last_build_at` timestamp NULL DEFAULT NULL,
  `deleted_at` timestamp NULL DEFAULT NULL,
  `created_at` timestamp NULL DEFAULT NULL,
  `updated_at` timestamp NULL DEFAULT NULL
) ENGINE=InnoDB DEFAULT CHARSET=utf8mb4 COLLATE=utf8mb4_unicode_ci;

-- --------------------------------------------------------

--
-- Table structure for table `core_vendor_plans`
--

CREATE TABLE `core_vendor_plans` (
  `id` bigint(20) UNSIGNED NOT NULL,
  `name` varchar(191) NOT NULL,
  `base_commission` int(11) NOT NULL,
  `status` varchar(20) DEFAULT NULL,
  `publish_date` datetime DEFAULT NULL,
  `create_user` bigint(20) DEFAULT NULL,
  `update_user` bigint(20) DEFAULT NULL,
  `deleted_at` timestamp NULL DEFAULT NULL,
  `created_at` timestamp NULL DEFAULT NULL,
  `updated_at` timestamp NULL DEFAULT NULL
) ENGINE=InnoDB DEFAULT CHARSET=utf8mb4 COLLATE=utf8mb4_unicode_ci;

-- --------------------------------------------------------

--
-- Table structure for table `core_vendor_plan_meta`
--

CREATE TABLE `core_vendor_plan_meta` (
  `id` bigint(20) UNSIGNED NOT NULL,
  `vendor_plan_id` int(11) NOT NULL,
  `post_type` varchar(255) DEFAULT NULL,
  `enable` tinyint(4) DEFAULT NULL,
  `maximum_create` int(11) DEFAULT NULL,
  `auto_publish` tinyint(4) DEFAULT NULL,
  `commission` int(11) DEFAULT NULL,
  `create_user` bigint(20) DEFAULT NULL,
  `update_user` bigint(20) DEFAULT NULL,
  `deleted_at` timestamp NULL DEFAULT NULL,
  `created_at` timestamp NULL DEFAULT NULL,
  `updated_at` timestamp NULL DEFAULT NULL
) ENGINE=InnoDB DEFAULT CHARSET=utf8mb4 COLLATE=utf8mb4_unicode_ci;

-- --------------------------------------------------------

--
-- Table structure for table `media_files`
--

CREATE TABLE `media_files` (
  `id` bigint(20) UNSIGNED NOT NULL,
  `file_name` varchar(255) DEFAULT NULL,
  `file_path` varchar(255) DEFAULT NULL,
  `file_size` varchar(255) DEFAULT NULL,
  `file_type` varchar(255) DEFAULT NULL,
  `file_extension` varchar(255) DEFAULT NULL,
  `create_user` int(11) DEFAULT NULL,
  `update_user` int(11) DEFAULT NULL,
  `deleted_at` timestamp NULL DEFAULT NULL,
  `app_id` int(11) DEFAULT NULL,
  `app_user_id` int(11) DEFAULT NULL,
  `file_width` int(11) DEFAULT NULL,
  `file_height` int(11) DEFAULT NULL,
  `created_at` timestamp NULL DEFAULT NULL,
  `updated_at` timestamp NULL DEFAULT NULL
) ENGINE=InnoDB DEFAULT CHARSET=utf8mb4 COLLATE=utf8mb4_unicode_ci;

--
-- Dumping data for table `media_files`
--

INSERT INTO `media_files` (`id`, `file_name`, `file_path`, `file_size`, `file_type`, `file_extension`, `create_user`, `update_user`, `deleted_at`, `app_id`, `app_user_id`, `file_width`, `file_height`, `created_at`, `updated_at`) VALUES
(1, 'avatar', 'demo/general/avatar.jpg', NULL, 'image/jpeg', 'jpg', NULL, NULL, NULL, NULL, NULL, NULL, NULL, NULL, NULL),
(2, 'avatar-2', 'demo/general/avatar-2.jpg', NULL, 'image/jpeg', 'jpg', NULL, NULL, NULL, NULL, NULL, NULL, NULL, NULL, NULL),
(3, 'avatar-3', 'demo/general/avatar-3.jpg', NULL, 'image/jpeg', 'jpg', NULL, NULL, NULL, NULL, NULL, NULL, NULL, NULL, NULL),
(4, 'ico_adventurous', 'demo/general/ico_adventurous.png', NULL, 'image/png', 'png', NULL, NULL, NULL, NULL, NULL, NULL, NULL, NULL, NULL),
(5, 'ico_localguide', 'demo/general/ico_localguide.png', NULL, 'image/png', 'png', NULL, NULL, NULL, NULL, NULL, NULL, NULL, NULL, NULL),
(6, 'ico_maps', 'demo/general/ico_maps.png', NULL, 'image/png', 'png', NULL, NULL, NULL, NULL, NULL, NULL, NULL, NULL, NULL),
(7, 'ico_paymethod', 'demo/general/ico_paymethod.png', NULL, 'image/png', 'png', NULL, NULL, NULL, NULL, NULL, NULL, NULL, NULL, NULL),
(8, 'logo', 'demo/general/logo.svg', NULL, 'image/svg+xml', 'svg', NULL, NULL, NULL, NULL, NULL, NULL, NULL, NULL, NULL),
(9, 'bg_contact', 'demo/general/bg-contact.jpg', NULL, 'image/jpeg', 'jpg', NULL, NULL, NULL, NULL, NULL, NULL, NULL, NULL, NULL),
(10, 'favicon', 'demo/general/favicon.png', NULL, 'image/png', 'png', NULL, NULL, NULL, NULL, NULL, NULL, NULL, NULL, NULL),
(11, 'thumb-vendor-register', 'demo/general/thumb-vendor-register.jpg', NULL, 'image/jpeg', 'jpg', NULL, NULL, NULL, NULL, NULL, NULL, NULL, NULL, NULL),
(12, 'bg-video-vendor-register1', 'demo/general/bg-video-vendor-register1.jpg', NULL, 'image/jpeg', 'jpg', NULL, NULL, NULL, NULL, NULL, NULL, NULL, NULL, NULL),
(13, 'ico_chat_1', 'demo/general/ico_chat_1.svg', NULL, 'image/svg', 'svg', NULL, NULL, NULL, NULL, NULL, NULL, NULL, NULL, NULL),
(14, 'ico_friendship_1', 'demo/general/ico_friendship_1.svg', NULL, 'image/svg', 'svg', NULL, NULL, NULL, NULL, NULL, NULL, NULL, NULL, NULL),
(15, 'ico_piggy-bank_1', 'demo/general/ico_piggy-bank_1.svg', NULL, 'image/svg', 'svg', NULL, NULL, NULL, NULL, NULL, NULL, NULL, NULL, NULL),
(16, 'home-mix', 'demo/general/home-mix.jpg', NULL, 'image/jpeg', 'jpg', NULL, NULL, NULL, NULL, NULL, NULL, NULL, NULL, NULL),
(17, 'image_home_mix_1', 'demo/general/image_home_mix_1.jpg', NULL, 'image/jpeg', 'jpg', NULL, NULL, NULL, NULL, NULL, NULL, NULL, NULL, NULL),
(18, 'image_home_mix_2', 'demo/general/image_home_mix_2.jpg', NULL, 'image/jpeg', 'jpg', NULL, NULL, NULL, NULL, NULL, NULL, NULL, NULL, NULL),
(19, 'image_home_mix_3', 'demo/general/image_home_mix_3.jpg', NULL, 'image/jpeg', 'jpg', NULL, NULL, NULL, NULL, NULL, NULL, NULL, NULL, NULL),
(20, 'banner-search', 'demo/tour/banner-search.jpg', NULL, 'image/jpeg', 'jpg', NULL, NULL, NULL, NULL, NULL, NULL, NULL, NULL, NULL),
(21, 'tour-1', 'demo/tour/tour-1.jpg', NULL, 'image/jpeg', 'jpg', NULL, NULL, NULL, NULL, NULL, NULL, NULL, NULL, NULL),
(22, 'tour-2', 'demo/tour/tour-2.jpg', NULL, 'image/jpeg', 'jpg', NULL, NULL, NULL, NULL, NULL, NULL, NULL, NULL, NULL),
(23, 'tour-3', 'demo/tour/tour-3.jpg', NULL, 'image/jpeg', 'jpg', NULL, NULL, NULL, NULL, NULL, NULL, NULL, NULL, NULL),
(24, 'tour-4', 'demo/tour/tour-4.jpg', NULL, 'image/jpeg', 'jpg', NULL, NULL, NULL, NULL, NULL, NULL, NULL, NULL, NULL),
(25, 'tour-5', 'demo/tour/tour-5.jpg', NULL, 'image/jpeg', 'jpg', NULL, NULL, NULL, NULL, NULL, NULL, NULL, NULL, NULL),
(26, 'tour-6', 'demo/tour/tour-6.jpg', NULL, 'image/jpeg', 'jpg', NULL, NULL, NULL, NULL, NULL, NULL, NULL, NULL, NULL),
(27, 'tour-7', 'demo/tour/tour-7.jpg', NULL, 'image/jpeg', 'jpg', NULL, NULL, NULL, NULL, NULL, NULL, NULL, NULL, NULL),
(28, 'tour-8', 'demo/tour/tour-8.jpg', NULL, 'image/jpeg', 'jpg', NULL, NULL, NULL, NULL, NULL, NULL, NULL, NULL, NULL),
(29, 'tour-9', 'demo/tour/tour-9.jpg', NULL, 'image/jpeg', 'jpg', NULL, NULL, NULL, NULL, NULL, NULL, NULL, NULL, NULL),
(30, 'tour-10', 'demo/tour/tour-10.jpg', NULL, 'image/jpeg', 'jpg', NULL, NULL, NULL, NULL, NULL, NULL, NULL, NULL, NULL),
(31, 'tour-11', 'demo/tour/tour-11.jpg', NULL, 'image/jpeg', 'jpg', NULL, NULL, NULL, NULL, NULL, NULL, NULL, NULL, NULL),
(32, 'tour-12', 'demo/tour/tour-12.jpg', NULL, 'image/jpeg', 'jpg', NULL, NULL, NULL, NULL, NULL, NULL, NULL, NULL, NULL),
(33, 'tour-13', 'demo/tour/tour-13.jpg', NULL, 'image/jpeg', 'jpg', NULL, NULL, NULL, NULL, NULL, NULL, NULL, NULL, NULL),
(34, 'tour-14', 'demo/tour/tour-14.jpg', NULL, 'image/jpeg', 'jpg', NULL, NULL, NULL, NULL, NULL, NULL, NULL, NULL, NULL),
(35, 'tour-15', 'demo/tour/tour-15.jpg', NULL, 'image/jpeg', 'jpg', NULL, NULL, NULL, NULL, NULL, NULL, NULL, NULL, NULL),
(36, 'tour-16', 'demo/tour/tour-16.jpg', NULL, 'image/jpeg', 'jpg', NULL, NULL, NULL, NULL, NULL, NULL, NULL, NULL, NULL),
(37, 'gallery-1', 'demo/tour/gallery-1.jpg', NULL, 'image/jpeg', 'jpg', NULL, NULL, NULL, NULL, NULL, NULL, NULL, NULL, NULL),
(38, 'gallery-2', 'demo/tour/gallery-2.jpg', NULL, 'image/jpeg', 'jpg', NULL, NULL, NULL, NULL, NULL, NULL, NULL, NULL, NULL),
(39, 'gallery-3', 'demo/tour/gallery-3.jpg', NULL, 'image/jpeg', 'jpg', NULL, NULL, NULL, NULL, NULL, NULL, NULL, NULL, NULL),
(40, 'gallery-4', 'demo/tour/gallery-4.jpg', NULL, 'image/jpeg', 'jpg', NULL, NULL, NULL, NULL, NULL, NULL, NULL, NULL, NULL),
(41, 'gallery-5', 'demo/tour/gallery-5.jpg', NULL, 'image/jpeg', 'jpg', NULL, NULL, NULL, NULL, NULL, NULL, NULL, NULL, NULL),
(42, 'gallery-6', 'demo/tour/gallery-6.jpg', NULL, 'image/jpeg', 'jpg', NULL, NULL, NULL, NULL, NULL, NULL, NULL, NULL, NULL),
(43, 'gallery-7', 'demo/tour/gallery-7.jpg', NULL, 'image/jpeg', 'jpg', NULL, NULL, NULL, NULL, NULL, NULL, NULL, NULL, NULL),
(44, 'banner-tour-1', 'demo/tour/banner-detail/banner-tour-1.jpg', NULL, 'image/jpeg', 'jpg', NULL, NULL, NULL, NULL, NULL, NULL, NULL, NULL, NULL),
(45, 'banner-tour-2', 'demo/tour/banner-detail/banner-tour-2.jpg', NULL, 'image/jpeg', 'jpg', NULL, NULL, NULL, NULL, NULL, NULL, NULL, NULL, NULL),
(46, 'banner-tour-3', 'demo/tour/banner-detail/banner-tour-3.jpg', NULL, 'image/jpeg', 'jpg', NULL, NULL, NULL, NULL, NULL, NULL, NULL, NULL, NULL),
(47, 'banner-tour-4', 'demo/tour/banner-detail/banner-tour-4.jpg', NULL, 'image/jpeg', 'jpg', NULL, NULL, NULL, NULL, NULL, NULL, NULL, NULL, NULL),
(48, 'banner-tour-5', 'demo/tour/banner-detail/banner-tour-5.jpg', NULL, 'image/jpeg', 'jpg', NULL, NULL, NULL, NULL, NULL, NULL, NULL, NULL, NULL),
(49, 'banner-tour-6', 'demo/tour/banner-detail/banner-tour-6.jpg', NULL, 'image/jpeg', 'jpg', NULL, NULL, NULL, NULL, NULL, NULL, NULL, NULL, NULL),
(50, 'banner-tour-7', 'demo/tour/banner-detail/banner-tour-7.jpg', NULL, 'image/jpeg', 'jpg', NULL, NULL, NULL, NULL, NULL, NULL, NULL, NULL, NULL),
(51, 'banner-tour-8', 'demo/tour/banner-detail/banner-tour-8.jpg', NULL, 'image/jpeg', 'jpg', NULL, NULL, NULL, NULL, NULL, NULL, NULL, NULL, NULL),
(52, 'banner-tour-9', 'demo/tour/banner-detail/banner-tour-9.jpg', NULL, 'image/jpeg', 'jpg', NULL, NULL, NULL, NULL, NULL, NULL, NULL, NULL, NULL),
(53, 'banner-tour-10', 'demo/tour/banner-detail/banner-tour-10.jpg', NULL, 'image/jpeg', 'jpg', NULL, NULL, NULL, NULL, NULL, NULL, NULL, NULL, NULL),
(54, 'banner-tour-11', 'demo/tour/banner-detail/banner-tour-11.jpg', NULL, 'image/jpeg', 'jpg', NULL, NULL, NULL, NULL, NULL, NULL, NULL, NULL, NULL),
(55, 'banner-tour-12', 'demo/tour/banner-detail/banner-tour-12.jpg', NULL, 'image/jpeg', 'jpg', NULL, NULL, NULL, NULL, NULL, NULL, NULL, NULL, NULL),
(56, 'banner-tour-13', 'demo/tour/banner-detail/banner-tour-13.jpg', NULL, 'image/jpeg', 'jpg', NULL, NULL, NULL, NULL, NULL, NULL, NULL, NULL, NULL),
(57, 'banner-tour-14', 'demo/tour/banner-detail/banner-tour-14.jpg', NULL, 'image/jpeg', 'jpg', NULL, NULL, NULL, NULL, NULL, NULL, NULL, NULL, NULL),
(58, 'banner-tour-15', 'demo/tour/banner-detail/banner-tour-15.jpg', NULL, 'image/jpeg', 'jpg', NULL, NULL, NULL, NULL, NULL, NULL, NULL, NULL, NULL),
(59, 'banner-tour-16', 'demo/tour/banner-detail/banner-tour-16.jpg', NULL, 'image/jpeg', 'jpg', NULL, NULL, NULL, NULL, NULL, NULL, NULL, NULL, NULL),
(60, 'banner-tour-17', 'demo/tour/banner-detail/banner-tour-17.jpg', NULL, 'image/jpeg', 'jpg', NULL, NULL, NULL, NULL, NULL, NULL, NULL, NULL, NULL),
(61, 'banner-search-space', 'demo/space/banner-search-space.jpg', NULL, 'image/jpeg', 'jpg', NULL, NULL, NULL, NULL, NULL, NULL, NULL, NULL, NULL),
(62, 'banner-search-space-2', 'demo/space/banner-search-space-2.jpg', NULL, 'image/jpeg', 'jpg', NULL, NULL, NULL, NULL, NULL, NULL, NULL, NULL, NULL),
(63, 'space-1', 'demo/space/space-1.jpg', NULL, 'image/jpeg', 'jpg', NULL, NULL, NULL, NULL, NULL, NULL, NULL, NULL, NULL),
(64, 'space-2', 'demo/space/space-2.jpg', NULL, 'image/jpeg', 'jpg', NULL, NULL, NULL, NULL, NULL, NULL, NULL, NULL, NULL),
(65, 'space-3', 'demo/space/space-3.jpg', NULL, 'image/jpeg', 'jpg', NULL, NULL, NULL, NULL, NULL, NULL, NULL, NULL, NULL),
(66, 'space-4', 'demo/space/space-4.jpg', NULL, 'image/jpeg', 'jpg', NULL, NULL, NULL, NULL, NULL, NULL, NULL, NULL, NULL),
(67, 'space-5', 'demo/space/space-5.jpg', NULL, 'image/jpeg', 'jpg', NULL, NULL, NULL, NULL, NULL, NULL, NULL, NULL, NULL),
(68, 'space-6', 'demo/space/space-6.jpg', NULL, 'image/jpeg', 'jpg', NULL, NULL, NULL, NULL, NULL, NULL, NULL, NULL, NULL),
(69, 'space-7', 'demo/space/space-7.jpg', NULL, 'image/jpeg', 'jpg', NULL, NULL, NULL, NULL, NULL, NULL, NULL, NULL, NULL),
(70, 'space-8', 'demo/space/space-8.jpg', NULL, 'image/jpeg', 'jpg', NULL, NULL, NULL, NULL, NULL, NULL, NULL, NULL, NULL),
(71, 'space-9', 'demo/space/space-9.jpg', NULL, 'image/jpeg', 'jpg', NULL, NULL, NULL, NULL, NULL, NULL, NULL, NULL, NULL),
(72, 'space-10', 'demo/space/space-10.jpg', NULL, 'image/jpeg', 'jpg', NULL, NULL, NULL, NULL, NULL, NULL, NULL, NULL, NULL),
(73, 'space-11', 'demo/space/space-11.jpg', NULL, 'image/jpeg', 'jpg', NULL, NULL, NULL, NULL, NULL, NULL, NULL, NULL, NULL),
(74, 'space-12', 'demo/space/space-12.jpg', NULL, 'image/jpeg', 'jpg', NULL, NULL, NULL, NULL, NULL, NULL, NULL, NULL, NULL),
(75, 'space-13', 'demo/space/space-13.jpg', NULL, 'image/jpeg', 'jpg', NULL, NULL, NULL, NULL, NULL, NULL, NULL, NULL, NULL),
(76, 'space-gallery-1', 'demo/space/gallery/space-gallery-1.jpg', NULL, 'image/jpeg', 'jpg', NULL, NULL, NULL, NULL, NULL, NULL, NULL, NULL, NULL),
(77, 'space-gallery-2', 'demo/space/gallery/space-gallery-2.jpg', NULL, 'image/jpeg', 'jpg', NULL, NULL, NULL, NULL, NULL, NULL, NULL, NULL, NULL),
(78, 'space-gallery-3', 'demo/space/gallery/space-gallery-3.jpg', NULL, 'image/jpeg', 'jpg', NULL, NULL, NULL, NULL, NULL, NULL, NULL, NULL, NULL),
(79, 'space-gallery-4', 'demo/space/gallery/space-gallery-4.jpg', NULL, 'image/jpeg', 'jpg', NULL, NULL, NULL, NULL, NULL, NULL, NULL, NULL, NULL),
(80, 'space-gallery-5', 'demo/space/gallery/space-gallery-5.jpg', NULL, 'image/jpeg', 'jpg', NULL, NULL, NULL, NULL, NULL, NULL, NULL, NULL, NULL),
(81, 'space-gallery-6', 'demo/space/gallery/space-gallery-6.jpg', NULL, 'image/jpeg', 'jpg', NULL, NULL, NULL, NULL, NULL, NULL, NULL, NULL, NULL),
(82, 'space-gallery-7', 'demo/space/gallery/space-gallery-7.jpg', NULL, 'image/jpeg', 'jpg', NULL, NULL, NULL, NULL, NULL, NULL, NULL, NULL, NULL),
(83, 'space-single-1', 'demo/space/space-single-1.jpg', NULL, 'image/jpeg', 'jpg', NULL, NULL, NULL, NULL, NULL, NULL, NULL, NULL, NULL),
(84, 'space-single-2', 'demo/space/space-single-2.jpg', NULL, 'image/jpeg', 'jpg', NULL, NULL, NULL, NULL, NULL, NULL, NULL, NULL, NULL),
(85, 'space-single-3', 'demo/space/space-single-3.jpg', NULL, 'image/jpeg', 'jpg', NULL, NULL, NULL, NULL, NULL, NULL, NULL, NULL, NULL),
(86, 'icon-space-box-1', 'demo/space/featured-box/icon-space-box-1.png', NULL, 'image/png', 'jpg', NULL, NULL, NULL, NULL, NULL, NULL, NULL, NULL, NULL),
(87, 'icon-space-box-2', 'demo/space/featured-box/icon-space-box-2.png', NULL, 'image/png', 'jpg', NULL, NULL, NULL, NULL, NULL, NULL, NULL, NULL, NULL),
(88, 'icon-space-box-3', 'demo/space/featured-box/icon-space-box-3.png', NULL, 'image/png', 'jpg', NULL, NULL, NULL, NULL, NULL, NULL, NULL, NULL, NULL),
(89, 'icon-space-box-4', 'demo/space/featured-box/icon-space-box-4.png', NULL, 'image/png', 'jpg', NULL, NULL, NULL, NULL, NULL, NULL, NULL, NULL, NULL),
(90, 'icon-space-box-5', 'demo/space/featured-box/icon-space-box-5.png', NULL, 'image/png', 'jpg', NULL, NULL, NULL, NULL, NULL, NULL, NULL, NULL, NULL),
(91, 'icon-space-box-6', 'demo/space/featured-box/icon-space-box-6.png', NULL, 'image/png', 'jpg', NULL, NULL, NULL, NULL, NULL, NULL, NULL, NULL, NULL),
(92, 'banner-search-hotel', 'demo/hotel/banner-search-hotel.jpg', NULL, 'image/jpeg', 'jpg', NULL, NULL, NULL, NULL, NULL, NULL, NULL, NULL, NULL),
(93, 'hotel-featured-1', 'demo/hotel/hotel-featured-1.jpg', NULL, 'image/jpeg', 'jpg', NULL, NULL, NULL, NULL, NULL, NULL, NULL, NULL, NULL),
(94, 'hotel-featured-2', 'demo/hotel/hotel-featured-2.jpg', NULL, 'image/jpeg', 'jpg', NULL, NULL, NULL, NULL, NULL, NULL, NULL, NULL, NULL),
(95, 'hotel-featured-3', 'demo/hotel/hotel-featured-3.jpg', NULL, 'image/jpeg', 'jpg', NULL, NULL, NULL, NULL, NULL, NULL, NULL, NULL, NULL),
(96, 'hotel-featured-4', 'demo/hotel/hotel-featured-4.jpg', NULL, 'image/jpeg', 'jpg', NULL, NULL, NULL, NULL, NULL, NULL, NULL, NULL, NULL),
(97, 'hotel-gallery-1', 'demo/hotel/gallery/hotel-gallery-1.jpg', NULL, 'image/jpeg', 'jpg', NULL, NULL, NULL, NULL, NULL, NULL, NULL, NULL, NULL),
(98, 'hotel-gallery-2', 'demo/hotel/gallery/hotel-gallery-2.jpg', NULL, 'image/jpeg', 'jpg', NULL, NULL, NULL, NULL, NULL, NULL, NULL, NULL, NULL),
(99, 'hotel-gallery-3', 'demo/hotel/gallery/hotel-gallery-3.jpg', NULL, 'image/jpeg', 'jpg', NULL, NULL, NULL, NULL, NULL, NULL, NULL, NULL, NULL),
(100, 'hotel-gallery-4', 'demo/hotel/gallery/hotel-gallery-4.jpg', NULL, 'image/jpeg', 'jpg', NULL, NULL, NULL, NULL, NULL, NULL, NULL, NULL, NULL),
(101, 'hotel-gallery-5', 'demo/hotel/gallery/hotel-gallery-5.jpg', NULL, 'image/jpeg', 'jpg', NULL, NULL, NULL, NULL, NULL, NULL, NULL, NULL, NULL),
(102, 'hotel-gallery-6', 'demo/hotel/gallery/hotel-gallery-6.jpg', NULL, 'image/jpeg', 'jpg', NULL, NULL, NULL, NULL, NULL, NULL, NULL, NULL, NULL),
(103, 'hotel-icon-1', 'demo/hotel/hotel-icon-1.svg', NULL, 'image/svg', 'svg', NULL, NULL, NULL, NULL, NULL, NULL, NULL, NULL, NULL),
(104, 'hotel-icon-2', 'demo/hotel/hotel-icon-2.svg', NULL, 'image/svg', 'svg', NULL, NULL, NULL, NULL, NULL, NULL, NULL, NULL, NULL),
(105, 'hotel-icon-3', 'demo/hotel/hotel-icon-3.svg', NULL, 'image/svg', 'svg', NULL, NULL, NULL, NULL, NULL, NULL, NULL, NULL, NULL),
(106, 'location-1', 'demo/location/location-1.jpg', NULL, 'image/jpeg', 'jpg', NULL, NULL, NULL, NULL, NULL, NULL, NULL, NULL, NULL),
(107, 'location-2', 'demo/location/location-2.jpg', NULL, 'image/jpeg', 'jpg', NULL, NULL, NULL, NULL, NULL, NULL, NULL, NULL, NULL),
(108, 'location-3', 'demo/location/location-3.jpg', NULL, 'image/jpeg', 'jpg', NULL, NULL, NULL, NULL, NULL, NULL, NULL, NULL, NULL),
(109, 'location-4', 'demo/location/location-4.jpg', NULL, 'image/jpeg', 'jpg', NULL, NULL, NULL, NULL, NULL, NULL, NULL, NULL, NULL),
(110, 'location-5', 'demo/location/location-5.jpg', NULL, 'image/jpeg', 'jpg', NULL, NULL, NULL, NULL, NULL, NULL, NULL, NULL, NULL),
(111, 'banner-location-1', 'demo/location/banner-detail/banner-location-1.jpg', NULL, 'image/jpeg', 'jpg', NULL, NULL, NULL, NULL, NULL, NULL, NULL, NULL, NULL),
(112, 'trip-idea-1', 'demo/location/trip-idea/trip-idea-1.jpg', NULL, 'image/jpeg', 'jpg', NULL, NULL, NULL, NULL, NULL, NULL, NULL, NULL, NULL),
(113, 'trip-idea-2', 'demo/location/trip-idea/trip-idea-2.jpg', NULL, 'image/jpeg', 'jpg', NULL, NULL, NULL, NULL, NULL, NULL, NULL, NULL, NULL),
(114, 'news-1', 'demo/news/news-1.jpg', NULL, 'image/jpeg', 'jpg', NULL, NULL, NULL, NULL, NULL, NULL, NULL, NULL, NULL),
(115, 'news-2', 'demo/news/news-2.jpg', NULL, 'image/jpeg', 'jpg', NULL, NULL, NULL, NULL, NULL, NULL, NULL, NULL, NULL),
(116, 'news-3', 'demo/news/news-3.jpg', NULL, 'image/jpeg', 'jpg', NULL, NULL, NULL, NULL, NULL, NULL, NULL, NULL, NULL),
(117, 'news-4', 'demo/news/news-4.jpg', NULL, 'image/jpeg', 'jpg', NULL, NULL, NULL, NULL, NULL, NULL, NULL, NULL, NULL),
(118, 'news-5', 'demo/news/news-5.jpg', NULL, 'image/jpeg', 'jpg', NULL, NULL, NULL, NULL, NULL, NULL, NULL, NULL, NULL),
(119, 'news-6', 'demo/news/news-6.jpg', NULL, 'image/jpeg', 'jpg', NULL, NULL, NULL, NULL, NULL, NULL, NULL, NULL, NULL),
(120, 'news-7', 'demo/news/news-7.jpg', NULL, 'image/jpeg', 'jpg', NULL, NULL, NULL, NULL, NULL, NULL, NULL, NULL, NULL),
(121, 'news-banner', 'demo/news/news-banner.jpg', NULL, 'image/jpeg', 'jpg', NULL, NULL, NULL, NULL, NULL, NULL, NULL, NULL, NULL),
(122, 'banner-search-car', 'demo/car/banner-search-car.jpg', NULL, 'image/jpeg', 'jpg', NULL, NULL, NULL, NULL, NULL, NULL, NULL, NULL, NULL),
(123, 'Convertibles', 'demo/car/terms/convertibles.jpg', NULL, 'image/jpeg', 'jpg', NULL, NULL, NULL, NULL, NULL, NULL, NULL, NULL, NULL),
(124, 'Coupes', 'demo/car/terms/couple.jpg', NULL, 'image/jpeg', 'jpg', NULL, NULL, NULL, NULL, NULL, NULL, NULL, NULL, NULL),
(125, 'Hatchbacks', 'demo/car/terms/hatchback.jpg', NULL, 'image/jpeg', 'jpg', NULL, NULL, NULL, NULL, NULL, NULL, NULL, NULL, NULL),
(126, 'Minivans', 'demo/car/terms/minivans.jpg', NULL, 'image/jpeg', 'jpg', NULL, NULL, NULL, NULL, NULL, NULL, NULL, NULL, NULL),
(127, 'Sedan', 'demo/car/terms/sedan.jpg', NULL, 'image/jpeg', 'jpg', NULL, NULL, NULL, NULL, NULL, NULL, NULL, NULL, NULL),
(128, 'SUVs', 'demo/car/terms/suv.jpg', NULL, 'image/jpeg', 'jpg', NULL, NULL, NULL, NULL, NULL, NULL, NULL, NULL, NULL),
(129, 'Trucks', 'demo/car/terms/trucks.jpg', NULL, 'image/jpeg', 'jpg', NULL, NULL, NULL, NULL, NULL, NULL, NULL, NULL, NULL),
(130, 'Wagons', 'demo/car/terms/wagons.jpg', NULL, 'image/jpeg', 'jpg', NULL, NULL, NULL, NULL, NULL, NULL, NULL, NULL, NULL),
(131, 'home-car-bg-1', 'demo/car/home-car-bg-1.png', NULL, 'image/jpeg', 'jpg', NULL, NULL, NULL, NULL, NULL, NULL, NULL, NULL, NULL),
(132, 'number-1', 'demo/car/number-1.svg', NULL, 'image/svg', 'svg', NULL, NULL, NULL, NULL, NULL, NULL, NULL, NULL, NULL),
(133, 'number-2', 'demo/car/number-2.svg', NULL, 'image/svg', 'svg', NULL, NULL, NULL, NULL, NULL, NULL, NULL, NULL, NULL),
(134, 'number-3', 'demo/car/number-3.svg', NULL, 'image/svg', 'svg', NULL, NULL, NULL, NULL, NULL, NULL, NULL, NULL, NULL),
(135, 'banner-car-single', 'demo/car/banner-single.jpg', NULL, 'image/jpg', 'jpg', NULL, NULL, NULL, NULL, NULL, NULL, NULL, NULL, NULL),
(136, 'Airbag', 'demo/car/feature/Airbag.svg', NULL, 'image/svg', 'svg', NULL, NULL, NULL, NULL, NULL, NULL, NULL, NULL, NULL),
(137, 'FM Radio', 'demo/car/feature/Radio.svg', NULL, 'image/svg', 'svg', NULL, NULL, NULL, NULL, NULL, NULL, NULL, NULL, NULL),
(138, 'Sensor', 'demo/car/feature/Sensor.svg', NULL, 'image/svg', 'svg', NULL, NULL, NULL, NULL, NULL, NULL, NULL, NULL, NULL),
(139, 'Speed Km', 'demo/car/feature/Speed.svg', NULL, 'image/svg', 'svg', NULL, NULL, NULL, NULL, NULL, NULL, NULL, NULL, NULL),
(140, 'Steering Wheel', 'demo/car/feature/Steering.svg', NULL, 'image/svg', 'svg', NULL, NULL, NULL, NULL, NULL, NULL, NULL, NULL, NULL),
(141, 'Power Windows', 'demo/car/feature/Windows.svg', NULL, 'image/svg', 'svg', NULL, NULL, NULL, NULL, NULL, NULL, NULL, NULL, NULL),
(142, 'car-1', 'demo/car/car-1.jpg', NULL, 'image/jpeg', 'jpg', NULL, NULL, NULL, NULL, NULL, NULL, NULL, NULL, NULL),
(143, 'car-2', 'demo/car/car-2.jpg', NULL, 'image/jpeg', 'jpg', NULL, NULL, NULL, NULL, NULL, NULL, NULL, NULL, NULL),
(144, 'car-3', 'demo/car/car-3.jpg', NULL, 'image/jpeg', 'jpg', NULL, NULL, NULL, NULL, NULL, NULL, NULL, NULL, NULL),
(145, 'car-4', 'demo/car/car-4.jpg', NULL, 'image/jpeg', 'jpg', NULL, NULL, NULL, NULL, NULL, NULL, NULL, NULL, NULL),
(146, 'car-5', 'demo/car/car-5.jpg', NULL, 'image/jpeg', 'jpg', NULL, NULL, NULL, NULL, NULL, NULL, NULL, NULL, NULL),
(147, 'car-6', 'demo/car/car-6.jpg', NULL, 'image/jpeg', 'jpg', NULL, NULL, NULL, NULL, NULL, NULL, NULL, NULL, NULL),
(148, 'car-7', 'demo/car/car-7.jpg', NULL, 'image/jpeg', 'jpg', NULL, NULL, NULL, NULL, NULL, NULL, NULL, NULL, NULL),
(149, 'car-8', 'demo/car/car-8.jpg', NULL, 'image/jpeg', 'jpg', NULL, NULL, NULL, NULL, NULL, NULL, NULL, NULL, NULL),
(150, 'car-9', 'demo/car/car-9.jpg', NULL, 'image/jpeg', 'jpg', NULL, NULL, NULL, NULL, NULL, NULL, NULL, NULL, NULL),
(151, 'car-10', 'demo/car/car-10.jpg', NULL, 'image/jpeg', 'jpg', NULL, NULL, NULL, NULL, NULL, NULL, NULL, NULL, NULL),
(152, 'car-11', 'demo/car/car-11.jpg', NULL, 'image/jpeg', 'jpg', NULL, NULL, NULL, NULL, NULL, NULL, NULL, NULL, NULL),
(153, 'car-12', 'demo/car/car-12.jpg', NULL, 'image/jpeg', 'jpg', NULL, NULL, NULL, NULL, NULL, NULL, NULL, NULL, NULL),
(154, 'car-gallery-1', 'demo/car/gallery-1.jpg', NULL, 'image/jpeg', 'jpg', NULL, NULL, NULL, NULL, NULL, NULL, NULL, NULL, NULL),
(155, 'car-gallery-2', 'demo/car/gallery-2.jpg', NULL, 'image/jpeg', 'jpg', NULL, NULL, NULL, NULL, NULL, NULL, NULL, NULL, NULL),
(156, 'car-gallery-3', 'demo/car/gallery-3.jpg', NULL, 'image/jpeg', 'jpg', NULL, NULL, NULL, NULL, NULL, NULL, NULL, NULL, NULL),
(157, 'car-gallery-4', 'demo/car/gallery-4.jpg', NULL, 'image/jpeg', 'jpg', NULL, NULL, NULL, NULL, NULL, NULL, NULL, NULL, NULL),
(158, 'car-gallery-5', 'demo/car/gallery-5.jpg', NULL, 'image/jpeg', 'jpg', NULL, NULL, NULL, NULL, NULL, NULL, NULL, NULL, NULL),
(159, 'car-gallery-6', 'demo/car/gallery-6.jpg', NULL, 'image/jpeg', 'jpg', NULL, NULL, NULL, NULL, NULL, NULL, NULL, NULL, NULL),
(160, 'car-gallery-7', 'demo/car/gallery-7.jpg', NULL, 'image/jpeg', 'jpg', NULL, NULL, NULL, NULL, NULL, NULL, NULL, NULL, NULL);

-- --------------------------------------------------------

--
-- Table structure for table `migrations`
--

CREATE TABLE `migrations` (
  `id` int(10) UNSIGNED NOT NULL,
  `migration` varchar(191) NOT NULL,
  `batch` int(11) NOT NULL
) ENGINE=InnoDB DEFAULT CHARSET=utf8mb4 COLLATE=utf8mb4_unicode_ci;

--
-- Dumping data for table `migrations`
--

INSERT INTO `migrations` (`id`, `migration`, `batch`) VALUES
(1, '2014_10_12_000000_create_users_table', 1),
(2, '2014_10_12_100000_create_password_resets_table', 1),
(3, '2019_03_13_174533_create_permission_tables', 1),
(4, '2019_03_17_114820_create_table_core_pages', 1),
(5, '2019_03_17_140539_create_media_files_table', 1),
(6, '2019_03_20_072502_create_bravo_tours', 1),
(7, '2019_03_20_081256_create_core_news_category_table', 1),
(8, '2019_03_27_081940_create_core_setting_table', 1),
(9, '2019_03_28_101009_create_bravo_booking_table', 1),
(10, '2019_03_28_165911_create_booking_meta_table', 1),
(11, '2019_03_29_093236_update_bookings_table', 1),
(12, '2019_04_01_045229_create_user_meta_table', 1),
(13, '2019_04_01_150630_create_menu_table', 1),
(14, '2019_04_02_150630_create_core_news_table', 1),
(15, '2019_04_03_073553_bravo_tour_category', 1),
(16, '2019_04_03_080159_bravo_location', 1),
(17, '2019_04_05_143248_create_core_templates_table', 1),
(18, '2019_04_18_152537_create_bravo_tours_meta_table', 1),
(19, '2019_05_07_085430_create_core_languages_table', 1),
(20, '2019_05_07_085442_create_core_translations_table', 1),
(21, '2019_05_17_074008_create_bravo_review', 1),
(22, '2019_05_17_074048_create_bravo_review_meta', 1),
(23, '2019_05_17_113042_create_tour_attrs_table', 1),
(24, '2019_05_21_084235_create_bravo_contact_table', 1),
(25, '2019_05_28_152845_create_core_subscribers_table', 1),
(26, '2019_06_17_142338_bravo_seo', 1),
(27, '2019_07_03_070406_update_from_1_0_to_1_1', 1),
(28, '2019_07_08_075436_create_core_vendor_plans', 1),
(29, '2019_07_08_083733_create_vendors_plan_payments', 1),
(30, '2019_07_11_083501_update_from_110_to_120', 1),
(31, '2019_07_30_072809_create_space_table', 1),
(32, '2019_07_30_072809_create_tour_dates_table', 1),
(33, '2019_08_05_031018_create_core_vendor_plan_meta_table', 1),
(34, '2019_08_09_163909_create_inbox_table', 1),
(35, '2019_08_16_094354_update_from_120_to_130', 1),
(36, '2019_08_20_162106_create_table_user_upgrade_requests', 1),
(37, '2019_09_13_070650_update_from_130_to_140', 1),
(38, '2019_09_20_072809_create_hotel_table', 1),
(39, '2019_10_22_151319_create_car_table', 1),
(40, '2019_11_05_092516_update_from_140_to_150', 1),
(41, '2019_11_18_085024_update_from_150_to_151', 1),
(42, '2020_04_02_150631_create_core_tags_table', 1),
(43, '2021_04_02_150632_create_core_tag_new_table', 1);

-- --------------------------------------------------------

--
-- Table structure for table `user_meta`
--

CREATE TABLE `user_meta` (
  `id` bigint(20) UNSIGNED NOT NULL,
  `user_id` int(11) DEFAULT NULL,
  `name` varchar(255) DEFAULT NULL,
  `val` text DEFAULT NULL,
  `create_user` int(11) DEFAULT NULL,
  `update_user` int(11) DEFAULT NULL,
  `deleted_at` timestamp NULL DEFAULT NULL,
  `created_at` timestamp NULL DEFAULT NULL,
  `updated_at` timestamp NULL DEFAULT NULL
) ENGINE=InnoDB DEFAULT CHARSET=utf8mb4 COLLATE=utf8mb4_unicode_ci;

-- --------------------------------------------------------

--
-- Table structure for table `user_upgrade_request`
--

CREATE TABLE `user_upgrade_request` (
  `id` bigint(20) UNSIGNED NOT NULL,
  `user_id` int(11) DEFAULT NULL,
  `role_request` int(11) DEFAULT NULL,
  `approved_time` datetime DEFAULT NULL,
  `status` varchar(50) DEFAULT NULL,
  `approved_by` int(11) DEFAULT NULL,
  `create_user` int(11) DEFAULT NULL,
  `update_user` int(11) DEFAULT NULL,
  `deleted_at` timestamp NULL DEFAULT NULL,
  `created_at` timestamp NULL DEFAULT NULL,
  `updated_at` timestamp NULL DEFAULT NULL
) ENGINE=InnoDB DEFAULT CHARSET=utf8mb4 COLLATE=utf8mb4_unicode_ci;

-- --------------------------------------------------------

--
-- Table structure for table `user_wishlist`
--

CREATE TABLE `user_wishlist` (
  `id` bigint(20) UNSIGNED NOT NULL,
  `object_id` int(11) DEFAULT NULL,
  `object_model` varchar(255) DEFAULT NULL,
  `user_id` int(11) DEFAULT NULL,
  `create_user` int(11) DEFAULT NULL,
  `update_user` int(11) DEFAULT NULL,
  `created_at` timestamp NULL DEFAULT NULL,
  `updated_at` timestamp NULL DEFAULT NULL
) ENGINE=InnoDB DEFAULT CHARSET=utf8mb4 COLLATE=utf8mb4_unicode_ci;

-- --------------------------------------------------------

--
-- Table structure for table `vendors_plan_payments`
--

CREATE TABLE `vendors_plan_payments` (
  `id` bigint(20) UNSIGNED NOT NULL,
  `vendor_id` int(11) NOT NULL,
  `amount` int(11) NOT NULL,
  `payment_gateway` varchar(191) DEFAULT NULL,
  `free_trial` int(11) NOT NULL,
  `price_per` enum('onetime','per_time') NOT NULL DEFAULT 'onetime',
  `price_unit` enum('day','month','year') NOT NULL DEFAULT 'day',
  `status` varchar(20) DEFAULT NULL,
  `end_date` datetime DEFAULT NULL,
  `created_at` timestamp NULL DEFAULT NULL,
  `updated_at` timestamp NULL DEFAULT NULL
) ENGINE=InnoDB DEFAULT CHARSET=utf8mb4 COLLATE=utf8mb4_unicode_ci;

--
-- Indexes for dumped tables
--

--
-- Indexes for table `bravo_attrs`
--
ALTER TABLE `bravo_attrs`
  ADD PRIMARY KEY (`id`);

--
-- Indexes for table `bravo_attrs_translations`
--
ALTER TABLE `bravo_attrs_translations`
  ADD PRIMARY KEY (`id`),
  ADD UNIQUE KEY `bravo_attrs_translations_origin_id_locale_unique` (`origin_id`,`locale`);

--
-- Indexes for table `bravo_bookings`
--
ALTER TABLE `bravo_bookings`
  ADD PRIMARY KEY (`id`);

--
-- Indexes for table `bravo_booking_meta`
--
ALTER TABLE `bravo_booking_meta`
  ADD PRIMARY KEY (`id`);

--
-- Indexes for table `bravo_booking_payments`
--
ALTER TABLE `bravo_booking_payments`
  ADD PRIMARY KEY (`id`);

--
-- Indexes for table `bravo_cars`
--
ALTER TABLE `bravo_cars`
  ADD PRIMARY KEY (`id`),
  ADD KEY `bravo_cars_slug_index` (`slug`);

--
-- Indexes for table `bravo_car_dates`
--
ALTER TABLE `bravo_car_dates`
  ADD PRIMARY KEY (`id`);

--
-- Indexes for table `bravo_car_term`
--
ALTER TABLE `bravo_car_term`
  ADD PRIMARY KEY (`id`);

--
-- Indexes for table `bravo_car_translations`
--
ALTER TABLE `bravo_car_translations`
  ADD PRIMARY KEY (`id`),
  ADD KEY `bravo_car_translations_locale_index` (`locale`);

--
-- Indexes for table `bravo_contact`
--
ALTER TABLE `bravo_contact`
  ADD PRIMARY KEY (`id`);

--
-- Indexes for table `bravo_hotels`
--
ALTER TABLE `bravo_hotels`
  ADD PRIMARY KEY (`id`),
  ADD KEY `bravo_hotels_slug_index` (`slug`);

--
-- Indexes for table `bravo_hotel_rooms`
--
ALTER TABLE `bravo_hotel_rooms`
  ADD PRIMARY KEY (`id`);

--
-- Indexes for table `bravo_hotel_room_bookings`
--
ALTER TABLE `bravo_hotel_room_bookings`
  ADD PRIMARY KEY (`id`);

--
-- Indexes for table `bravo_hotel_room_dates`
--
ALTER TABLE `bravo_hotel_room_dates`
  ADD PRIMARY KEY (`id`);

--
-- Indexes for table `bravo_hotel_room_term`
--
ALTER TABLE `bravo_hotel_room_term`
  ADD PRIMARY KEY (`id`);

--
-- Indexes for table `bravo_hotel_room_translations`
--
ALTER TABLE `bravo_hotel_room_translations`
  ADD PRIMARY KEY (`id`),
  ADD KEY `bravo_hotel_room_translations_locale_index` (`locale`);

--
-- Indexes for table `bravo_hotel_term`
--
ALTER TABLE `bravo_hotel_term`
  ADD PRIMARY KEY (`id`);

--
-- Indexes for table `bravo_hotel_translations`
--
ALTER TABLE `bravo_hotel_translations`
  ADD PRIMARY KEY (`id`),
  ADD KEY `bravo_hotel_translations_locale_index` (`locale`);

--
-- Indexes for table `bravo_locations`
--
ALTER TABLE `bravo_locations`
  ADD PRIMARY KEY (`id`),
  ADD KEY `bravo_locations__lft__rgt_parent_id_index` (`_lft`,`_rgt`,`parent_id`);

--
-- Indexes for table `bravo_location_translations`
--
ALTER TABLE `bravo_location_translations`
  ADD PRIMARY KEY (`id`),
  ADD UNIQUE KEY `bravo_location_translations_origin_id_locale_unique` (`origin_id`,`locale`);

--
-- Indexes for table `bravo_payouts`
--
ALTER TABLE `bravo_payouts`
  ADD PRIMARY KEY (`id`);

--
-- Indexes for table `bravo_review`
--
ALTER TABLE `bravo_review`
  ADD PRIMARY KEY (`id`);

--
-- Indexes for table `bravo_review_meta`
--
ALTER TABLE `bravo_review_meta`
  ADD PRIMARY KEY (`id`);

--
-- Indexes for table `bravo_seo`
--
ALTER TABLE `bravo_seo`
  ADD PRIMARY KEY (`id`);

--
-- Indexes for table `bravo_spaces`
--
ALTER TABLE `bravo_spaces`
  ADD PRIMARY KEY (`id`),
  ADD KEY `bravo_spaces_slug_index` (`slug`);

--
-- Indexes for table `bravo_space_dates`
--
ALTER TABLE `bravo_space_dates`
  ADD PRIMARY KEY (`id`);

--
-- Indexes for table `bravo_space_term`
--
ALTER TABLE `bravo_space_term`
  ADD PRIMARY KEY (`id`);

--
-- Indexes for table `bravo_space_translations`
--
ALTER TABLE `bravo_space_translations`
  ADD PRIMARY KEY (`id`),
  ADD KEY `bravo_space_translations_locale_index` (`locale`);

--
-- Indexes for table `bravo_terms`
--
ALTER TABLE `bravo_terms`
  ADD PRIMARY KEY (`id`);

--
-- Indexes for table `bravo_terms_translations`
--
ALTER TABLE `bravo_terms_translations`
  ADD PRIMARY KEY (`id`),
  ADD UNIQUE KEY `bravo_terms_translations_origin_id_locale_unique` (`origin_id`,`locale`);

--
-- Indexes for table `bravo_tours`
--
ALTER TABLE `bravo_tours`
  ADD PRIMARY KEY (`id`),
  ADD KEY `bravo_tours_slug_index` (`slug`);

--
-- Indexes for table `bravo_tour_category`
--
ALTER TABLE `bravo_tour_category`
  ADD PRIMARY KEY (`id`),
  ADD KEY `bravo_tour_category__lft__rgt_parent_id_index` (`_lft`,`_rgt`,`parent_id`);

--
-- Indexes for table `bravo_tour_category_translations`
--
ALTER TABLE `bravo_tour_category_translations`
  ADD PRIMARY KEY (`id`),
  ADD UNIQUE KEY `bravo_tour_category_translations_origin_id_locale_unique` (`origin_id`,`locale`);

--
-- Indexes for table `bravo_tour_dates`
--
ALTER TABLE `bravo_tour_dates`
  ADD PRIMARY KEY (`id`);

--
-- Indexes for table `bravo_tour_meta`
--
ALTER TABLE `bravo_tour_meta`
  ADD PRIMARY KEY (`id`);

--
-- Indexes for table `bravo_tour_term`
--
ALTER TABLE `bravo_tour_term`
  ADD PRIMARY KEY (`id`);

--
-- Indexes for table `bravo_tour_translations`
--
ALTER TABLE `bravo_tour_translations`
  ADD PRIMARY KEY (`id`),
  ADD UNIQUE KEY `bravo_tour_translations_origin_id_locale_unique` (`origin_id`,`locale`),
  ADD KEY `bravo_tour_translations_slug_index` (`slug`);

--
-- Indexes for table `core_inbox`
--
ALTER TABLE `core_inbox`
  ADD PRIMARY KEY (`id`);

--
-- Indexes for table `core_inbox_messages`
--
ALTER TABLE `core_inbox_messages`
  ADD PRIMARY KEY (`id`);

--
-- Indexes for table `core_languages`
--
ALTER TABLE `core_languages`
  ADD PRIMARY KEY (`id`);

--
-- Indexes for table `core_menus`
--
ALTER TABLE `core_menus`
  ADD PRIMARY KEY (`id`);

--
-- Indexes for table `core_menu_translations`
--
ALTER TABLE `core_menu_translations`
  ADD PRIMARY KEY (`id`),
  ADD KEY `core_menu_translations_locale_index` (`locale`);

--
-- Indexes for table `core_model_has_permissions`
--
ALTER TABLE `core_model_has_permissions`
  ADD PRIMARY KEY (`permission_id`,`model_id`,`model_type`),
  ADD KEY `core_model_has_permissions_model_id_model_type_index` (`model_id`,`model_type`);

--
-- Indexes for table `core_model_has_roles`
--
ALTER TABLE `core_model_has_roles`
  ADD PRIMARY KEY (`role_id`,`model_id`,`model_type`),
  ADD KEY `core_model_has_roles_model_id_model_type_index` (`model_id`,`model_type`);

--
-- Indexes for table `core_news`
--
ALTER TABLE `core_news`
  ADD PRIMARY KEY (`id`);

--
-- Indexes for table `core_news_category`
--
ALTER TABLE `core_news_category`
  ADD PRIMARY KEY (`id`),
  ADD KEY `core_news_category__lft__rgt_parent_id_index` (`_lft`,`_rgt`,`parent_id`);

--
-- Indexes for table `core_news_category_translations`
--
ALTER TABLE `core_news_category_translations`
  ADD PRIMARY KEY (`id`),
  ADD KEY `core_news_category_translations_locale_index` (`locale`);

--
-- Indexes for table `core_news_tag`
--
ALTER TABLE `core_news_tag`
  ADD PRIMARY KEY (`id`);

--
-- Indexes for table `core_news_translations`
--
ALTER TABLE `core_news_translations`
  ADD PRIMARY KEY (`id`),
  ADD KEY `core_news_translations_locale_index` (`locale`);

--
-- Indexes for table `core_notifications`
--
ALTER TABLE `core_notifications`
  ADD PRIMARY KEY (`id`);

--
-- Indexes for table `core_pages`
--
ALTER TABLE `core_pages`
  ADD PRIMARY KEY (`id`),
  ADD KEY `core_pages_slug_index` (`slug`);

--
-- Indexes for table `core_page_translations`
--
ALTER TABLE `core_page_translations`
  ADD PRIMARY KEY (`id`),
  ADD UNIQUE KEY `core_page_translations_origin_id_locale_unique` (`origin_id`,`locale`),
  ADD KEY `core_page_translations_locale_index` (`locale`);

--
-- Indexes for table `core_permissions`
--
ALTER TABLE `core_permissions`
  ADD PRIMARY KEY (`id`);

--
-- Indexes for table `core_roles`
--
ALTER TABLE `core_roles`
  ADD PRIMARY KEY (`id`);

--
-- Indexes for table `core_role_has_permissions`
--
ALTER TABLE `core_role_has_permissions`
  ADD PRIMARY KEY (`permission_id`,`role_id`),
  ADD KEY `core_role_has_permissions_role_id_foreign` (`role_id`);

--
-- Indexes for table `core_settings`
--
ALTER TABLE `core_settings`
  ADD PRIMARY KEY (`id`);

--
-- Indexes for table `core_subscribers`
--
ALTER TABLE `core_subscribers`
  ADD PRIMARY KEY (`id`);

--
-- Indexes for table `core_tags`
--
ALTER TABLE `core_tags`
  ADD PRIMARY KEY (`id`);

--
-- Indexes for table `core_tag_translations`
--
ALTER TABLE `core_tag_translations`
  ADD PRIMARY KEY (`id`),
  ADD KEY `core_tag_translations_locale_index` (`locale`);

--
-- Indexes for table `core_templates`
--
ALTER TABLE `core_templates`
  ADD PRIMARY KEY (`id`);

--
-- Indexes for table `core_template_translations`
--
ALTER TABLE `core_template_translations`
  ADD PRIMARY KEY (`id`),
  ADD KEY `core_template_translations_locale_index` (`locale`);

--
-- Indexes for table `core_translations`
--
ALTER TABLE `core_translations`
  ADD PRIMARY KEY (`id`);

--
-- Indexes for table `core_vendor_plans`
--
ALTER TABLE `core_vendor_plans`
  ADD PRIMARY KEY (`id`);

--
-- Indexes for table `core_vendor_plan_meta`
--
ALTER TABLE `core_vendor_plan_meta`
  ADD PRIMARY KEY (`id`);

--
-- Indexes for table `media_files`
--
ALTER TABLE `media_files`
  ADD PRIMARY KEY (`id`);

--
-- Indexes for table `migrations`
--
ALTER TABLE `migrations`
  ADD PRIMARY KEY (`id`);

--
-- Indexes for table `user_meta`
--
ALTER TABLE `user_meta`
  ADD PRIMARY KEY (`id`);

--
-- Indexes for table `user_upgrade_request`
--
ALTER TABLE `user_upgrade_request`
  ADD PRIMARY KEY (`id`);

--
-- Indexes for table `user_wishlist`
--
ALTER TABLE `user_wishlist`
  ADD PRIMARY KEY (`id`);

--
-- Indexes for table `vendors_plan_payments`
--
ALTER TABLE `vendors_plan_payments`
  ADD PRIMARY KEY (`id`);

--
-- AUTO_INCREMENT for dumped tables
--

--
-- AUTO_INCREMENT for table `bravo_attrs`
--
ALTER TABLE `bravo_attrs`
  MODIFY `id` bigint(20) UNSIGNED NOT NULL AUTO_INCREMENT, AUTO_INCREMENT=11;

--
-- AUTO_INCREMENT for table `bravo_attrs_translations`
--
ALTER TABLE `bravo_attrs_translations`
  MODIFY `id` bigint(20) UNSIGNED NOT NULL AUTO_INCREMENT;

--
-- AUTO_INCREMENT for table `bravo_bookings`
--
ALTER TABLE `bravo_bookings`
  MODIFY `id` bigint(20) UNSIGNED NOT NULL AUTO_INCREMENT;

--
-- AUTO_INCREMENT for table `bravo_booking_meta`
--
ALTER TABLE `bravo_booking_meta`
  MODIFY `id` bigint(20) UNSIGNED NOT NULL AUTO_INCREMENT;

--
-- AUTO_INCREMENT for table `bravo_booking_payments`
--
ALTER TABLE `bravo_booking_payments`
  MODIFY `id` bigint(20) UNSIGNED NOT NULL AUTO_INCREMENT;

--
-- AUTO_INCREMENT for table `bravo_cars`
--
ALTER TABLE `bravo_cars`
  MODIFY `id` bigint(20) UNSIGNED NOT NULL AUTO_INCREMENT, AUTO_INCREMENT=14;

--
-- AUTO_INCREMENT for table `bravo_car_dates`
--
ALTER TABLE `bravo_car_dates`
  MODIFY `id` bigint(20) UNSIGNED NOT NULL AUTO_INCREMENT;

--
-- AUTO_INCREMENT for table `bravo_car_term`
--
ALTER TABLE `bravo_car_term`
  MODIFY `id` bigint(20) UNSIGNED NOT NULL AUTO_INCREMENT, AUTO_INCREMENT=146;

--
-- AUTO_INCREMENT for table `bravo_car_translations`
--
ALTER TABLE `bravo_car_translations`
  MODIFY `id` bigint(20) UNSIGNED NOT NULL AUTO_INCREMENT;

--
-- AUTO_INCREMENT for table `bravo_contact`
--
ALTER TABLE `bravo_contact`
  MODIFY `id` bigint(20) UNSIGNED NOT NULL AUTO_INCREMENT;

--
-- AUTO_INCREMENT for table `bravo_hotels`
--
ALTER TABLE `bravo_hotels`
  MODIFY `id` bigint(20) UNSIGNED NOT NULL AUTO_INCREMENT, AUTO_INCREMENT=12;

--
-- AUTO_INCREMENT for table `bravo_hotel_rooms`
--
ALTER TABLE `bravo_hotel_rooms`
  MODIFY `id` bigint(20) UNSIGNED NOT NULL AUTO_INCREMENT, AUTO_INCREMENT=45;

--
-- AUTO_INCREMENT for table `bravo_hotel_room_bookings`
--
ALTER TABLE `bravo_hotel_room_bookings`
  MODIFY `id` bigint(20) UNSIGNED NOT NULL AUTO_INCREMENT;

--
-- AUTO_INCREMENT for table `bravo_hotel_room_dates`
--
ALTER TABLE `bravo_hotel_room_dates`
  MODIFY `id` bigint(20) UNSIGNED NOT NULL AUTO_INCREMENT;

--
-- AUTO_INCREMENT for table `bravo_hotel_room_term`
--
ALTER TABLE `bravo_hotel_room_term`
  MODIFY `id` bigint(20) UNSIGNED NOT NULL AUTO_INCREMENT, AUTO_INCREMENT=186;

--
-- AUTO_INCREMENT for table `bravo_hotel_room_translations`
--
ALTER TABLE `bravo_hotel_room_translations`
  MODIFY `id` bigint(20) UNSIGNED NOT NULL AUTO_INCREMENT;

--
-- AUTO_INCREMENT for table `bravo_hotel_term`
--
ALTER TABLE `bravo_hotel_term`
  MODIFY `id` bigint(20) UNSIGNED NOT NULL AUTO_INCREMENT, AUTO_INCREMENT=110;

--
-- AUTO_INCREMENT for table `bravo_hotel_translations`
--
ALTER TABLE `bravo_hotel_translations`
  MODIFY `id` bigint(20) UNSIGNED NOT NULL AUTO_INCREMENT;

--
-- AUTO_INCREMENT for table `bravo_locations`
--
ALTER TABLE `bravo_locations`
  MODIFY `id` bigint(20) UNSIGNED NOT NULL AUTO_INCREMENT, AUTO_INCREMENT=9;

--
-- AUTO_INCREMENT for table `bravo_location_translations`
--
ALTER TABLE `bravo_location_translations`
  MODIFY `id` bigint(20) UNSIGNED NOT NULL AUTO_INCREMENT;

--
-- AUTO_INCREMENT for table `bravo_payouts`
--
ALTER TABLE `bravo_payouts`
  MODIFY `id` bigint(20) UNSIGNED NOT NULL AUTO_INCREMENT;

--
-- AUTO_INCREMENT for table `bravo_review`
--
ALTER TABLE `bravo_review`
  MODIFY `id` bigint(20) UNSIGNED NOT NULL AUTO_INCREMENT, AUTO_INCREMENT=163;

--
-- AUTO_INCREMENT for table `bravo_review_meta`
--
ALTER TABLE `bravo_review_meta`
  MODIFY `id` bigint(20) UNSIGNED NOT NULL AUTO_INCREMENT, AUTO_INCREMENT=811;

--
-- AUTO_INCREMENT for table `bravo_seo`
--
ALTER TABLE `bravo_seo`
  MODIFY `id` bigint(20) UNSIGNED NOT NULL AUTO_INCREMENT;

--
-- AUTO_INCREMENT for table `bravo_spaces`
--
ALTER TABLE `bravo_spaces`
  MODIFY `id` bigint(20) UNSIGNED NOT NULL AUTO_INCREMENT, AUTO_INCREMENT=12;

--
-- AUTO_INCREMENT for table `bravo_space_dates`
--
ALTER TABLE `bravo_space_dates`
  MODIFY `id` bigint(20) UNSIGNED NOT NULL AUTO_INCREMENT;

--
-- AUTO_INCREMENT for table `bravo_space_term`
--
ALTER TABLE `bravo_space_term`
  MODIFY `id` bigint(20) UNSIGNED NOT NULL AUTO_INCREMENT, AUTO_INCREMENT=44;

--
-- AUTO_INCREMENT for table `bravo_space_translations`
--
ALTER TABLE `bravo_space_translations`
  MODIFY `id` bigint(20) UNSIGNED NOT NULL AUTO_INCREMENT;

--
-- AUTO_INCREMENT for table `bravo_terms`
--
ALTER TABLE `bravo_terms`
  MODIFY `id` bigint(20) UNSIGNED NOT NULL AUTO_INCREMENT, AUTO_INCREMENT=75;

--
-- AUTO_INCREMENT for table `bravo_terms_translations`
--
ALTER TABLE `bravo_terms_translations`
  MODIFY `id` bigint(20) UNSIGNED NOT NULL AUTO_INCREMENT;

--
-- AUTO_INCREMENT for table `bravo_tours`
--
ALTER TABLE `bravo_tours`
  MODIFY `id` bigint(20) UNSIGNED NOT NULL AUTO_INCREMENT, AUTO_INCREMENT=17;

--
-- AUTO_INCREMENT for table `bravo_tour_category`
--
ALTER TABLE `bravo_tour_category`
  MODIFY `id` bigint(20) UNSIGNED NOT NULL AUTO_INCREMENT, AUTO_INCREMENT=5;

--
-- AUTO_INCREMENT for table `bravo_tour_category_translations`
--
ALTER TABLE `bravo_tour_category_translations`
  MODIFY `id` bigint(20) UNSIGNED NOT NULL AUTO_INCREMENT;

--
-- AUTO_INCREMENT for table `bravo_tour_dates`
--
ALTER TABLE `bravo_tour_dates`
  MODIFY `id` bigint(20) UNSIGNED NOT NULL AUTO_INCREMENT;

--
-- AUTO_INCREMENT for table `bravo_tour_meta`
--
ALTER TABLE `bravo_tour_meta`
  MODIFY `id` bigint(20) UNSIGNED NOT NULL AUTO_INCREMENT, AUTO_INCREMENT=17;

--
-- AUTO_INCREMENT for table `bravo_tour_term`
--
ALTER TABLE `bravo_tour_term`
  MODIFY `id` bigint(20) UNSIGNED NOT NULL AUTO_INCREMENT, AUTO_INCREMENT=149;

--
-- AUTO_INCREMENT for table `bravo_tour_translations`
--
ALTER TABLE `bravo_tour_translations`
  MODIFY `id` bigint(20) UNSIGNED NOT NULL AUTO_INCREMENT;

--
-- AUTO_INCREMENT for table `core_inbox`
--
ALTER TABLE `core_inbox`
  MODIFY `id` bigint(20) UNSIGNED NOT NULL AUTO_INCREMENT;

--
-- AUTO_INCREMENT for table `core_inbox_messages`
--
ALTER TABLE `core_inbox_messages`
  MODIFY `id` bigint(20) UNSIGNED NOT NULL AUTO_INCREMENT;

--
-- AUTO_INCREMENT for table `core_languages`
--
ALTER TABLE `core_languages`
  MODIFY `id` bigint(20) UNSIGNED NOT NULL AUTO_INCREMENT, AUTO_INCREMENT=3;

--
-- AUTO_INCREMENT for table `core_menus`
--
ALTER TABLE `core_menus`
  MODIFY `id` bigint(20) UNSIGNED NOT NULL AUTO_INCREMENT, AUTO_INCREMENT=2;

--
-- AUTO_INCREMENT for table `core_menu_translations`
--
ALTER TABLE `core_menu_translations`
  MODIFY `id` bigint(20) UNSIGNED NOT NULL AUTO_INCREMENT, AUTO_INCREMENT=2;

--
-- AUTO_INCREMENT for table `core_news`
--
ALTER TABLE `core_news`
  MODIFY `id` bigint(20) UNSIGNED NOT NULL AUTO_INCREMENT, AUTO_INCREMENT=9;

--
-- AUTO_INCREMENT for table `core_news_category`
--
ALTER TABLE `core_news_category`
  MODIFY `id` bigint(20) UNSIGNED NOT NULL AUTO_INCREMENT, AUTO_INCREMENT=7;

--
-- AUTO_INCREMENT for table `core_news_category_translations`
--
ALTER TABLE `core_news_category_translations`
  MODIFY `id` bigint(20) UNSIGNED NOT NULL AUTO_INCREMENT;

--
-- AUTO_INCREMENT for table `core_news_tag`
--
ALTER TABLE `core_news_tag`
  MODIFY `id` bigint(20) UNSIGNED NOT NULL AUTO_INCREMENT;

--
-- AUTO_INCREMENT for table `core_news_translations`
--
ALTER TABLE `core_news_translations`
  MODIFY `id` bigint(20) UNSIGNED NOT NULL AUTO_INCREMENT;

--
-- AUTO_INCREMENT for table `core_notifications`
--
ALTER TABLE `core_notifications`
  MODIFY `id` bigint(20) UNSIGNED NOT NULL AUTO_INCREMENT;

--
-- AUTO_INCREMENT for table `core_pages`
--
ALTER TABLE `core_pages`
  MODIFY `id` bigint(20) UNSIGNED NOT NULL AUTO_INCREMENT, AUTO_INCREMENT=7;

--
-- AUTO_INCREMENT for table `core_page_translations`
--
ALTER TABLE `core_page_translations`
  MODIFY `id` bigint(20) UNSIGNED NOT NULL AUTO_INCREMENT;

--
-- AUTO_INCREMENT for table `core_permissions`
--
ALTER TABLE `core_permissions`
  MODIFY `id` int(10) UNSIGNED NOT NULL AUTO_INCREMENT, AUTO_INCREMENT=79;

--
-- AUTO_INCREMENT for table `core_roles`
--
ALTER TABLE `core_roles`
  MODIFY `id` int(10) UNSIGNED NOT NULL AUTO_INCREMENT, AUTO_INCREMENT=4;

--
-- AUTO_INCREMENT for table `core_settings`
--
ALTER TABLE `core_settings`
  MODIFY `id` bigint(20) UNSIGNED NOT NULL AUTO_INCREMENT, AUTO_INCREMENT=101;

--
-- AUTO_INCREMENT for table `core_subscribers`
--
ALTER TABLE `core_subscribers`
  MODIFY `id` bigint(20) UNSIGNED NOT NULL AUTO_INCREMENT;

--
-- AUTO_INCREMENT for table `core_tags`
--
ALTER TABLE `core_tags`
  MODIFY `id` bigint(20) UNSIGNED NOT NULL AUTO_INCREMENT, AUTO_INCREMENT=7;

--
-- AUTO_INCREMENT for table `core_tag_translations`
--
ALTER TABLE `core_tag_translations`
  MODIFY `id` bigint(20) UNSIGNED NOT NULL AUTO_INCREMENT;

--
-- AUTO_INCREMENT for table `core_templates`
--
ALTER TABLE `core_templates`
  MODIFY `id` bigint(20) UNSIGNED NOT NULL AUTO_INCREMENT, AUTO_INCREMENT=7;

--
-- AUTO_INCREMENT for table `core_template_translations`
--
ALTER TABLE `core_template_translations`
  MODIFY `id` bigint(20) UNSIGNED NOT NULL AUTO_INCREMENT, AUTO_INCREMENT=5;

--
-- AUTO_INCREMENT for table `core_translations`
--
ALTER TABLE `core_translations`
  MODIFY `id` bigint(20) UNSIGNED NOT NULL AUTO_INCREMENT;

--
-- AUTO_INCREMENT for table `core_vendor_plans`
--
ALTER TABLE `core_vendor_plans`
  MODIFY `id` bigint(20) UNSIGNED NOT NULL AUTO_INCREMENT;

--
-- AUTO_INCREMENT for table `core_vendor_plan_meta`
--
ALTER TABLE `core_vendor_plan_meta`
  MODIFY `id` bigint(20) UNSIGNED NOT NULL AUTO_INCREMENT;

--
-- AUTO_INCREMENT for table `media_files`
--
ALTER TABLE `media_files`
  MODIFY `id` bigint(20) UNSIGNED NOT NULL AUTO_INCREMENT, AUTO_INCREMENT=161;

--
-- AUTO_INCREMENT for table `migrations`
--
ALTER TABLE `migrations`
  MODIFY `id` int(10) UNSIGNED NOT NULL AUTO_INCREMENT, AUTO_INCREMENT=44;

--
-- AUTO_INCREMENT for table `user_meta`
--
ALTER TABLE `user_meta`
  MODIFY `id` bigint(20) UNSIGNED NOT NULL AUTO_INCREMENT;

--
-- AUTO_INCREMENT for table `user_upgrade_request`
--
ALTER TABLE `user_upgrade_request`
  MODIFY `id` bigint(20) UNSIGNED NOT NULL AUTO_INCREMENT;

--
-- AUTO_INCREMENT for table `user_wishlist`
--
ALTER TABLE `user_wishlist`
  MODIFY `id` bigint(20) UNSIGNED NOT NULL AUTO_INCREMENT;

--
-- AUTO_INCREMENT for table `vendors_plan_payments`
--
ALTER TABLE `vendors_plan_payments`
  MODIFY `id` bigint(20) UNSIGNED NOT NULL AUTO_INCREMENT;

--
-- Constraints for dumped tables
--

--
-- Constraints for table `core_model_has_permissions`
--
ALTER TABLE `core_model_has_permissions`
  ADD CONSTRAINT `core_model_has_permissions_permission_id_foreign` FOREIGN KEY (`permission_id`) REFERENCES `core_permissions` (`id`) ON DELETE CASCADE;

--
-- Constraints for table `core_model_has_roles`
--
ALTER TABLE `core_model_has_roles`
  ADD CONSTRAINT `core_model_has_roles_role_id_foreign` FOREIGN KEY (`role_id`) REFERENCES `core_roles` (`id`) ON DELETE CASCADE;

--
-- Constraints for table `core_role_has_permissions`
--
ALTER TABLE `core_role_has_permissions`
  ADD CONSTRAINT `core_role_has_permissions_permission_id_foreign` FOREIGN KEY (`permission_id`) REFERENCES `core_permissions` (`id`) ON DELETE CASCADE,
  ADD CONSTRAINT `core_role_has_permissions_role_id_foreign` FOREIGN KEY (`role_id`) REFERENCES `core_roles` (`id`) ON DELETE CASCADE;
COMMIT;

